{"id":80213,"date":"2026-03-02T17:45:48","date_gmt":"2026-03-02T16:45:48","guid":{"rendered":"https:\/\/www.guibutik.pt\/loja\/?post_type=product&#038;p=80213"},"modified":"2026-04-13T18:44:40","modified_gmt":"2026-04-13T17:44:40","slug":"jeans-511-h-levis","status":"publish","type":"product","link":"https:\/\/www.guibutik.pt\/loja\/produto\/jeans-511-h-levis\/","title":{"rendered":"Jeans 511 H Levi&#8217;s"},"content":{"rendered":"<p>Pensa nestes jeans slim modernos como uns skinny n\u00e3o t\u00e3o justos. (Se queres o estilo, mas n\u00e3o a sensa\u00e7\u00e3o, esta \u00e9 uma excelente alternativa.) Com um ajuste elegante, mais estreito no assento e na coxa, os nossos 511\u2122 Slim est\u00e3o perfeitamente calibrados para ficarem bem com tudo \u2014 sem parecer que te esfor\u00e7aste demasiado.<\/p>\n<ul>\n<li>Os jeans slim definitivos<\/li>\n<li>Estreitos no assento e na coxa, mas ainda com espa\u00e7o<\/li>\n<li>Concebidos para vestir como se tivessem sido feitos \u00e0 tua medida<\/li>\n<li>Acabados com a nossa ic\u00f3nica costura arcuate<\/li>\n<li>Confecionados com Levi&#8217;s\u00ae Ease, uma mistura de denim de peso m\u00e9dio com a quantidade certa de elasticidade. Al\u00e9m disso, foram pensados para terem cada vez melhor aspeto e toque com o tempo \u2014 tal como os teus Levi\u2019s\u00ae vintage favoritos<\/li>\n<li>Hold the H2O: Esta pe\u00e7a \u00e9 confecionada com \u00e1gua reciclada, ajudando-nos a reduzir o nosso impacto sobre este recurso finito<\/li>\n<\/ul>\n<div class=\"product-cut-sizes\">\n<p class=\"title\">Corte e Tamanho<\/p>\n<ul class=\"expandeDetalhe\">\n<li>Corte justo em toda a pe\u00e7a<\/li>\n<li>Assentam abaixo da cintura<\/li>\n<li>Perna slim<\/li>\n<\/ul>\n<\/div>\n<div class=\"product-materials\">\n<p class=\"title\">Materiais e Cuidados<\/p>\n<ul class=\"expandeDetalhe\">\n<li>99% Algod\u00e3o, 1% Elastano (Lycra\u00ae)<\/li>\n<li>Denim com elasticidade<\/li>\n<li>Levi&#8217;s\u00ae Flex<\/li>\n<li>Fecho de correr<\/li>\n<li>5 bolsos<\/li>\n<\/ul>\n<\/div>\n","protected":false},"excerpt":{"rendered":"<p>Pensa nestes jeans slim modernos como uns skinny n\u00e3o t\u00e3o justos. (Se queres o estilo, mas n\u00e3o a sensa\u00e7\u00e3o, esta \u00e9 uma excelente alternativa.) Com um ajuste elegante, mais estreito no assento e na coxa, os nossos 511\u2122 Slim est\u00e3o perfeitamente calibrados para ficarem bem com tudo \u2014 sem parecer que te esfor\u00e7aste demasiado. Os [&hellip;]<\/p>\n","protected":false},"featured_media":80233,"comment_status":"closed","ping_status":"closed","template":"","meta":[],"product_cat":[298,221],"product_tag":[],"class_list":{"0":"post-80213","1":"product","2":"type-product","3":"status-publish","4":"has-post-thumbnail","6":"product_cat-calcas","7":"product_cat-homem","8":"ts_product_brand-levis","10":"first","11":"instock","12":"shipping-taxable","13":"purchasable","14":"product-type-variable"},"yoast_head":"<!-- This site is optimized with the Yoast SEO plugin v27.4 - https:\/\/yoast.com\/product\/yoast-seo-wordpress\/ -->\n<title>Jeans 511 H Levi&#039;s - Guibutik<\/title>\n<meta name=\"robots\" content=\"index, follow, max-snippet:-1, max-image-preview:large, max-video-preview:-1\" \/>\n<link rel=\"canonical\" href=\"https:\/\/www.guibutik.pt\/loja\/produto\/jeans-511-h-levis\/\" \/>\n<meta property=\"og:locale\" content=\"pt_PT\" \/>\n<meta property=\"og:type\" content=\"article\" \/>\n<meta property=\"og:title\" content=\"Jeans 511 H Levi&#039;s - Guibutik\" \/>\n<meta property=\"og:description\" content=\"Pensa nestes jeans slim modernos como uns skinny n\u00e3o t\u00e3o justos. (Se queres o estilo, mas n\u00e3o a sensa\u00e7\u00e3o, esta \u00e9 uma excelente alternativa.) Com um ajuste elegante, mais estreito no assento e na coxa, os nossos 511\u2122 Slim est\u00e3o perfeitamente calibrados para ficarem bem com tudo \u2014 sem parecer que te esfor\u00e7aste demasiado. Os [&hellip;]\" \/>\n<meta property=\"og:url\" content=\"https:\/\/www.guibutik.pt\/loja\/produto\/jeans-511-h-levis\/\" \/>\n<meta property=\"og:site_name\" content=\"Guibutik\" \/>\n<meta property=\"article:publisher\" content=\"https:\/\/www.facebook.com\/guibutik\/\" \/>\n<meta property=\"article:modified_time\" content=\"2026-04-13T17:44:40+00:00\" \/>\n<meta property=\"og:image\" content=\"https:\/\/www.guibutik.pt\/loja\/wp-content\/uploads\/2026\/03\/04511-6323.jpg\" \/>\n\t<meta property=\"og:image:width\" content=\"1690\" \/>\n\t<meta property=\"og:image:height\" content=\"1857\" \/>\n\t<meta property=\"og:image:type\" content=\"image\/jpeg\" \/>\n<meta name=\"twitter:card\" content=\"summary_large_image\" \/>\n<meta name=\"twitter:label1\" content=\"Tempo estimado de leitura\" \/>\n\t<meta name=\"twitter:data1\" content=\"2 minutos\" \/>\n<script type=\"application\/ld+json\" class=\"yoast-schema-graph\">{\"@context\":\"https:\\\/\\\/schema.org\",\"@graph\":[{\"@type\":\"WebPage\",\"@id\":\"https:\\\/\\\/www.guibutik.pt\\\/loja\\\/produto\\\/jeans-511-h-levis\\\/\",\"url\":\"https:\\\/\\\/www.guibutik.pt\\\/loja\\\/produto\\\/jeans-511-h-levis\\\/\",\"name\":\"Jeans 511 H Levi's - Guibutik\",\"isPartOf\":{\"@id\":\"https:\\\/\\\/www.guibutik.pt\\\/loja\\\/#website\"},\"primaryImageOfPage\":{\"@id\":\"https:\\\/\\\/www.guibutik.pt\\\/loja\\\/produto\\\/jeans-511-h-levis\\\/#primaryimage\"},\"image\":{\"@id\":\"https:\\\/\\\/www.guibutik.pt\\\/loja\\\/produto\\\/jeans-511-h-levis\\\/#primaryimage\"},\"thumbnailUrl\":\"https:\\\/\\\/www.guibutik.pt\\\/loja\\\/wp-content\\\/uploads\\\/2026\\\/03\\\/04511-6323.jpg\",\"datePublished\":\"2026-03-02T16:45:48+00:00\",\"dateModified\":\"2026-04-13T17:44:40+00:00\",\"breadcrumb\":{\"@id\":\"https:\\\/\\\/www.guibutik.pt\\\/loja\\\/produto\\\/jeans-511-h-levis\\\/#breadcrumb\"},\"inLanguage\":\"pt-PT\",\"potentialAction\":[{\"@type\":\"ReadAction\",\"target\":[\"https:\\\/\\\/www.guibutik.pt\\\/loja\\\/produto\\\/jeans-511-h-levis\\\/\"]}]},{\"@type\":\"ImageObject\",\"inLanguage\":\"pt-PT\",\"@id\":\"https:\\\/\\\/www.guibutik.pt\\\/loja\\\/produto\\\/jeans-511-h-levis\\\/#primaryimage\",\"url\":\"https:\\\/\\\/www.guibutik.pt\\\/loja\\\/wp-content\\\/uploads\\\/2026\\\/03\\\/04511-6323.jpg\",\"contentUrl\":\"https:\\\/\\\/www.guibutik.pt\\\/loja\\\/wp-content\\\/uploads\\\/2026\\\/03\\\/04511-6323.jpg\",\"width\":1690,\"height\":1857},{\"@type\":\"BreadcrumbList\",\"@id\":\"https:\\\/\\\/www.guibutik.pt\\\/loja\\\/produto\\\/jeans-511-h-levis\\\/#breadcrumb\",\"itemListElement\":[{\"@type\":\"ListItem\",\"position\":1,\"name\":\"In\u00edcio\",\"item\":\"https:\\\/\\\/www.guibutik.pt\\\/loja\\\/\"},{\"@type\":\"ListItem\",\"position\":2,\"name\":\"Loja\",\"item\":\"https:\\\/\\\/www.guibutik.pt\\\/loja\\\/shop\\\/\"},{\"@type\":\"ListItem\",\"position\":3,\"name\":\"Jeans 511 H Levi&#8217;s\"}]},{\"@type\":\"WebSite\",\"@id\":\"https:\\\/\\\/www.guibutik.pt\\\/loja\\\/#website\",\"url\":\"https:\\\/\\\/www.guibutik.pt\\\/loja\\\/\",\"name\":\"Guibutik\",\"description\":\"Moda e Sapataria\",\"potentialAction\":[{\"@type\":\"SearchAction\",\"target\":{\"@type\":\"EntryPoint\",\"urlTemplate\":\"https:\\\/\\\/www.guibutik.pt\\\/loja\\\/?s={search_term_string}\"},\"query-input\":{\"@type\":\"PropertyValueSpecification\",\"valueRequired\":true,\"valueName\":\"search_term_string\"}}],\"inLanguage\":\"pt-PT\"}]}<\/script>\n<!-- \/ Yoast SEO plugin. -->","yoast_head_json":{"title":"Jeans 511 H Levi's - Guibutik","robots":{"index":"index","follow":"follow","max-snippet":"max-snippet:-1","max-image-preview":"max-image-preview:large","max-video-preview":"max-video-preview:-1"},"canonical":"https:\/\/www.guibutik.pt\/loja\/produto\/jeans-511-h-levis\/","og_locale":"pt_PT","og_type":"article","og_title":"Jeans 511 H Levi's - Guibutik","og_description":"Pensa nestes jeans slim modernos como uns skinny n\u00e3o t\u00e3o justos. (Se queres o estilo, mas n\u00e3o a sensa\u00e7\u00e3o, esta \u00e9 uma excelente alternativa.) Com um ajuste elegante, mais estreito no assento e na coxa, os nossos 511\u2122 Slim est\u00e3o perfeitamente calibrados para ficarem bem com tudo \u2014 sem parecer que te esfor\u00e7aste demasiado. Os [&hellip;]","og_url":"https:\/\/www.guibutik.pt\/loja\/produto\/jeans-511-h-levis\/","og_site_name":"Guibutik","article_publisher":"https:\/\/www.facebook.com\/guibutik\/","article_modified_time":"2026-04-13T17:44:40+00:00","og_image":[{"width":1690,"height":1857,"url":"https:\/\/www.guibutik.pt\/loja\/wp-content\/uploads\/2026\/03\/04511-6323.jpg","type":"image\/jpeg"}],"twitter_card":"summary_large_image","twitter_misc":{"Tempo estimado de leitura":"2 minutos"},"schema":{"@context":"https:\/\/schema.org","@graph":[{"@type":"WebPage","@id":"https:\/\/www.guibutik.pt\/loja\/produto\/jeans-511-h-levis\/","url":"https:\/\/www.guibutik.pt\/loja\/produto\/jeans-511-h-levis\/","name":"Jeans 511 H Levi's - Guibutik","isPartOf":{"@id":"https:\/\/www.guibutik.pt\/loja\/#website"},"primaryImageOfPage":{"@id":"https:\/\/www.guibutik.pt\/loja\/produto\/jeans-511-h-levis\/#primaryimage"},"image":{"@id":"https:\/\/www.guibutik.pt\/loja\/produto\/jeans-511-h-levis\/#primaryimage"},"thumbnailUrl":"https:\/\/www.guibutik.pt\/loja\/wp-content\/uploads\/2026\/03\/04511-6323.jpg","datePublished":"2026-03-02T16:45:48+00:00","dateModified":"2026-04-13T17:44:40+00:00","breadcrumb":{"@id":"https:\/\/www.guibutik.pt\/loja\/produto\/jeans-511-h-levis\/#breadcrumb"},"inLanguage":"pt-PT","potentialAction":[{"@type":"ReadAction","target":["https:\/\/www.guibutik.pt\/loja\/produto\/jeans-511-h-levis\/"]}]},{"@type":"ImageObject","inLanguage":"pt-PT","@id":"https:\/\/www.guibutik.pt\/loja\/produto\/jeans-511-h-levis\/#primaryimage","url":"https:\/\/www.guibutik.pt\/loja\/wp-content\/uploads\/2026\/03\/04511-6323.jpg","contentUrl":"https:\/\/www.guibutik.pt\/loja\/wp-content\/uploads\/2026\/03\/04511-6323.jpg","width":1690,"height":1857},{"@type":"BreadcrumbList","@id":"https:\/\/www.guibutik.pt\/loja\/produto\/jeans-511-h-levis\/#breadcrumb","itemListElement":[{"@type":"ListItem","position":1,"name":"In\u00edcio","item":"https:\/\/www.guibutik.pt\/loja\/"},{"@type":"ListItem","position":2,"name":"Loja","item":"https:\/\/www.guibutik.pt\/loja\/shop\/"},{"@type":"ListItem","position":3,"name":"Jeans 511 H Levi&#8217;s"}]},{"@type":"WebSite","@id":"https:\/\/www.guibutik.pt\/loja\/#website","url":"https:\/\/www.guibutik.pt\/loja\/","name":"Guibutik","description":"Moda e Sapataria","potentialAction":[{"@type":"SearchAction","target":{"@type":"EntryPoint","urlTemplate":"https:\/\/www.guibutik.pt\/loja\/?s={search_term_string}"},"query-input":{"@type":"PropertyValueSpecification","valueRequired":true,"valueName":"search_term_string"}}],"inLanguage":"pt-PT"}]}},"_links":{"self":[{"href":"https:\/\/www.guibutik.pt\/loja\/wp-json\/wp\/v2\/product\/80213","targetHints":{"allow":["GET"]}}],"collection":[{"href":"https:\/\/www.guibutik.pt\/loja\/wp-json\/wp\/v2\/product"}],"about":[{"href":"https:\/\/www.guibutik.pt\/loja\/wp-json\/wp\/v2\/types\/product"}],"replies":[{"embeddable":true,"href":"https:\/\/www.guibutik.pt\/loja\/wp-json\/wp\/v2\/comments?post=80213"}],"wp:featuredmedia":[{"embeddable":true,"href":"https:\/\/www.guibutik.pt\/loja\/wp-json\/wp\/v2\/media\/80233"}],"wp:attachment":[{"href":"https:\/\/www.guibutik.pt\/loja\/wp-json\/wp\/v2\/media?parent=80213"}],"wp:term":[{"taxonomy":"product_cat","embeddable":true,"href":"https:\/\/www.guibutik.pt\/loja\/wp-json\/wp\/v2\/product_cat?post=80213"},{"taxonomy":"product_tag","embeddable":true,"href":"https:\/\/www.guibutik.pt\/loja\/wp-json\/wp\/v2\/product_tag?post=80213"}],"curies":[{"name":"wp","href":"https:\/\/api.w.org\/{rel}","templated":true}]}}