{"id":78549,"date":"2025-11-10T13:42:34","date_gmt":"2025-11-10T12:42:34","guid":{"rendered":"https:\/\/www.guibutik.pt\/loja\/?post_type=product&#038;p=78549"},"modified":"2026-03-02T11:27:10","modified_gmt":"2026-03-02T10:27:10","slug":"sapatilha-low-lace-s-timberland","status":"publish","type":"product","link":"https:\/\/www.guibutik.pt\/loja\/produto\/sapatilha-low-lace-s-timberland\/","title":{"rendered":"Sapatilha Low Lace S Timberland"},"content":{"rendered":"<p>Percorre o teu caminho da cidade ao trilho nos t\u00e9nis Motion Access, com Timbercush\u2122 Comfort System para apoio e sola com reentr\u00e2ncias TimberGrip\u2122 concebida para tra\u00e7\u00e3o. Concebido com parte superior em tecido, forro em tecido ReBOTL\u2122 com 50% de pl\u00e1stico PET reciclado e atacadores em 100% de pl\u00e1stico PET reciclado, este t\u00e9nis ajuda-te a enfrentar qualquer trilho, mantendo-te sempre confort\u00e1vel.<\/p>\n<div class=\"flex gap-2\"><span class=\"subtitle-4\">Tecnologia<\/span><\/div>\n<div id=\"base-collapse-v-0-1-2-content\" class=\"overflow-hidden duration\" aria-labelledby=\"base-collapse-v-0-1-2\">\n<div class=\"\" data-test-id=\"vf-accordion-content\">\n<div class=\"body-3 pb-4 pt-2\">\n<ul class=\"space-y-4\">\n<li>\n<div class=\"group flex items-start gap-4\"><picture class=\"aspect-square w-full shrink-0\" data-test-id=\"base-picture\"><img loading=\"lazy\" decoding=\"async\" class=\"contain\" src=\"https:\/\/assets.timberland.eu\/image\/upload\/v1726663521\/reBotl-plp.png\" alt=\"Material ReBOTL\u2122\" width=\"52\" height=\"52\" \/><\/picture>\n<div class=\"grow space-y-1\">\n<p class=\"fw-bold\">Material ReBOTL\u2122<\/p>\n<div class=\"ws-pre-wrap\">O material ReBOTL\u2122 utilizado no vestu\u00e1rio Timberland\u00ae cont\u00e9m, pelo menos, 40% de PET reciclado (polietileno tereftalato reciclado, o material do qual as garrafas de pl\u00e1stico s\u00e3o feitas). O material ReBOTL\u2122 utilizado no cal\u00e7ado e acess\u00f3rios Timberland\u00ae cont\u00e9m, pelo menos, 50% de PET reciclado. (Exceto vest\u00edgios de materiais)<\/div>\n<\/div>\n<\/div>\n<\/li>\n<li>\n<div class=\"group flex items-start gap-4\"><picture class=\"aspect-square w-full shrink-0\" data-test-id=\"base-picture\"><img loading=\"lazy\" decoding=\"async\" class=\"contain\" src=\"https:\/\/assets.timberland.eu\/image\/upload\/v1722866748\/Timbercush_logo.png\" alt=\"Tecnologia TIMBERCUSH\u2122\" width=\"52\" height=\"52\" \/><\/picture>\n<div class=\"grow space-y-1\">\n<p class=\"fw-bold\">Tecnologia TIMBERCUSH\u2122<\/p>\n<div class=\"ws-pre-wrap\">A tecnologia TimberCush\u2122 proporciona-te a melhor experi\u00eancia em termos de conforto. A entressola de dupla densidade zonal oferece conforto responsivo com retorno de energia que podes sentir a cada passo, do calcanhar \u00e0 biqueira<\/div>\n<\/div>\n<\/div>\n<\/li>\n<li>\n<div class=\"group flex items-start gap-4\"><picture class=\"aspect-square w-full shrink-0\" data-test-id=\"base-picture\"><img loading=\"lazy\" decoding=\"async\" class=\"contain\" src=\"https:\/\/assets.timberland.eu\/image\/upload\/v1707448469\/timber_grip_badge.png\" alt=\"TimberGrip\u2122\" width=\"52\" height=\"52\" \/><\/picture>\n<div class=\"grow space-y-1\">\n<p class=\"fw-bold\">TimberGrip\u2122<\/p>\n<div class=\"ws-pre-wrap\">A tecnologia TimberGrip\u2122 proporciona tra\u00e7\u00e3o superior com uma configura\u00e7\u00e3o de reentr\u00e2ncias din\u00e2mica especializada, que reage a movimentos ativos.<\/div>\n<\/div>\n<\/div>\n<div><\/div>\n<\/li>\n<\/ul>\n<div class=\"flex gap-2\"><span class=\"subtitle-4\">Atributos de benef\u00edcio<\/span><\/div>\n<div id=\"base-collapse-v-0-1-3-content\" class=\"overflow-hidden duration\" aria-labelledby=\"base-collapse-v-0-1-3\">\n<div class=\"\" data-test-id=\"vf-accordion-content\">\n<div class=\"body-3 pb-4 pt-2\">\n<ul class=\"grid list-disc gap-4 cols-2\" title=\"Atributos de benef\u00edcio\" data-test-id=\"product-details-bulletin\">\n<li class=\"ml-5\">Conforto<\/li>\n<li class=\"ml-5\">Respir\u00e1vel<\/li>\n<li class=\"ml-5\">Regenerativo<\/li>\n<li class=\"ml-5\">Tra\u00e7\u00e3o<\/li>\n<\/ul>\n<div class=\"flex gap-2\"><span class=\"subtitle-4\">Detalhes e cuidados<\/span><\/div>\n<div id=\"base-collapse-v-0-1-4-content\" class=\"overflow-hidden duration\" aria-labelledby=\"base-collapse-v-0-1-4\">\n<div class=\"\" data-test-id=\"vf-accordion-content\">\n<div class=\"body-3 pb-4 pt-2\">\n<ul class=\"grid list-disc gap-4 cols-2\" title=\"Detalhes e cuidados\" data-test-id=\"product-details-bulletin\">\n<li class=\"ml-5\">Limpeza CleanerBoot Sauce\u2122<\/li>\n<li class=\"ml-5\">Escova para limpeza da sola de borracha<\/li>\n<li class=\"ml-5\">ProtectorMax\u00ae<\/li>\n<li class=\"ml-5\">Protetor para todos os fins ProtectorBalm Proofer\u2122<\/li>\n<\/ul>\n<div class=\"flex gap-2\"><span class=\"subtitle-4\">Caracter\u00edsticas<\/span><\/div>\n<div id=\"base-collapse-v-0-1-5-content\" class=\"overflow-hidden duration\" aria-labelledby=\"base-collapse-v-0-1-5\">\n<div class=\"\" data-test-id=\"vf-accordion-content\">\n<div class=\"body-3 pb-4 pt-2\">\n<ul class=\"grid list-disc gap-4 cols-2\" title=\"Caracter\u00edsticas\" data-test-id=\"product-details-bulletin\">\n<li class=\"ml-5\">Parte superior em tecido<\/li>\n<li class=\"ml-5\">Com atacadores<\/li>\n<li class=\"ml-5\">Atacadores em 100% PET reciclado<\/li>\n<li class=\"ml-5\">Forro em tecido ReBOTL\u2122 com 50% de pl\u00e1stico PET reciclado<\/li>\n<li class=\"ml-5\">Palmilha EVA<\/li>\n<li class=\"ml-5\">TimberCush\u2122 Comfort System<\/li>\n<li class=\"ml-5\">Lav\u00e1vel \u00e0 m\u00e1quina<\/li>\n<li class=\"ml-5\">55% da borracha da sola \u00e9 proveniente de quintas comprometidas com a agricultura regenerativa.<\/li>\n<li class=\"ml-5\">Sola com reentr\u00e2ncias TimberGrip\u2122<\/li>\n<\/ul>\n<\/div>\n<\/div>\n<\/div>\n<\/div>\n<\/div>\n<\/div>\n<\/div>\n<\/div>\n<\/div>\n<\/div>\n<\/div>\n<\/div>\n","protected":false},"excerpt":{"rendered":"<p>Percorre o teu caminho da cidade ao trilho nos t\u00e9nis Motion Access, com Timbercush\u2122 Comfort System para apoio e sola com reentr\u00e2ncias TimberGrip\u2122 concebida para tra\u00e7\u00e3o. Concebido com parte superior em tecido, forro em tecido ReBOTL\u2122 com 50% de pl\u00e1stico PET reciclado e atacadores em 100% de pl\u00e1stico PET reciclado, este t\u00e9nis ajuda-te a enfrentar [&hellip;]<\/p>\n","protected":false},"featured_media":78560,"comment_status":"closed","ping_status":"closed","template":"","meta":[],"product_cat":[291,222],"product_tag":[],"class_list":{"0":"post-78549","1":"product","2":"type-product","3":"status-publish","4":"has-post-thumbnail","6":"product_cat-calcado-senhora","7":"product_cat-senhora","8":"ts_product_brand-timberland","10":"first","11":"instock","12":"shipping-taxable","13":"purchasable","14":"product-type-variable"},"yoast_head":"<!-- This site is optimized with the Yoast SEO plugin v27.4 - https:\/\/yoast.com\/product\/yoast-seo-wordpress\/ -->\n<title>Sapatilha Low Lace S Timberland - Guibutik<\/title>\n<meta name=\"robots\" content=\"index, follow, max-snippet:-1, max-image-preview:large, max-video-preview:-1\" \/>\n<link rel=\"canonical\" href=\"https:\/\/www.guibutik.pt\/loja\/produto\/sapatilha-low-lace-s-timberland\/\" \/>\n<meta property=\"og:locale\" content=\"pt_PT\" \/>\n<meta property=\"og:type\" content=\"article\" \/>\n<meta property=\"og:title\" content=\"Sapatilha Low Lace S Timberland - Guibutik\" \/>\n<meta property=\"og:description\" content=\"Percorre o teu caminho da cidade ao trilho nos t\u00e9nis Motion Access, com Timbercush\u2122 Comfort System para apoio e sola com reentr\u00e2ncias TimberGrip\u2122 concebida para tra\u00e7\u00e3o. Concebido com parte superior em tecido, forro em tecido ReBOTL\u2122 com 50% de pl\u00e1stico PET reciclado e atacadores em 100% de pl\u00e1stico PET reciclado, este t\u00e9nis ajuda-te a enfrentar [&hellip;]\" \/>\n<meta property=\"og:url\" content=\"https:\/\/www.guibutik.pt\/loja\/produto\/sapatilha-low-lace-s-timberland\/\" \/>\n<meta property=\"og:site_name\" content=\"Guibutik\" \/>\n<meta property=\"article:publisher\" content=\"https:\/\/www.facebook.com\/guibutik\/\" \/>\n<meta property=\"article:modified_time\" content=\"2026-03-02T10:27:10+00:00\" \/>\n<meta property=\"og:image\" content=\"https:\/\/www.guibutik.pt\/loja\/wp-content\/uploads\/2025\/11\/A29PP-EAN.jpg\" \/>\n\t<meta property=\"og:image:width\" content=\"1300\" \/>\n\t<meta property=\"og:image:height\" content=\"1300\" \/>\n\t<meta property=\"og:image:type\" content=\"image\/jpeg\" \/>\n<meta name=\"twitter:card\" content=\"summary_large_image\" \/>\n<meta name=\"twitter:label1\" content=\"Tempo estimado de leitura\" \/>\n\t<meta name=\"twitter:data1\" content=\"3 minutos\" \/>\n<script type=\"application\/ld+json\" class=\"yoast-schema-graph\">{\"@context\":\"https:\\\/\\\/schema.org\",\"@graph\":[{\"@type\":\"WebPage\",\"@id\":\"https:\\\/\\\/www.guibutik.pt\\\/loja\\\/produto\\\/sapatilha-low-lace-s-timberland\\\/\",\"url\":\"https:\\\/\\\/www.guibutik.pt\\\/loja\\\/produto\\\/sapatilha-low-lace-s-timberland\\\/\",\"name\":\"Sapatilha Low Lace S Timberland - Guibutik\",\"isPartOf\":{\"@id\":\"https:\\\/\\\/www.guibutik.pt\\\/loja\\\/#website\"},\"primaryImageOfPage\":{\"@id\":\"https:\\\/\\\/www.guibutik.pt\\\/loja\\\/produto\\\/sapatilha-low-lace-s-timberland\\\/#primaryimage\"},\"image\":{\"@id\":\"https:\\\/\\\/www.guibutik.pt\\\/loja\\\/produto\\\/sapatilha-low-lace-s-timberland\\\/#primaryimage\"},\"thumbnailUrl\":\"https:\\\/\\\/www.guibutik.pt\\\/loja\\\/wp-content\\\/uploads\\\/2025\\\/11\\\/A29PP-EAN.jpg\",\"datePublished\":\"2025-11-10T12:42:34+00:00\",\"dateModified\":\"2026-03-02T10:27:10+00:00\",\"breadcrumb\":{\"@id\":\"https:\\\/\\\/www.guibutik.pt\\\/loja\\\/produto\\\/sapatilha-low-lace-s-timberland\\\/#breadcrumb\"},\"inLanguage\":\"pt-PT\",\"potentialAction\":[{\"@type\":\"ReadAction\",\"target\":[\"https:\\\/\\\/www.guibutik.pt\\\/loja\\\/produto\\\/sapatilha-low-lace-s-timberland\\\/\"]}]},{\"@type\":\"ImageObject\",\"inLanguage\":\"pt-PT\",\"@id\":\"https:\\\/\\\/www.guibutik.pt\\\/loja\\\/produto\\\/sapatilha-low-lace-s-timberland\\\/#primaryimage\",\"url\":\"https:\\\/\\\/www.guibutik.pt\\\/loja\\\/wp-content\\\/uploads\\\/2025\\\/11\\\/A29PP-EAN.jpg\",\"contentUrl\":\"https:\\\/\\\/www.guibutik.pt\\\/loja\\\/wp-content\\\/uploads\\\/2025\\\/11\\\/A29PP-EAN.jpg\",\"width\":1300,\"height\":1300},{\"@type\":\"BreadcrumbList\",\"@id\":\"https:\\\/\\\/www.guibutik.pt\\\/loja\\\/produto\\\/sapatilha-low-lace-s-timberland\\\/#breadcrumb\",\"itemListElement\":[{\"@type\":\"ListItem\",\"position\":1,\"name\":\"In\u00edcio\",\"item\":\"https:\\\/\\\/www.guibutik.pt\\\/loja\\\/\"},{\"@type\":\"ListItem\",\"position\":2,\"name\":\"Loja\",\"item\":\"https:\\\/\\\/www.guibutik.pt\\\/loja\\\/shop\\\/\"},{\"@type\":\"ListItem\",\"position\":3,\"name\":\"Sapatilha Low Lace S Timberland\"}]},{\"@type\":\"WebSite\",\"@id\":\"https:\\\/\\\/www.guibutik.pt\\\/loja\\\/#website\",\"url\":\"https:\\\/\\\/www.guibutik.pt\\\/loja\\\/\",\"name\":\"Guibutik\",\"description\":\"Moda e Sapataria\",\"potentialAction\":[{\"@type\":\"SearchAction\",\"target\":{\"@type\":\"EntryPoint\",\"urlTemplate\":\"https:\\\/\\\/www.guibutik.pt\\\/loja\\\/?s={search_term_string}\"},\"query-input\":{\"@type\":\"PropertyValueSpecification\",\"valueRequired\":true,\"valueName\":\"search_term_string\"}}],\"inLanguage\":\"pt-PT\"}]}<\/script>\n<!-- \/ Yoast SEO plugin. -->","yoast_head_json":{"title":"Sapatilha Low Lace S Timberland - Guibutik","robots":{"index":"index","follow":"follow","max-snippet":"max-snippet:-1","max-image-preview":"max-image-preview:large","max-video-preview":"max-video-preview:-1"},"canonical":"https:\/\/www.guibutik.pt\/loja\/produto\/sapatilha-low-lace-s-timberland\/","og_locale":"pt_PT","og_type":"article","og_title":"Sapatilha Low Lace S Timberland - Guibutik","og_description":"Percorre o teu caminho da cidade ao trilho nos t\u00e9nis Motion Access, com Timbercush\u2122 Comfort System para apoio e sola com reentr\u00e2ncias TimberGrip\u2122 concebida para tra\u00e7\u00e3o. Concebido com parte superior em tecido, forro em tecido ReBOTL\u2122 com 50% de pl\u00e1stico PET reciclado e atacadores em 100% de pl\u00e1stico PET reciclado, este t\u00e9nis ajuda-te a enfrentar [&hellip;]","og_url":"https:\/\/www.guibutik.pt\/loja\/produto\/sapatilha-low-lace-s-timberland\/","og_site_name":"Guibutik","article_publisher":"https:\/\/www.facebook.com\/guibutik\/","article_modified_time":"2026-03-02T10:27:10+00:00","og_image":[{"width":1300,"height":1300,"url":"https:\/\/www.guibutik.pt\/loja\/wp-content\/uploads\/2025\/11\/A29PP-EAN.jpg","type":"image\/jpeg"}],"twitter_card":"summary_large_image","twitter_misc":{"Tempo estimado de leitura":"3 minutos"},"schema":{"@context":"https:\/\/schema.org","@graph":[{"@type":"WebPage","@id":"https:\/\/www.guibutik.pt\/loja\/produto\/sapatilha-low-lace-s-timberland\/","url":"https:\/\/www.guibutik.pt\/loja\/produto\/sapatilha-low-lace-s-timberland\/","name":"Sapatilha Low Lace S Timberland - Guibutik","isPartOf":{"@id":"https:\/\/www.guibutik.pt\/loja\/#website"},"primaryImageOfPage":{"@id":"https:\/\/www.guibutik.pt\/loja\/produto\/sapatilha-low-lace-s-timberland\/#primaryimage"},"image":{"@id":"https:\/\/www.guibutik.pt\/loja\/produto\/sapatilha-low-lace-s-timberland\/#primaryimage"},"thumbnailUrl":"https:\/\/www.guibutik.pt\/loja\/wp-content\/uploads\/2025\/11\/A29PP-EAN.jpg","datePublished":"2025-11-10T12:42:34+00:00","dateModified":"2026-03-02T10:27:10+00:00","breadcrumb":{"@id":"https:\/\/www.guibutik.pt\/loja\/produto\/sapatilha-low-lace-s-timberland\/#breadcrumb"},"inLanguage":"pt-PT","potentialAction":[{"@type":"ReadAction","target":["https:\/\/www.guibutik.pt\/loja\/produto\/sapatilha-low-lace-s-timberland\/"]}]},{"@type":"ImageObject","inLanguage":"pt-PT","@id":"https:\/\/www.guibutik.pt\/loja\/produto\/sapatilha-low-lace-s-timberland\/#primaryimage","url":"https:\/\/www.guibutik.pt\/loja\/wp-content\/uploads\/2025\/11\/A29PP-EAN.jpg","contentUrl":"https:\/\/www.guibutik.pt\/loja\/wp-content\/uploads\/2025\/11\/A29PP-EAN.jpg","width":1300,"height":1300},{"@type":"BreadcrumbList","@id":"https:\/\/www.guibutik.pt\/loja\/produto\/sapatilha-low-lace-s-timberland\/#breadcrumb","itemListElement":[{"@type":"ListItem","position":1,"name":"In\u00edcio","item":"https:\/\/www.guibutik.pt\/loja\/"},{"@type":"ListItem","position":2,"name":"Loja","item":"https:\/\/www.guibutik.pt\/loja\/shop\/"},{"@type":"ListItem","position":3,"name":"Sapatilha Low Lace S Timberland"}]},{"@type":"WebSite","@id":"https:\/\/www.guibutik.pt\/loja\/#website","url":"https:\/\/www.guibutik.pt\/loja\/","name":"Guibutik","description":"Moda e Sapataria","potentialAction":[{"@type":"SearchAction","target":{"@type":"EntryPoint","urlTemplate":"https:\/\/www.guibutik.pt\/loja\/?s={search_term_string}"},"query-input":{"@type":"PropertyValueSpecification","valueRequired":true,"valueName":"search_term_string"}}],"inLanguage":"pt-PT"}]}},"_links":{"self":[{"href":"https:\/\/www.guibutik.pt\/loja\/wp-json\/wp\/v2\/product\/78549","targetHints":{"allow":["GET"]}}],"collection":[{"href":"https:\/\/www.guibutik.pt\/loja\/wp-json\/wp\/v2\/product"}],"about":[{"href":"https:\/\/www.guibutik.pt\/loja\/wp-json\/wp\/v2\/types\/product"}],"replies":[{"embeddable":true,"href":"https:\/\/www.guibutik.pt\/loja\/wp-json\/wp\/v2\/comments?post=78549"}],"wp:featuredmedia":[{"embeddable":true,"href":"https:\/\/www.guibutik.pt\/loja\/wp-json\/wp\/v2\/media\/78560"}],"wp:attachment":[{"href":"https:\/\/www.guibutik.pt\/loja\/wp-json\/wp\/v2\/media?parent=78549"}],"wp:term":[{"taxonomy":"product_cat","embeddable":true,"href":"https:\/\/www.guibutik.pt\/loja\/wp-json\/wp\/v2\/product_cat?post=78549"},{"taxonomy":"product_tag","embeddable":true,"href":"https:\/\/www.guibutik.pt\/loja\/wp-json\/wp\/v2\/product_tag?post=78549"}],"curies":[{"name":"wp","href":"https:\/\/api.w.org\/{rel}","templated":true}]}}