{"id":77256,"date":"2025-09-30T17:09:53","date_gmt":"2025-09-30T16:09:53","guid":{"rendered":"https:\/\/www.guibutik.pt\/loja\/?post_type=product&#038;p=77256"},"modified":"2026-01-17T18:53:30","modified_gmt":"2026-01-17T17:53:30","slug":"casaco-h-levis-3","status":"publish","type":"product","link":"https:\/\/www.guibutik.pt\/loja\/produto\/casaco-h-levis-3\/","title":{"rendered":"Casaco H Levi&#8217;s"},"content":{"rendered":"<p><span dir=\"auto\">Adoramos o nosso Moletom Authentic Full Zip por v\u00e1rios motivos: o z\u00edper frontal, o caimento descontra\u00eddo e descolado e o tecido macio e escovado. O principal deles: a versatilidade sem fim.<\/span><\/p>\n<ul>\n<li><span dir=\"auto\">Um moletom infinitamente vers\u00e1til<\/span><\/li>\n<li><span dir=\"auto\">Corte com ajuste relaxado<\/span><\/li>\n<li><span dir=\"auto\">Feito com l\u00e3 macia e escovada<\/span><\/li>\n<li><span dir=\"auto\">Para os nossos amantes do vintage: tingimos esta pe\u00e7a para dar-lhe aquele aspecto de usada e aquela sensa\u00e7\u00e3o de desgastada<\/span><\/li>\n<\/ul>\n<div class=\"pdp-spec-feature hide-mobile\" data-v-9a871829=\"\">\n<div class=\"pdp-tabs-header\" data-v-9a871829=\"\"><span class=\"pdp-tabs-title\" data-v-9a871829=\"\"><span dir=\"auto\">Como se encaixa<\/span><\/span><\/div>\n<div class=\"contentContainer\" data-v-9a871829=\"\">\n<ul data-v-9a871829=\"\">\n<li class=\"\" tabindex=\"0\" data-v-9a871829=\"\"><span dir=\"auto\">Ajuste relaxado<\/span><\/li>\n<\/ul>\n<\/div>\n<\/div>\n<div class=\"pdp-spec-feature hide-mobile\" data-v-c1d5bbc9=\"\">\n<div class=\"pdp-tabs-header\" data-v-c1d5bbc9=\"\"><span class=\"pdp-tabs-title\" data-v-c1d5bbc9=\"\"><span dir=\"auto\">Composi\u00e7\u00e3o e Cuidados<\/span><\/span><\/div>\n<div class=\"contentContainer\" data-v-c1d5bbc9=\"\">\n<ul data-v-c1d5bbc9=\"\">\n<li tabindex=\"0\" data-v-c1d5bbc9=\"\"><span dir=\"auto\">88% algod\u00e3o, 12% poli\u00e9ster<\/span><\/li>\n<li tabindex=\"0\" data-v-c1d5bbc9=\"\"><span dir=\"auto\">Fleece escovado<\/span><\/li>\n<li tabindex=\"0\" data-v-c1d5bbc9=\"\"><span dir=\"auto\">Zip completo<\/span><\/li>\n<li tabindex=\"0\" data-v-c1d5bbc9=\"\"><span dir=\"auto\">Mangas compridas<\/span><\/li>\n<li tabindex=\"0\" data-v-c1d5bbc9=\"\"><span dir=\"auto\">Lavar \u00e0 m\u00e1quina com \u00e1gua fria. N\u00e3o usar alvejante. Secar em temperatura baixa. Passar a ferro em temperatura morna, se necess\u00e1rio. Lavagem a seco poss\u00edvel. A cor pode manchar quando nova. Lavar antes de usar. Lavar do avesso com cores semelhantes.<\/span><\/li>\n<li tabindex=\"0\" data-v-c1d5bbc9=\"\"><span dir=\"auto\">Pa\u00eds de origem Paquist\u00e3o<\/span><\/li>\n<\/ul>\n<\/div>\n<\/div>\n","protected":false},"excerpt":{"rendered":"<p>Adoramos o nosso Moletom Authentic Full Zip por v\u00e1rios motivos: o z\u00edper frontal, o caimento descontra\u00eddo e descolado e o tecido macio e escovado. O principal deles: a versatilidade sem fim. Um moletom infinitamente vers\u00e1til Corte com ajuste relaxado Feito com l\u00e3 macia e escovada Para os nossos amantes do vintage: tingimos esta pe\u00e7a para [&hellip;]<\/p>\n","protected":false},"featured_media":77271,"comment_status":"closed","ping_status":"closed","template":"","meta":[],"product_cat":[223,221],"product_tag":[],"class_list":{"0":"post-77256","1":"product","2":"type-product","3":"status-publish","4":"has-post-thumbnail","6":"product_cat-casacos","7":"product_cat-homem","8":"ts_product_brand-levis","10":"first","11":"instock","12":"shipping-taxable","13":"purchasable","14":"product-type-variable"},"yoast_head":"<!-- This site is optimized with the Yoast SEO plugin v27.4 - https:\/\/yoast.com\/product\/yoast-seo-wordpress\/ -->\n<title>Casaco H Levi&#039;s - Guibutik<\/title>\n<meta name=\"robots\" content=\"index, follow, max-snippet:-1, max-image-preview:large, max-video-preview:-1\" \/>\n<link rel=\"canonical\" href=\"https:\/\/www.guibutik.pt\/loja\/produto\/casaco-h-levis-3\/\" \/>\n<meta property=\"og:locale\" content=\"pt_PT\" \/>\n<meta property=\"og:type\" content=\"article\" \/>\n<meta property=\"og:title\" content=\"Casaco H Levi&#039;s - Guibutik\" \/>\n<meta property=\"og:description\" content=\"Adoramos o nosso Moletom Authentic Full Zip por v\u00e1rios motivos: o z\u00edper frontal, o caimento descontra\u00eddo e descolado e o tecido macio e escovado. O principal deles: a versatilidade sem fim. Um moletom infinitamente vers\u00e1til Corte com ajuste relaxado Feito com l\u00e3 macia e escovada Para os nossos amantes do vintage: tingimos esta pe\u00e7a para [&hellip;]\" \/>\n<meta property=\"og:url\" content=\"https:\/\/www.guibutik.pt\/loja\/produto\/casaco-h-levis-3\/\" \/>\n<meta property=\"og:site_name\" content=\"Guibutik\" \/>\n<meta property=\"article:publisher\" content=\"https:\/\/www.facebook.com\/guibutik\/\" \/>\n<meta property=\"article:modified_time\" content=\"2026-01-17T17:53:30+00:00\" \/>\n<meta property=\"og:image\" content=\"https:\/\/www.guibutik.pt\/loja\/wp-content\/uploads\/2025\/09\/A9265-0000-1.webp\" \/>\n\t<meta property=\"og:image:width\" content=\"660\" \/>\n\t<meta property=\"og:image:height\" content=\"660\" \/>\n\t<meta property=\"og:image:type\" content=\"image\/webp\" \/>\n<meta name=\"twitter:card\" content=\"summary_large_image\" \/>\n<meta name=\"twitter:label1\" content=\"Tempo estimado de leitura\" \/>\n\t<meta name=\"twitter:data1\" content=\"1 minuto\" \/>\n<script type=\"application\/ld+json\" class=\"yoast-schema-graph\">{\"@context\":\"https:\\\/\\\/schema.org\",\"@graph\":[{\"@type\":\"WebPage\",\"@id\":\"https:\\\/\\\/www.guibutik.pt\\\/loja\\\/produto\\\/casaco-h-levis-3\\\/\",\"url\":\"https:\\\/\\\/www.guibutik.pt\\\/loja\\\/produto\\\/casaco-h-levis-3\\\/\",\"name\":\"Casaco H Levi's - Guibutik\",\"isPartOf\":{\"@id\":\"https:\\\/\\\/www.guibutik.pt\\\/loja\\\/#website\"},\"primaryImageOfPage\":{\"@id\":\"https:\\\/\\\/www.guibutik.pt\\\/loja\\\/produto\\\/casaco-h-levis-3\\\/#primaryimage\"},\"image\":{\"@id\":\"https:\\\/\\\/www.guibutik.pt\\\/loja\\\/produto\\\/casaco-h-levis-3\\\/#primaryimage\"},\"thumbnailUrl\":\"https:\\\/\\\/www.guibutik.pt\\\/loja\\\/wp-content\\\/uploads\\\/2025\\\/09\\\/A9265-0000-1.webp\",\"datePublished\":\"2025-09-30T16:09:53+00:00\",\"dateModified\":\"2026-01-17T17:53:30+00:00\",\"breadcrumb\":{\"@id\":\"https:\\\/\\\/www.guibutik.pt\\\/loja\\\/produto\\\/casaco-h-levis-3\\\/#breadcrumb\"},\"inLanguage\":\"pt-PT\",\"potentialAction\":[{\"@type\":\"ReadAction\",\"target\":[\"https:\\\/\\\/www.guibutik.pt\\\/loja\\\/produto\\\/casaco-h-levis-3\\\/\"]}]},{\"@type\":\"ImageObject\",\"inLanguage\":\"pt-PT\",\"@id\":\"https:\\\/\\\/www.guibutik.pt\\\/loja\\\/produto\\\/casaco-h-levis-3\\\/#primaryimage\",\"url\":\"https:\\\/\\\/www.guibutik.pt\\\/loja\\\/wp-content\\\/uploads\\\/2025\\\/09\\\/A9265-0000-1.webp\",\"contentUrl\":\"https:\\\/\\\/www.guibutik.pt\\\/loja\\\/wp-content\\\/uploads\\\/2025\\\/09\\\/A9265-0000-1.webp\",\"width\":660,\"height\":660},{\"@type\":\"BreadcrumbList\",\"@id\":\"https:\\\/\\\/www.guibutik.pt\\\/loja\\\/produto\\\/casaco-h-levis-3\\\/#breadcrumb\",\"itemListElement\":[{\"@type\":\"ListItem\",\"position\":1,\"name\":\"In\u00edcio\",\"item\":\"https:\\\/\\\/www.guibutik.pt\\\/loja\\\/\"},{\"@type\":\"ListItem\",\"position\":2,\"name\":\"Loja\",\"item\":\"https:\\\/\\\/www.guibutik.pt\\\/loja\\\/shop\\\/\"},{\"@type\":\"ListItem\",\"position\":3,\"name\":\"Casaco H Levi&#8217;s\"}]},{\"@type\":\"WebSite\",\"@id\":\"https:\\\/\\\/www.guibutik.pt\\\/loja\\\/#website\",\"url\":\"https:\\\/\\\/www.guibutik.pt\\\/loja\\\/\",\"name\":\"Guibutik\",\"description\":\"Moda e Sapataria\",\"potentialAction\":[{\"@type\":\"SearchAction\",\"target\":{\"@type\":\"EntryPoint\",\"urlTemplate\":\"https:\\\/\\\/www.guibutik.pt\\\/loja\\\/?s={search_term_string}\"},\"query-input\":{\"@type\":\"PropertyValueSpecification\",\"valueRequired\":true,\"valueName\":\"search_term_string\"}}],\"inLanguage\":\"pt-PT\"}]}<\/script>\n<!-- \/ Yoast SEO plugin. -->","yoast_head_json":{"title":"Casaco H Levi's - Guibutik","robots":{"index":"index","follow":"follow","max-snippet":"max-snippet:-1","max-image-preview":"max-image-preview:large","max-video-preview":"max-video-preview:-1"},"canonical":"https:\/\/www.guibutik.pt\/loja\/produto\/casaco-h-levis-3\/","og_locale":"pt_PT","og_type":"article","og_title":"Casaco H Levi's - Guibutik","og_description":"Adoramos o nosso Moletom Authentic Full Zip por v\u00e1rios motivos: o z\u00edper frontal, o caimento descontra\u00eddo e descolado e o tecido macio e escovado. O principal deles: a versatilidade sem fim. Um moletom infinitamente vers\u00e1til Corte com ajuste relaxado Feito com l\u00e3 macia e escovada Para os nossos amantes do vintage: tingimos esta pe\u00e7a para [&hellip;]","og_url":"https:\/\/www.guibutik.pt\/loja\/produto\/casaco-h-levis-3\/","og_site_name":"Guibutik","article_publisher":"https:\/\/www.facebook.com\/guibutik\/","article_modified_time":"2026-01-17T17:53:30+00:00","og_image":[{"width":660,"height":660,"url":"https:\/\/www.guibutik.pt\/loja\/wp-content\/uploads\/2025\/09\/A9265-0000-1.webp","type":"image\/webp"}],"twitter_card":"summary_large_image","twitter_misc":{"Tempo estimado de leitura":"1 minuto"},"schema":{"@context":"https:\/\/schema.org","@graph":[{"@type":"WebPage","@id":"https:\/\/www.guibutik.pt\/loja\/produto\/casaco-h-levis-3\/","url":"https:\/\/www.guibutik.pt\/loja\/produto\/casaco-h-levis-3\/","name":"Casaco H Levi's - Guibutik","isPartOf":{"@id":"https:\/\/www.guibutik.pt\/loja\/#website"},"primaryImageOfPage":{"@id":"https:\/\/www.guibutik.pt\/loja\/produto\/casaco-h-levis-3\/#primaryimage"},"image":{"@id":"https:\/\/www.guibutik.pt\/loja\/produto\/casaco-h-levis-3\/#primaryimage"},"thumbnailUrl":"https:\/\/www.guibutik.pt\/loja\/wp-content\/uploads\/2025\/09\/A9265-0000-1.webp","datePublished":"2025-09-30T16:09:53+00:00","dateModified":"2026-01-17T17:53:30+00:00","breadcrumb":{"@id":"https:\/\/www.guibutik.pt\/loja\/produto\/casaco-h-levis-3\/#breadcrumb"},"inLanguage":"pt-PT","potentialAction":[{"@type":"ReadAction","target":["https:\/\/www.guibutik.pt\/loja\/produto\/casaco-h-levis-3\/"]}]},{"@type":"ImageObject","inLanguage":"pt-PT","@id":"https:\/\/www.guibutik.pt\/loja\/produto\/casaco-h-levis-3\/#primaryimage","url":"https:\/\/www.guibutik.pt\/loja\/wp-content\/uploads\/2025\/09\/A9265-0000-1.webp","contentUrl":"https:\/\/www.guibutik.pt\/loja\/wp-content\/uploads\/2025\/09\/A9265-0000-1.webp","width":660,"height":660},{"@type":"BreadcrumbList","@id":"https:\/\/www.guibutik.pt\/loja\/produto\/casaco-h-levis-3\/#breadcrumb","itemListElement":[{"@type":"ListItem","position":1,"name":"In\u00edcio","item":"https:\/\/www.guibutik.pt\/loja\/"},{"@type":"ListItem","position":2,"name":"Loja","item":"https:\/\/www.guibutik.pt\/loja\/shop\/"},{"@type":"ListItem","position":3,"name":"Casaco H Levi&#8217;s"}]},{"@type":"WebSite","@id":"https:\/\/www.guibutik.pt\/loja\/#website","url":"https:\/\/www.guibutik.pt\/loja\/","name":"Guibutik","description":"Moda e Sapataria","potentialAction":[{"@type":"SearchAction","target":{"@type":"EntryPoint","urlTemplate":"https:\/\/www.guibutik.pt\/loja\/?s={search_term_string}"},"query-input":{"@type":"PropertyValueSpecification","valueRequired":true,"valueName":"search_term_string"}}],"inLanguage":"pt-PT"}]}},"_links":{"self":[{"href":"https:\/\/www.guibutik.pt\/loja\/wp-json\/wp\/v2\/product\/77256","targetHints":{"allow":["GET"]}}],"collection":[{"href":"https:\/\/www.guibutik.pt\/loja\/wp-json\/wp\/v2\/product"}],"about":[{"href":"https:\/\/www.guibutik.pt\/loja\/wp-json\/wp\/v2\/types\/product"}],"replies":[{"embeddable":true,"href":"https:\/\/www.guibutik.pt\/loja\/wp-json\/wp\/v2\/comments?post=77256"}],"wp:featuredmedia":[{"embeddable":true,"href":"https:\/\/www.guibutik.pt\/loja\/wp-json\/wp\/v2\/media\/77271"}],"wp:attachment":[{"href":"https:\/\/www.guibutik.pt\/loja\/wp-json\/wp\/v2\/media?parent=77256"}],"wp:term":[{"taxonomy":"product_cat","embeddable":true,"href":"https:\/\/www.guibutik.pt\/loja\/wp-json\/wp\/v2\/product_cat?post=77256"},{"taxonomy":"product_tag","embeddable":true,"href":"https:\/\/www.guibutik.pt\/loja\/wp-json\/wp\/v2\/product_tag?post=77256"}],"curies":[{"name":"wp","href":"https:\/\/api.w.org\/{rel}","templated":true}]}}