{"id":77191,"date":"2025-09-30T13:44:44","date_gmt":"2025-09-30T12:44:44","guid":{"rendered":"https:\/\/www.guibutik.pt\/loja\/?post_type=product&#038;p=77191"},"modified":"2026-04-04T17:54:34","modified_gmt":"2026-04-04T16:54:34","slug":"jeans-511-h-levis-4","status":"publish","type":"product","link":"https:\/\/www.guibutik.pt\/loja\/produto\/jeans-511-h-levis-4\/","title":{"rendered":"Jeans 511 H Levi&#8217;s"},"content":{"rendered":"<p><span dir=\"auto\">Pense nesta cal\u00e7a slim moderna como uma cal\u00e7a jeans skinny n\u00e3o t\u00e3o justa. (Se voc\u00ea quer o estilo, mas n\u00e3o a sensa\u00e7\u00e3o, esta \u00e9 uma \u00f3tima alternativa.) Com um corte aerodin\u00e2mico, estreito no assento e na coxa, nossa 511\u2122 Slim \u00e9 perfeitamente calibrada para combinar com tudo, sem parecer que voc\u00ea est\u00e1 se esfor\u00e7ando demais.<\/span><\/p>\n<ul>\n<li><span dir=\"auto\">O jeans slim definitivo<\/span><\/li>\n<li><span dir=\"auto\">Estreito no assento e na coxa, mas ainda espa\u00e7oso<\/span><\/li>\n<li><span dir=\"auto\">Projetados para se ajustar como se tivessem sido feitos sob medida para voc\u00ea<\/span><\/li>\n<li><span dir=\"auto\">Finalizado com nossa ic\u00f4nica costura arqueada<\/span><\/li>\n<li><span dir=\"auto\">Infundimos os fios horizontais (&#8220;trama&#8221;) com tecnologia el\u00e1stica avan\u00e7ada, para que esses jeans tenham mais elasticidade e flexibilidade, sem ficarem fl\u00e1cidos ou largos<\/span><\/li>\n<li><span dir=\"auto\">Segure o H2O: Esta pe\u00e7a foi feita com \u00e1gua reciclada, o que nos ajuda a reduzir nosso impacto neste recurso finito<\/span><\/li>\n<\/ul>\n<div class=\"pdp-spec-feature hide-mobile\" data-v-9a871829=\"\">\n<div class=\"pdp-tabs-header\" data-v-9a871829=\"\"><span class=\"pdp-tabs-title\" data-v-9a871829=\"\"><span dir=\"auto\">Como se encaixa<\/span><\/span><\/div>\n<div class=\"contentContainer\" data-v-9a871829=\"\">\n<ul data-v-9a871829=\"\">\n<li class=\"\" tabindex=\"0\" data-v-9a871829=\"\"><span dir=\"auto\">Magro por toda parte<\/span><\/li>\n<li class=\"\" tabindex=\"0\" data-v-9a871829=\"\"><span dir=\"auto\">Fica abaixo da cintura<\/span><\/li>\n<li class=\"\" tabindex=\"0\" data-v-9a871829=\"\"><span dir=\"auto\">Perna fina<\/span><\/li>\n<li class=\"\" tabindex=\"0\" data-v-9a871829=\"\"><span dir=\"auto\">Eleva\u00e7\u00e3o frontal: 10 1\/4&#8243;<\/span><\/li>\n<li class=\"\" tabindex=\"0\" data-v-9a871829=\"\"><span dir=\"auto\">Joelho: 16 1\/4&#8243;<\/span><\/li>\n<li class=\"\" tabindex=\"0\" data-v-9a871829=\"\"><span dir=\"auto\">Abertura das pernas: 14 1\/2&#8243;<\/span><\/li>\n<li class=\"\" tabindex=\"0\" data-v-9a871829=\"\"><span dir=\"auto\">Medidas baseadas no tamanho 32<\/span><\/li>\n<\/ul>\n<\/div>\n<\/div>\n<div class=\"pdp-spec-feature hide-mobile\" data-v-c1d5bbc9=\"\">\n<div class=\"pdp-tabs-header\" data-v-c1d5bbc9=\"\"><span class=\"pdp-tabs-title\" data-v-c1d5bbc9=\"\"><span dir=\"auto\">Composi\u00e7\u00e3o e Cuidados<\/span><\/span><\/div>\n<div class=\"contentContainer\" data-v-c1d5bbc9=\"\">\n<ul data-v-c1d5bbc9=\"\">\n<li tabindex=\"0\" data-v-c1d5bbc9=\"\"><span dir=\"auto\">9% poli\u00e9ster, 89% algod\u00e3o, 2% elastano<\/span><\/li>\n<li tabindex=\"0\" data-v-c1d5bbc9=\"\"><span dir=\"auto\">Jeans<\/span><\/li>\n<li tabindex=\"0\" data-v-c1d5bbc9=\"\"><span dir=\"auto\">Esticar<\/span><\/li>\n<li tabindex=\"0\" data-v-c1d5bbc9=\"\"><span dir=\"auto\">Zip fly<\/span><\/li>\n<li tabindex=\"0\" data-v-c1d5bbc9=\"\"><span dir=\"auto\">Estilo de 5 bolsos<\/span><\/li>\n<li tabindex=\"0\" data-v-c1d5bbc9=\"\"><span dir=\"auto\">Lave seu jeans no m\u00e1ximo a cada 10 usos; isso aumenta sua vida \u00fatil e economiza recursos naturais. Lavar \u00e0 m\u00e1quina com \u00e1gua fria. N\u00e3o usar alvejante. Secar em temperatura m\u00e9dia. Passar a ferro morno, se necess\u00e1rio. \u00c9 poss\u00edvel lavar a seco. Lavar do avesso com cores semelhantes.<\/span><\/li>\n<li tabindex=\"0\" data-v-c1d5bbc9=\"\"><span dir=\"auto\">Fabricado no Paquist\u00e3o, Bangladesh<\/span><\/li>\n<\/ul>\n<\/div>\n<\/div>\n","protected":false},"excerpt":{"rendered":"<p>Pense nesta cal\u00e7a slim moderna como uma cal\u00e7a jeans skinny n\u00e3o t\u00e3o justa. (Se voc\u00ea quer o estilo, mas n\u00e3o a sensa\u00e7\u00e3o, esta \u00e9 uma \u00f3tima alternativa.) Com um corte aerodin\u00e2mico, estreito no assento e na coxa, nossa 511\u2122 Slim \u00e9 perfeitamente calibrada para combinar com tudo, sem parecer que voc\u00ea est\u00e1 se esfor\u00e7ando demais. [&hellip;]<\/p>\n","protected":false},"featured_media":77208,"comment_status":"closed","ping_status":"closed","template":"","meta":[],"product_cat":[298,221,483],"product_tag":[],"class_list":{"0":"post-77191","1":"product","2":"type-product","3":"status-publish","4":"has-post-thumbnail","6":"product_cat-calcas","7":"product_cat-homem","8":"product_cat-promocoes-homem","9":"ts_product_brand-levis","11":"first","12":"instock","13":"sale","14":"shipping-taxable","15":"purchasable","16":"product-type-variable"},"yoast_head":"<!-- This site is optimized with the Yoast SEO plugin v27.4 - https:\/\/yoast.com\/product\/yoast-seo-wordpress\/ -->\n<title>Jeans 511 H Levi&#039;s - Guibutik<\/title>\n<meta name=\"robots\" content=\"index, follow, max-snippet:-1, max-image-preview:large, max-video-preview:-1\" \/>\n<link rel=\"canonical\" href=\"https:\/\/www.guibutik.pt\/loja\/produto\/jeans-511-h-levis-4\/\" \/>\n<meta property=\"og:locale\" content=\"pt_PT\" \/>\n<meta property=\"og:type\" content=\"article\" \/>\n<meta property=\"og:title\" content=\"Jeans 511 H Levi&#039;s - Guibutik\" \/>\n<meta property=\"og:description\" content=\"Pense nesta cal\u00e7a slim moderna como uma cal\u00e7a jeans skinny n\u00e3o t\u00e3o justa. (Se voc\u00ea quer o estilo, mas n\u00e3o a sensa\u00e7\u00e3o, esta \u00e9 uma \u00f3tima alternativa.) Com um corte aerodin\u00e2mico, estreito no assento e na coxa, nossa 511\u2122 Slim \u00e9 perfeitamente calibrada para combinar com tudo, sem parecer que voc\u00ea est\u00e1 se esfor\u00e7ando demais. [&hellip;]\" \/>\n<meta property=\"og:url\" content=\"https:\/\/www.guibutik.pt\/loja\/produto\/jeans-511-h-levis-4\/\" \/>\n<meta property=\"og:site_name\" content=\"Guibutik\" \/>\n<meta property=\"article:publisher\" content=\"https:\/\/www.facebook.com\/guibutik\/\" \/>\n<meta property=\"article:modified_time\" content=\"2026-04-04T16:54:34+00:00\" \/>\n<meta property=\"og:image\" content=\"https:\/\/www.guibutik.pt\/loja\/wp-content\/uploads\/2025\/09\/04511-4655.webp\" \/>\n\t<meta property=\"og:image:width\" content=\"660\" \/>\n\t<meta property=\"og:image:height\" content=\"660\" \/>\n\t<meta property=\"og:image:type\" content=\"image\/webp\" \/>\n<meta name=\"twitter:card\" content=\"summary_large_image\" \/>\n<meta name=\"twitter:label1\" content=\"Tempo estimado de leitura\" \/>\n\t<meta name=\"twitter:data1\" content=\"2 minutos\" \/>\n<script type=\"application\/ld+json\" class=\"yoast-schema-graph\">{\"@context\":\"https:\\\/\\\/schema.org\",\"@graph\":[{\"@type\":\"WebPage\",\"@id\":\"https:\\\/\\\/www.guibutik.pt\\\/loja\\\/produto\\\/jeans-511-h-levis-4\\\/\",\"url\":\"https:\\\/\\\/www.guibutik.pt\\\/loja\\\/produto\\\/jeans-511-h-levis-4\\\/\",\"name\":\"Jeans 511 H Levi's - Guibutik\",\"isPartOf\":{\"@id\":\"https:\\\/\\\/www.guibutik.pt\\\/loja\\\/#website\"},\"primaryImageOfPage\":{\"@id\":\"https:\\\/\\\/www.guibutik.pt\\\/loja\\\/produto\\\/jeans-511-h-levis-4\\\/#primaryimage\"},\"image\":{\"@id\":\"https:\\\/\\\/www.guibutik.pt\\\/loja\\\/produto\\\/jeans-511-h-levis-4\\\/#primaryimage\"},\"thumbnailUrl\":\"https:\\\/\\\/www.guibutik.pt\\\/loja\\\/wp-content\\\/uploads\\\/2025\\\/09\\\/04511-4655.webp\",\"datePublished\":\"2025-09-30T12:44:44+00:00\",\"dateModified\":\"2026-04-04T16:54:34+00:00\",\"breadcrumb\":{\"@id\":\"https:\\\/\\\/www.guibutik.pt\\\/loja\\\/produto\\\/jeans-511-h-levis-4\\\/#breadcrumb\"},\"inLanguage\":\"pt-PT\",\"potentialAction\":[{\"@type\":\"ReadAction\",\"target\":[\"https:\\\/\\\/www.guibutik.pt\\\/loja\\\/produto\\\/jeans-511-h-levis-4\\\/\"]}]},{\"@type\":\"ImageObject\",\"inLanguage\":\"pt-PT\",\"@id\":\"https:\\\/\\\/www.guibutik.pt\\\/loja\\\/produto\\\/jeans-511-h-levis-4\\\/#primaryimage\",\"url\":\"https:\\\/\\\/www.guibutik.pt\\\/loja\\\/wp-content\\\/uploads\\\/2025\\\/09\\\/04511-4655.webp\",\"contentUrl\":\"https:\\\/\\\/www.guibutik.pt\\\/loja\\\/wp-content\\\/uploads\\\/2025\\\/09\\\/04511-4655.webp\",\"width\":660,\"height\":660},{\"@type\":\"BreadcrumbList\",\"@id\":\"https:\\\/\\\/www.guibutik.pt\\\/loja\\\/produto\\\/jeans-511-h-levis-4\\\/#breadcrumb\",\"itemListElement\":[{\"@type\":\"ListItem\",\"position\":1,\"name\":\"In\u00edcio\",\"item\":\"https:\\\/\\\/www.guibutik.pt\\\/loja\\\/\"},{\"@type\":\"ListItem\",\"position\":2,\"name\":\"Loja\",\"item\":\"https:\\\/\\\/www.guibutik.pt\\\/loja\\\/shop\\\/\"},{\"@type\":\"ListItem\",\"position\":3,\"name\":\"Jeans 511 H Levi&#8217;s\"}]},{\"@type\":\"WebSite\",\"@id\":\"https:\\\/\\\/www.guibutik.pt\\\/loja\\\/#website\",\"url\":\"https:\\\/\\\/www.guibutik.pt\\\/loja\\\/\",\"name\":\"Guibutik\",\"description\":\"Moda e Sapataria\",\"potentialAction\":[{\"@type\":\"SearchAction\",\"target\":{\"@type\":\"EntryPoint\",\"urlTemplate\":\"https:\\\/\\\/www.guibutik.pt\\\/loja\\\/?s={search_term_string}\"},\"query-input\":{\"@type\":\"PropertyValueSpecification\",\"valueRequired\":true,\"valueName\":\"search_term_string\"}}],\"inLanguage\":\"pt-PT\"}]}<\/script>\n<!-- \/ Yoast SEO plugin. -->","yoast_head_json":{"title":"Jeans 511 H Levi's - Guibutik","robots":{"index":"index","follow":"follow","max-snippet":"max-snippet:-1","max-image-preview":"max-image-preview:large","max-video-preview":"max-video-preview:-1"},"canonical":"https:\/\/www.guibutik.pt\/loja\/produto\/jeans-511-h-levis-4\/","og_locale":"pt_PT","og_type":"article","og_title":"Jeans 511 H Levi's - Guibutik","og_description":"Pense nesta cal\u00e7a slim moderna como uma cal\u00e7a jeans skinny n\u00e3o t\u00e3o justa. (Se voc\u00ea quer o estilo, mas n\u00e3o a sensa\u00e7\u00e3o, esta \u00e9 uma \u00f3tima alternativa.) Com um corte aerodin\u00e2mico, estreito no assento e na coxa, nossa 511\u2122 Slim \u00e9 perfeitamente calibrada para combinar com tudo, sem parecer que voc\u00ea est\u00e1 se esfor\u00e7ando demais. [&hellip;]","og_url":"https:\/\/www.guibutik.pt\/loja\/produto\/jeans-511-h-levis-4\/","og_site_name":"Guibutik","article_publisher":"https:\/\/www.facebook.com\/guibutik\/","article_modified_time":"2026-04-04T16:54:34+00:00","og_image":[{"width":660,"height":660,"url":"https:\/\/www.guibutik.pt\/loja\/wp-content\/uploads\/2025\/09\/04511-4655.webp","type":"image\/webp"}],"twitter_card":"summary_large_image","twitter_misc":{"Tempo estimado de leitura":"2 minutos"},"schema":{"@context":"https:\/\/schema.org","@graph":[{"@type":"WebPage","@id":"https:\/\/www.guibutik.pt\/loja\/produto\/jeans-511-h-levis-4\/","url":"https:\/\/www.guibutik.pt\/loja\/produto\/jeans-511-h-levis-4\/","name":"Jeans 511 H Levi's - Guibutik","isPartOf":{"@id":"https:\/\/www.guibutik.pt\/loja\/#website"},"primaryImageOfPage":{"@id":"https:\/\/www.guibutik.pt\/loja\/produto\/jeans-511-h-levis-4\/#primaryimage"},"image":{"@id":"https:\/\/www.guibutik.pt\/loja\/produto\/jeans-511-h-levis-4\/#primaryimage"},"thumbnailUrl":"https:\/\/www.guibutik.pt\/loja\/wp-content\/uploads\/2025\/09\/04511-4655.webp","datePublished":"2025-09-30T12:44:44+00:00","dateModified":"2026-04-04T16:54:34+00:00","breadcrumb":{"@id":"https:\/\/www.guibutik.pt\/loja\/produto\/jeans-511-h-levis-4\/#breadcrumb"},"inLanguage":"pt-PT","potentialAction":[{"@type":"ReadAction","target":["https:\/\/www.guibutik.pt\/loja\/produto\/jeans-511-h-levis-4\/"]}]},{"@type":"ImageObject","inLanguage":"pt-PT","@id":"https:\/\/www.guibutik.pt\/loja\/produto\/jeans-511-h-levis-4\/#primaryimage","url":"https:\/\/www.guibutik.pt\/loja\/wp-content\/uploads\/2025\/09\/04511-4655.webp","contentUrl":"https:\/\/www.guibutik.pt\/loja\/wp-content\/uploads\/2025\/09\/04511-4655.webp","width":660,"height":660},{"@type":"BreadcrumbList","@id":"https:\/\/www.guibutik.pt\/loja\/produto\/jeans-511-h-levis-4\/#breadcrumb","itemListElement":[{"@type":"ListItem","position":1,"name":"In\u00edcio","item":"https:\/\/www.guibutik.pt\/loja\/"},{"@type":"ListItem","position":2,"name":"Loja","item":"https:\/\/www.guibutik.pt\/loja\/shop\/"},{"@type":"ListItem","position":3,"name":"Jeans 511 H Levi&#8217;s"}]},{"@type":"WebSite","@id":"https:\/\/www.guibutik.pt\/loja\/#website","url":"https:\/\/www.guibutik.pt\/loja\/","name":"Guibutik","description":"Moda e Sapataria","potentialAction":[{"@type":"SearchAction","target":{"@type":"EntryPoint","urlTemplate":"https:\/\/www.guibutik.pt\/loja\/?s={search_term_string}"},"query-input":{"@type":"PropertyValueSpecification","valueRequired":true,"valueName":"search_term_string"}}],"inLanguage":"pt-PT"}]}},"_links":{"self":[{"href":"https:\/\/www.guibutik.pt\/loja\/wp-json\/wp\/v2\/product\/77191","targetHints":{"allow":["GET"]}}],"collection":[{"href":"https:\/\/www.guibutik.pt\/loja\/wp-json\/wp\/v2\/product"}],"about":[{"href":"https:\/\/www.guibutik.pt\/loja\/wp-json\/wp\/v2\/types\/product"}],"replies":[{"embeddable":true,"href":"https:\/\/www.guibutik.pt\/loja\/wp-json\/wp\/v2\/comments?post=77191"}],"wp:featuredmedia":[{"embeddable":true,"href":"https:\/\/www.guibutik.pt\/loja\/wp-json\/wp\/v2\/media\/77208"}],"wp:attachment":[{"href":"https:\/\/www.guibutik.pt\/loja\/wp-json\/wp\/v2\/media?parent=77191"}],"wp:term":[{"taxonomy":"product_cat","embeddable":true,"href":"https:\/\/www.guibutik.pt\/loja\/wp-json\/wp\/v2\/product_cat?post=77191"},{"taxonomy":"product_tag","embeddable":true,"href":"https:\/\/www.guibutik.pt\/loja\/wp-json\/wp\/v2\/product_tag?post=77191"}],"curies":[{"name":"wp","href":"https:\/\/api.w.org\/{rel}","templated":true}]}}