{"id":77001,"date":"2025-09-27T11:00:56","date_gmt":"2025-09-27T10:00:56","guid":{"rendered":"https:\/\/www.guibutik.pt\/loja\/?post_type=product&#038;p=77001"},"modified":"2026-03-17T15:36:20","modified_gmt":"2026-03-17T14:36:20","slug":"chinelo-blantyre-s-gioseppo","status":"publish","type":"product","link":"https:\/\/www.guibutik.pt\/loja\/produto\/chinelo-blantyre-s-gioseppo\/","title":{"rendered":"Chinelo Blantyre S Gioseppo"},"content":{"rendered":"<p>Conforto para os momentos em casa. Chinelos de pelo com um desenho e frase &#8220;a minha cabe\u00e7a diz gin\u00e1sio mas o meu cora\u00e7\u00e3o diz vinho&#8221;. Possuem uma palmilha acolchoada e remov\u00edvel. Corte e forro de poli\u00e9ster. Palmilha de poliuretano 100% reciclado. Sola de borracha 75 % natural com pastilhas EVA.<\/p>\n","protected":false},"excerpt":{"rendered":"<p>Conforto para os momentos em casa. Chinelos de pelo com um desenho e frase &#8220;a minha cabe\u00e7a diz gin\u00e1sio mas o meu cora\u00e7\u00e3o diz vinho&#8221;. Possuem uma palmilha acolchoada e remov\u00edvel. Corte e forro de poli\u00e9ster. Palmilha de poliuretano 100% reciclado. Sola de borracha 75 % natural com pastilhas EVA.<\/p>\n","protected":false},"featured_media":77012,"comment_status":"closed","ping_status":"closed","template":"","meta":[],"product_cat":[315,222],"product_tag":[],"class_list":{"0":"post-77001","1":"product","2":"type-product","3":"status-publish","4":"has-post-thumbnail","6":"product_cat-chinelo","7":"product_cat-senhora","8":"ts_product_brand-gioseppo","10":"first","11":"instock","12":"shipping-taxable","13":"purchasable","14":"product-type-variable"},"yoast_head":"<!-- This site is optimized with the Yoast SEO plugin v27.4 - https:\/\/yoast.com\/product\/yoast-seo-wordpress\/ -->\n<title>Chinelo Blantyre S Gioseppo - Guibutik<\/title>\n<meta name=\"robots\" content=\"index, follow, max-snippet:-1, max-image-preview:large, max-video-preview:-1\" \/>\n<link rel=\"canonical\" href=\"https:\/\/www.guibutik.pt\/loja\/produto\/chinelo-blantyre-s-gioseppo\/\" \/>\n<meta property=\"og:locale\" content=\"pt_PT\" \/>\n<meta property=\"og:type\" content=\"article\" \/>\n<meta property=\"og:title\" content=\"Chinelo Blantyre S Gioseppo - Guibutik\" \/>\n<meta property=\"og:description\" content=\"Conforto para os momentos em casa. Chinelos de pelo com um desenho e frase &#8220;a minha cabe\u00e7a diz gin\u00e1sio mas o meu cora\u00e7\u00e3o diz vinho&#8221;. Possuem uma palmilha acolchoada e remov\u00edvel. Corte e forro de poli\u00e9ster. Palmilha de poliuretano 100% reciclado. Sola de borracha 75 % natural com pastilhas EVA.\" \/>\n<meta property=\"og:url\" content=\"https:\/\/www.guibutik.pt\/loja\/produto\/chinelo-blantyre-s-gioseppo\/\" \/>\n<meta property=\"og:site_name\" content=\"Guibutik\" \/>\n<meta property=\"article:publisher\" content=\"https:\/\/www.facebook.com\/guibutik\/\" \/>\n<meta property=\"article:modified_time\" content=\"2026-03-17T14:36:20+00:00\" \/>\n<meta property=\"og:image\" content=\"https:\/\/www.guibutik.pt\/loja\/wp-content\/uploads\/2025\/09\/76955_off-white_02.jpg\" \/>\n\t<meta property=\"og:image:width\" content=\"843\" \/>\n\t<meta property=\"og:image:height\" content=\"1200\" \/>\n\t<meta property=\"og:image:type\" content=\"image\/jpeg\" \/>\n<meta name=\"twitter:card\" content=\"summary_large_image\" \/>\n<meta name=\"twitter:label1\" content=\"Tempo estimado de leitura\" \/>\n\t<meta name=\"twitter:data1\" content=\"1 minuto\" \/>\n<script type=\"application\/ld+json\" class=\"yoast-schema-graph\">{\"@context\":\"https:\\\/\\\/schema.org\",\"@graph\":[{\"@type\":\"WebPage\",\"@id\":\"https:\\\/\\\/www.guibutik.pt\\\/loja\\\/produto\\\/chinelo-blantyre-s-gioseppo\\\/\",\"url\":\"https:\\\/\\\/www.guibutik.pt\\\/loja\\\/produto\\\/chinelo-blantyre-s-gioseppo\\\/\",\"name\":\"Chinelo Blantyre S Gioseppo - Guibutik\",\"isPartOf\":{\"@id\":\"https:\\\/\\\/www.guibutik.pt\\\/loja\\\/#website\"},\"primaryImageOfPage\":{\"@id\":\"https:\\\/\\\/www.guibutik.pt\\\/loja\\\/produto\\\/chinelo-blantyre-s-gioseppo\\\/#primaryimage\"},\"image\":{\"@id\":\"https:\\\/\\\/www.guibutik.pt\\\/loja\\\/produto\\\/chinelo-blantyre-s-gioseppo\\\/#primaryimage\"},\"thumbnailUrl\":\"https:\\\/\\\/www.guibutik.pt\\\/loja\\\/wp-content\\\/uploads\\\/2025\\\/09\\\/76955_off-white_02.jpg\",\"datePublished\":\"2025-09-27T10:00:56+00:00\",\"dateModified\":\"2026-03-17T14:36:20+00:00\",\"breadcrumb\":{\"@id\":\"https:\\\/\\\/www.guibutik.pt\\\/loja\\\/produto\\\/chinelo-blantyre-s-gioseppo\\\/#breadcrumb\"},\"inLanguage\":\"pt-PT\",\"potentialAction\":[{\"@type\":\"ReadAction\",\"target\":[\"https:\\\/\\\/www.guibutik.pt\\\/loja\\\/produto\\\/chinelo-blantyre-s-gioseppo\\\/\"]}]},{\"@type\":\"ImageObject\",\"inLanguage\":\"pt-PT\",\"@id\":\"https:\\\/\\\/www.guibutik.pt\\\/loja\\\/produto\\\/chinelo-blantyre-s-gioseppo\\\/#primaryimage\",\"url\":\"https:\\\/\\\/www.guibutik.pt\\\/loja\\\/wp-content\\\/uploads\\\/2025\\\/09\\\/76955_off-white_02.jpg\",\"contentUrl\":\"https:\\\/\\\/www.guibutik.pt\\\/loja\\\/wp-content\\\/uploads\\\/2025\\\/09\\\/76955_off-white_02.jpg\",\"width\":843,\"height\":1200},{\"@type\":\"BreadcrumbList\",\"@id\":\"https:\\\/\\\/www.guibutik.pt\\\/loja\\\/produto\\\/chinelo-blantyre-s-gioseppo\\\/#breadcrumb\",\"itemListElement\":[{\"@type\":\"ListItem\",\"position\":1,\"name\":\"In\u00edcio\",\"item\":\"https:\\\/\\\/www.guibutik.pt\\\/loja\\\/\"},{\"@type\":\"ListItem\",\"position\":2,\"name\":\"Loja\",\"item\":\"https:\\\/\\\/www.guibutik.pt\\\/loja\\\/shop\\\/\"},{\"@type\":\"ListItem\",\"position\":3,\"name\":\"Chinelo Blantyre S Gioseppo\"}]},{\"@type\":\"WebSite\",\"@id\":\"https:\\\/\\\/www.guibutik.pt\\\/loja\\\/#website\",\"url\":\"https:\\\/\\\/www.guibutik.pt\\\/loja\\\/\",\"name\":\"Guibutik\",\"description\":\"Moda e Sapataria\",\"potentialAction\":[{\"@type\":\"SearchAction\",\"target\":{\"@type\":\"EntryPoint\",\"urlTemplate\":\"https:\\\/\\\/www.guibutik.pt\\\/loja\\\/?s={search_term_string}\"},\"query-input\":{\"@type\":\"PropertyValueSpecification\",\"valueRequired\":true,\"valueName\":\"search_term_string\"}}],\"inLanguage\":\"pt-PT\"}]}<\/script>\n<!-- \/ Yoast SEO plugin. -->","yoast_head_json":{"title":"Chinelo Blantyre S Gioseppo - Guibutik","robots":{"index":"index","follow":"follow","max-snippet":"max-snippet:-1","max-image-preview":"max-image-preview:large","max-video-preview":"max-video-preview:-1"},"canonical":"https:\/\/www.guibutik.pt\/loja\/produto\/chinelo-blantyre-s-gioseppo\/","og_locale":"pt_PT","og_type":"article","og_title":"Chinelo Blantyre S Gioseppo - Guibutik","og_description":"Conforto para os momentos em casa. Chinelos de pelo com um desenho e frase &#8220;a minha cabe\u00e7a diz gin\u00e1sio mas o meu cora\u00e7\u00e3o diz vinho&#8221;. Possuem uma palmilha acolchoada e remov\u00edvel. Corte e forro de poli\u00e9ster. Palmilha de poliuretano 100% reciclado. Sola de borracha 75 % natural com pastilhas EVA.","og_url":"https:\/\/www.guibutik.pt\/loja\/produto\/chinelo-blantyre-s-gioseppo\/","og_site_name":"Guibutik","article_publisher":"https:\/\/www.facebook.com\/guibutik\/","article_modified_time":"2026-03-17T14:36:20+00:00","og_image":[{"width":843,"height":1200,"url":"https:\/\/www.guibutik.pt\/loja\/wp-content\/uploads\/2025\/09\/76955_off-white_02.jpg","type":"image\/jpeg"}],"twitter_card":"summary_large_image","twitter_misc":{"Tempo estimado de leitura":"1 minuto"},"schema":{"@context":"https:\/\/schema.org","@graph":[{"@type":"WebPage","@id":"https:\/\/www.guibutik.pt\/loja\/produto\/chinelo-blantyre-s-gioseppo\/","url":"https:\/\/www.guibutik.pt\/loja\/produto\/chinelo-blantyre-s-gioseppo\/","name":"Chinelo Blantyre S Gioseppo - Guibutik","isPartOf":{"@id":"https:\/\/www.guibutik.pt\/loja\/#website"},"primaryImageOfPage":{"@id":"https:\/\/www.guibutik.pt\/loja\/produto\/chinelo-blantyre-s-gioseppo\/#primaryimage"},"image":{"@id":"https:\/\/www.guibutik.pt\/loja\/produto\/chinelo-blantyre-s-gioseppo\/#primaryimage"},"thumbnailUrl":"https:\/\/www.guibutik.pt\/loja\/wp-content\/uploads\/2025\/09\/76955_off-white_02.jpg","datePublished":"2025-09-27T10:00:56+00:00","dateModified":"2026-03-17T14:36:20+00:00","breadcrumb":{"@id":"https:\/\/www.guibutik.pt\/loja\/produto\/chinelo-blantyre-s-gioseppo\/#breadcrumb"},"inLanguage":"pt-PT","potentialAction":[{"@type":"ReadAction","target":["https:\/\/www.guibutik.pt\/loja\/produto\/chinelo-blantyre-s-gioseppo\/"]}]},{"@type":"ImageObject","inLanguage":"pt-PT","@id":"https:\/\/www.guibutik.pt\/loja\/produto\/chinelo-blantyre-s-gioseppo\/#primaryimage","url":"https:\/\/www.guibutik.pt\/loja\/wp-content\/uploads\/2025\/09\/76955_off-white_02.jpg","contentUrl":"https:\/\/www.guibutik.pt\/loja\/wp-content\/uploads\/2025\/09\/76955_off-white_02.jpg","width":843,"height":1200},{"@type":"BreadcrumbList","@id":"https:\/\/www.guibutik.pt\/loja\/produto\/chinelo-blantyre-s-gioseppo\/#breadcrumb","itemListElement":[{"@type":"ListItem","position":1,"name":"In\u00edcio","item":"https:\/\/www.guibutik.pt\/loja\/"},{"@type":"ListItem","position":2,"name":"Loja","item":"https:\/\/www.guibutik.pt\/loja\/shop\/"},{"@type":"ListItem","position":3,"name":"Chinelo Blantyre S Gioseppo"}]},{"@type":"WebSite","@id":"https:\/\/www.guibutik.pt\/loja\/#website","url":"https:\/\/www.guibutik.pt\/loja\/","name":"Guibutik","description":"Moda e Sapataria","potentialAction":[{"@type":"SearchAction","target":{"@type":"EntryPoint","urlTemplate":"https:\/\/www.guibutik.pt\/loja\/?s={search_term_string}"},"query-input":{"@type":"PropertyValueSpecification","valueRequired":true,"valueName":"search_term_string"}}],"inLanguage":"pt-PT"}]}},"_links":{"self":[{"href":"https:\/\/www.guibutik.pt\/loja\/wp-json\/wp\/v2\/product\/77001","targetHints":{"allow":["GET"]}}],"collection":[{"href":"https:\/\/www.guibutik.pt\/loja\/wp-json\/wp\/v2\/product"}],"about":[{"href":"https:\/\/www.guibutik.pt\/loja\/wp-json\/wp\/v2\/types\/product"}],"replies":[{"embeddable":true,"href":"https:\/\/www.guibutik.pt\/loja\/wp-json\/wp\/v2\/comments?post=77001"}],"wp:featuredmedia":[{"embeddable":true,"href":"https:\/\/www.guibutik.pt\/loja\/wp-json\/wp\/v2\/media\/77012"}],"wp:attachment":[{"href":"https:\/\/www.guibutik.pt\/loja\/wp-json\/wp\/v2\/media?parent=77001"}],"wp:term":[{"taxonomy":"product_cat","embeddable":true,"href":"https:\/\/www.guibutik.pt\/loja\/wp-json\/wp\/v2\/product_cat?post=77001"},{"taxonomy":"product_tag","embeddable":true,"href":"https:\/\/www.guibutik.pt\/loja\/wp-json\/wp\/v2\/product_tag?post=77001"}],"curies":[{"name":"wp","href":"https:\/\/api.w.org\/{rel}","templated":true}]}}