{"id":74839,"date":"2025-09-08T09:47:03","date_gmt":"2025-09-08T08:47:03","guid":{"rendered":"https:\/\/www.guibutik.pt\/loja\/?post_type=product&#038;p=74839"},"modified":"2026-02-14T19:39:51","modified_gmt":"2026-02-14T18:39:51","slug":"sapatilha-summits-s-skechers","status":"publish","type":"product","link":"https:\/\/www.guibutik.pt\/loja\/produto\/sapatilha-summits-s-skechers\/","title":{"rendered":"Sapatilha Summits S Skechers"},"content":{"rendered":"<p>Acrescente um pouco de glamour \u00e0 sua passada com as confort\u00e1veis Skechers Slip-ins\u00ae: Summits \u2013 Classy Night. Com a nossa exclusiva Heel Pillow\u2122, este modelo vegano tem parte superior em tecido de rede brilhante com padr\u00e3o de cobra, atacadores el\u00e1sticos fixos e palmilhas confort\u00e1veis almofadadas Skechers Air-Cooled Memory Foam\u00ae.<\/p>\n<h2 class=\"c-product-technologies__heading\">Tecnologias de conforto<\/h2>\n<p><strong>Air-Cooled Memory Foam<\/strong><\/p>\n<p>A Skechers Air-Cooled Memory Foam\u00ae proporciona conforto instant\u00e2neo e respirabilidade.<\/p>\n<p><strong>Skechers Hands Free Slip-Ins<\/strong><\/p>\n<p>Puro conforto com os Skechers Hands Free Slip-ins\u00ae. Sapatilhas f\u00e1ceis de cal\u00e7ar concebidos com a nossa exclusiva Heel Pillow\u2122 que mant\u00e9m o p\u00e9 no lugar.<\/p>\n<div class=\"c-product-features-details__detail description collapsible-sm d-lg-block col-12 active col-lg-4\">\n<h2 class=\"c-product-features-details__title title d-none d-md-block\">Principais funcionalidades<\/h2>\n<ul class=\"c-product-features-details__bullets content value\">\n<li class=\"c-product-features-details__bullet\">Skechers Hands Free Slip-ins\u00ae para um ajuste f\u00e1cil<\/li>\n<li class=\"c-product-features-details__bullet\">O Exclusive Heel Pillow\u2122 mant\u00e9m o teu p\u00e9 firmemente no lugar<\/li>\n<li class=\"c-product-features-details__bullet\">Palmilhas confort\u00e1veis almofadadas Skechers Air-Cooled Memory Foam\u00ae<\/li>\n<li class=\"c-product-features-details__bullet\">Em materiais 100% veganos<\/li>\n<\/ul>\n<\/div>\n<div class=\"c-product-features-details__detail details collapsible-sm d-lg-block col-12 col-lg-4\">\n<h2 class=\"c-product-features-details__title title d-none d-md-block\">Detalhes do design<\/h2>\n<ul class=\"c-product-features-details__bullets content value\">\n<li class=\"c-product-features-details__bullet\">Parte superior em tecido de rede brilhante com padr\u00e3o de cobra e atacadores el\u00e1sticos fixos<\/li>\n<li class=\"c-product-features-details__bullet\">Entressola leve e flex\u00edvel com absor\u00e7\u00e3o de impacto<\/li>\n<li class=\"c-product-features-details__bullet\">Sola exterior de tra\u00e7\u00e3o flex\u00edvel<\/li>\n<li class=\"c-product-features-details__bullet\">Lav\u00e1vel \u00e0 m\u00e1quina<\/li>\n<li class=\"c-product-features-details__bullet\">Calcanhar de 3,2\u00a0cm<\/li>\n<li class=\"c-product-features-details__bullet\">Log\u00f3tipo Skechers\u00ae vis\u00edvel<\/li>\n<\/ul>\n<\/div>\n<div class=\"c-product-features-details__detail details js-product-materials collapsible-sm d-lg-block col-12 col-lg-4\">\n<h2 class=\"c-product-features-details__title title d-none d-md-block\">Materiais<\/h2>\n<ul class=\"c-product-features-details__bullets content value\">\n<li class=\"c-product-features-details__bullet\">\n<p id=\"tw-target-text\" class=\"tw-data-text tw-text-large tw-ta\" dir=\"ltr\" data-placeholder=\"Tradu\u00e7\u00e3o\" data-ved=\"2ahUKEwji7Ke4-LyPAxXKvicCHcaRBpYQ3ewLegQIChAV\" aria-label=\"Texto traduzido: Sola: SINT\u00c9TICA Parte superior: T\u00caXTIL, SINT\u00c9TICO Palmilha forrada: T\u00caXTIL\"><span class=\"Y2IQFc\" lang=\"pt\">Sola: SINT\u00c9TICA <\/span><\/p>\n<\/li>\n<li class=\"c-product-features-details__bullet\">\n<p id=\"tw-target-text\" class=\"tw-data-text tw-text-large tw-ta\" dir=\"ltr\" data-placeholder=\"Tradu\u00e7\u00e3o\" data-ved=\"2ahUKEwji7Ke4-LyPAxXKvicCHcaRBpYQ3ewLegQIChAV\" aria-label=\"Texto traduzido: Sola: SINT\u00c9TICA Parte superior: T\u00caXTIL, SINT\u00c9TICO Palmilha forrada: T\u00caXTIL\"><span class=\"Y2IQFc\" lang=\"pt\">Parte superior: T\u00caXTIL, SINT\u00c9TICO <\/span><\/p>\n<\/li>\n<li class=\"c-product-features-details__bullet\">\n<p id=\"tw-target-text\" class=\"tw-data-text tw-text-large tw-ta\" dir=\"ltr\" data-placeholder=\"Tradu\u00e7\u00e3o\" data-ved=\"2ahUKEwji7Ke4-LyPAxXKvicCHcaRBpYQ3ewLegQIChAV\" aria-label=\"Texto traduzido: Sola: SINT\u00c9TICA Parte superior: T\u00caXTIL, SINT\u00c9TICO Palmilha forrada: T\u00caXTIL\"><span class=\"Y2IQFc\" lang=\"pt\">Palmilha forrada: T\u00caXTIL<\/span><\/p>\n<\/li>\n<\/ul>\n<\/div>\n<p>&nbsp;<\/p>\n","protected":false},"excerpt":{"rendered":"<p>Acrescente um pouco de glamour \u00e0 sua passada com as confort\u00e1veis Skechers Slip-ins\u00ae: Summits \u2013 Classy Night. Com a nossa exclusiva Heel Pillow\u2122, este modelo vegano tem parte superior em tecido de rede brilhante com padr\u00e3o de cobra, atacadores el\u00e1sticos fixos e palmilhas confort\u00e1veis almofadadas Skechers Air-Cooled Memory Foam\u00ae. Tecnologias de conforto Air-Cooled Memory Foam [&hellip;]<\/p>\n","protected":false},"featured_media":74845,"comment_status":"closed","ping_status":"closed","template":"","meta":[],"product_cat":[291,222],"product_tag":[],"class_list":{"0":"post-74839","1":"product","2":"type-product","3":"status-publish","4":"has-post-thumbnail","6":"product_cat-calcado-senhora","7":"product_cat-senhora","8":"ts_product_brand-skechers","10":"first","11":"instock","12":"shipping-taxable","13":"purchasable","14":"product-type-variable"},"yoast_head":"<!-- This site is optimized with the Yoast SEO plugin v27.5 - https:\/\/yoast.com\/product\/yoast-seo-wordpress\/ -->\n<title>Sapatilha Summits S Skechers - Guibutik<\/title>\n<meta name=\"robots\" content=\"index, follow, max-snippet:-1, max-image-preview:large, max-video-preview:-1\" \/>\n<link rel=\"canonical\" href=\"https:\/\/www.guibutik.pt\/loja\/produto\/sapatilha-summits-s-skechers\/\" \/>\n<meta property=\"og:locale\" content=\"pt_PT\" \/>\n<meta property=\"og:type\" content=\"article\" \/>\n<meta property=\"og:title\" content=\"Sapatilha Summits S Skechers - Guibutik\" \/>\n<meta property=\"og:description\" content=\"Acrescente um pouco de glamour \u00e0 sua passada com as confort\u00e1veis Skechers Slip-ins\u00ae: Summits \u2013 Classy Night. Com a nossa exclusiva Heel Pillow\u2122, este modelo vegano tem parte superior em tecido de rede brilhante com padr\u00e3o de cobra, atacadores el\u00e1sticos fixos e palmilhas confort\u00e1veis almofadadas Skechers Air-Cooled Memory Foam\u00ae. Tecnologias de conforto Air-Cooled Memory Foam [&hellip;]\" \/>\n<meta property=\"og:url\" content=\"https:\/\/www.guibutik.pt\/loja\/produto\/sapatilha-summits-s-skechers\/\" \/>\n<meta property=\"og:site_name\" content=\"Guibutik\" \/>\n<meta property=\"article:publisher\" content=\"https:\/\/www.facebook.com\/guibutik\/\" \/>\n<meta property=\"article:modified_time\" content=\"2026-02-14T18:39:51+00:00\" \/>\n<meta property=\"og:image\" content=\"https:\/\/www.guibutik.pt\/loja\/wp-content\/uploads\/2025\/09\/150128_TPGD.jpg\" \/>\n\t<meta property=\"og:image:width\" content=\"800\" \/>\n\t<meta property=\"og:image:height\" content=\"708\" \/>\n\t<meta property=\"og:image:type\" content=\"image\/jpeg\" \/>\n<meta name=\"twitter:card\" content=\"summary_large_image\" \/>\n<meta name=\"twitter:label1\" content=\"Tempo estimado de leitura\" \/>\n\t<meta name=\"twitter:data1\" content=\"2 minutos\" \/>\n<script type=\"application\/ld+json\" class=\"yoast-schema-graph\">{\"@context\":\"https:\\\/\\\/schema.org\",\"@graph\":[{\"@type\":\"WebPage\",\"@id\":\"https:\\\/\\\/www.guibutik.pt\\\/loja\\\/produto\\\/sapatilha-summits-s-skechers\\\/\",\"url\":\"https:\\\/\\\/www.guibutik.pt\\\/loja\\\/produto\\\/sapatilha-summits-s-skechers\\\/\",\"name\":\"Sapatilha Summits S Skechers - Guibutik\",\"isPartOf\":{\"@id\":\"https:\\\/\\\/www.guibutik.pt\\\/loja\\\/#website\"},\"primaryImageOfPage\":{\"@id\":\"https:\\\/\\\/www.guibutik.pt\\\/loja\\\/produto\\\/sapatilha-summits-s-skechers\\\/#primaryimage\"},\"image\":{\"@id\":\"https:\\\/\\\/www.guibutik.pt\\\/loja\\\/produto\\\/sapatilha-summits-s-skechers\\\/#primaryimage\"},\"thumbnailUrl\":\"https:\\\/\\\/www.guibutik.pt\\\/loja\\\/wp-content\\\/uploads\\\/2025\\\/09\\\/150128_TPGD.jpg\",\"datePublished\":\"2025-09-08T08:47:03+00:00\",\"dateModified\":\"2026-02-14T18:39:51+00:00\",\"breadcrumb\":{\"@id\":\"https:\\\/\\\/www.guibutik.pt\\\/loja\\\/produto\\\/sapatilha-summits-s-skechers\\\/#breadcrumb\"},\"inLanguage\":\"pt-PT\",\"potentialAction\":[{\"@type\":\"ReadAction\",\"target\":[\"https:\\\/\\\/www.guibutik.pt\\\/loja\\\/produto\\\/sapatilha-summits-s-skechers\\\/\"]}]},{\"@type\":\"ImageObject\",\"inLanguage\":\"pt-PT\",\"@id\":\"https:\\\/\\\/www.guibutik.pt\\\/loja\\\/produto\\\/sapatilha-summits-s-skechers\\\/#primaryimage\",\"url\":\"https:\\\/\\\/www.guibutik.pt\\\/loja\\\/wp-content\\\/uploads\\\/2025\\\/09\\\/150128_TPGD.jpg\",\"contentUrl\":\"https:\\\/\\\/www.guibutik.pt\\\/loja\\\/wp-content\\\/uploads\\\/2025\\\/09\\\/150128_TPGD.jpg\",\"width\":800,\"height\":708},{\"@type\":\"BreadcrumbList\",\"@id\":\"https:\\\/\\\/www.guibutik.pt\\\/loja\\\/produto\\\/sapatilha-summits-s-skechers\\\/#breadcrumb\",\"itemListElement\":[{\"@type\":\"ListItem\",\"position\":1,\"name\":\"In\u00edcio\",\"item\":\"https:\\\/\\\/www.guibutik.pt\\\/loja\\\/\"},{\"@type\":\"ListItem\",\"position\":2,\"name\":\"Loja\",\"item\":\"https:\\\/\\\/www.guibutik.pt\\\/loja\\\/shop\\\/\"},{\"@type\":\"ListItem\",\"position\":3,\"name\":\"Sapatilha Summits S Skechers\"}]},{\"@type\":\"WebSite\",\"@id\":\"https:\\\/\\\/www.guibutik.pt\\\/loja\\\/#website\",\"url\":\"https:\\\/\\\/www.guibutik.pt\\\/loja\\\/\",\"name\":\"Guibutik\",\"description\":\"Moda e Sapataria\",\"potentialAction\":[{\"@type\":\"SearchAction\",\"target\":{\"@type\":\"EntryPoint\",\"urlTemplate\":\"https:\\\/\\\/www.guibutik.pt\\\/loja\\\/?s={search_term_string}\"},\"query-input\":{\"@type\":\"PropertyValueSpecification\",\"valueRequired\":true,\"valueName\":\"search_term_string\"}}],\"inLanguage\":\"pt-PT\"}]}<\/script>\n<!-- \/ Yoast SEO plugin. -->","yoast_head_json":{"title":"Sapatilha Summits S Skechers - Guibutik","robots":{"index":"index","follow":"follow","max-snippet":"max-snippet:-1","max-image-preview":"max-image-preview:large","max-video-preview":"max-video-preview:-1"},"canonical":"https:\/\/www.guibutik.pt\/loja\/produto\/sapatilha-summits-s-skechers\/","og_locale":"pt_PT","og_type":"article","og_title":"Sapatilha Summits S Skechers - Guibutik","og_description":"Acrescente um pouco de glamour \u00e0 sua passada com as confort\u00e1veis Skechers Slip-ins\u00ae: Summits \u2013 Classy Night. Com a nossa exclusiva Heel Pillow\u2122, este modelo vegano tem parte superior em tecido de rede brilhante com padr\u00e3o de cobra, atacadores el\u00e1sticos fixos e palmilhas confort\u00e1veis almofadadas Skechers Air-Cooled Memory Foam\u00ae. Tecnologias de conforto Air-Cooled Memory Foam [&hellip;]","og_url":"https:\/\/www.guibutik.pt\/loja\/produto\/sapatilha-summits-s-skechers\/","og_site_name":"Guibutik","article_publisher":"https:\/\/www.facebook.com\/guibutik\/","article_modified_time":"2026-02-14T18:39:51+00:00","og_image":[{"width":800,"height":708,"url":"https:\/\/www.guibutik.pt\/loja\/wp-content\/uploads\/2025\/09\/150128_TPGD.jpg","type":"image\/jpeg"}],"twitter_card":"summary_large_image","twitter_misc":{"Tempo estimado de leitura":"2 minutos"},"schema":{"@context":"https:\/\/schema.org","@graph":[{"@type":"WebPage","@id":"https:\/\/www.guibutik.pt\/loja\/produto\/sapatilha-summits-s-skechers\/","url":"https:\/\/www.guibutik.pt\/loja\/produto\/sapatilha-summits-s-skechers\/","name":"Sapatilha Summits S Skechers - Guibutik","isPartOf":{"@id":"https:\/\/www.guibutik.pt\/loja\/#website"},"primaryImageOfPage":{"@id":"https:\/\/www.guibutik.pt\/loja\/produto\/sapatilha-summits-s-skechers\/#primaryimage"},"image":{"@id":"https:\/\/www.guibutik.pt\/loja\/produto\/sapatilha-summits-s-skechers\/#primaryimage"},"thumbnailUrl":"https:\/\/www.guibutik.pt\/loja\/wp-content\/uploads\/2025\/09\/150128_TPGD.jpg","datePublished":"2025-09-08T08:47:03+00:00","dateModified":"2026-02-14T18:39:51+00:00","breadcrumb":{"@id":"https:\/\/www.guibutik.pt\/loja\/produto\/sapatilha-summits-s-skechers\/#breadcrumb"},"inLanguage":"pt-PT","potentialAction":[{"@type":"ReadAction","target":["https:\/\/www.guibutik.pt\/loja\/produto\/sapatilha-summits-s-skechers\/"]}]},{"@type":"ImageObject","inLanguage":"pt-PT","@id":"https:\/\/www.guibutik.pt\/loja\/produto\/sapatilha-summits-s-skechers\/#primaryimage","url":"https:\/\/www.guibutik.pt\/loja\/wp-content\/uploads\/2025\/09\/150128_TPGD.jpg","contentUrl":"https:\/\/www.guibutik.pt\/loja\/wp-content\/uploads\/2025\/09\/150128_TPGD.jpg","width":800,"height":708},{"@type":"BreadcrumbList","@id":"https:\/\/www.guibutik.pt\/loja\/produto\/sapatilha-summits-s-skechers\/#breadcrumb","itemListElement":[{"@type":"ListItem","position":1,"name":"In\u00edcio","item":"https:\/\/www.guibutik.pt\/loja\/"},{"@type":"ListItem","position":2,"name":"Loja","item":"https:\/\/www.guibutik.pt\/loja\/shop\/"},{"@type":"ListItem","position":3,"name":"Sapatilha Summits S Skechers"}]},{"@type":"WebSite","@id":"https:\/\/www.guibutik.pt\/loja\/#website","url":"https:\/\/www.guibutik.pt\/loja\/","name":"Guibutik","description":"Moda e Sapataria","potentialAction":[{"@type":"SearchAction","target":{"@type":"EntryPoint","urlTemplate":"https:\/\/www.guibutik.pt\/loja\/?s={search_term_string}"},"query-input":{"@type":"PropertyValueSpecification","valueRequired":true,"valueName":"search_term_string"}}],"inLanguage":"pt-PT"}]}},"_links":{"self":[{"href":"https:\/\/www.guibutik.pt\/loja\/wp-json\/wp\/v2\/product\/74839","targetHints":{"allow":["GET"]}}],"collection":[{"href":"https:\/\/www.guibutik.pt\/loja\/wp-json\/wp\/v2\/product"}],"about":[{"href":"https:\/\/www.guibutik.pt\/loja\/wp-json\/wp\/v2\/types\/product"}],"replies":[{"embeddable":true,"href":"https:\/\/www.guibutik.pt\/loja\/wp-json\/wp\/v2\/comments?post=74839"}],"wp:featuredmedia":[{"embeddable":true,"href":"https:\/\/www.guibutik.pt\/loja\/wp-json\/wp\/v2\/media\/74845"}],"wp:attachment":[{"href":"https:\/\/www.guibutik.pt\/loja\/wp-json\/wp\/v2\/media?parent=74839"}],"wp:term":[{"taxonomy":"product_cat","embeddable":true,"href":"https:\/\/www.guibutik.pt\/loja\/wp-json\/wp\/v2\/product_cat?post=74839"},{"taxonomy":"product_tag","embeddable":true,"href":"https:\/\/www.guibutik.pt\/loja\/wp-json\/wp\/v2\/product_tag?post=74839"}],"curies":[{"name":"wp","href":"https:\/\/api.w.org\/{rel}","templated":true}]}}