{"id":74615,"date":"2025-09-08T10:19:57","date_gmt":"2025-09-08T09:19:57","guid":{"rendered":"https:\/\/www.guibutik.pt\/loja\/?post_type=product&#038;p=74615"},"modified":"2026-03-06T19:00:39","modified_gmt":"2026-03-06T18:00:39","slug":"sweat-h-levis-4","status":"publish","type":"product","link":"https:\/\/www.guibutik.pt\/loja\/produto\/sweat-h-levis-4\/","title":{"rendered":"Sweat H Levi&#8217;s"},"content":{"rendered":"<ul>\n<li><span dir=\"auto\">Jeans e camiseta de manga comprida. Diga uma dupla mais ic\u00f4nica&#8230; vamos esperar. Pegamos a camiseta cl\u00e1ssica e a deixamos ainda melhor com 100% algod\u00e3o e um dos logotipos mais ic\u00f4nicos do esporte.<\/span><\/li>\n<li><span dir=\"auto\">A camiseta essencial, aperfei\u00e7oada<\/span><\/li>\n<li><span dir=\"auto\">Feito com algod\u00e3o cultivado organicamente<\/span><\/li>\n<li><span dir=\"auto\">Embelezado com o logotipo Levi&#8217;s\u00ae no peito<\/span><\/li>\n<\/ul>\n<div class=\"pdp-spec-feature hide-mobile\" data-v-9a871829=\"\">\n<div class=\"pdp-tabs-header\" data-v-9a871829=\"\"><span class=\"pdp-tabs-title\" data-v-9a871829=\"\"><span dir=\"auto\">Como se encaixa<\/span><\/span><\/div>\n<div class=\"contentContainer\" data-v-9a871829=\"\">\n<ul data-v-9a871829=\"\">\n<li class=\"\" tabindex=\"0\" data-v-9a871829=\"\"><span dir=\"auto\">Ajuste regular<\/span><\/li>\n<\/ul>\n<\/div>\n<\/div>\n<div class=\"pdp-spec-feature hide-mobile\" data-v-c1d5bbc9=\"\">\n<div class=\"pdp-tabs-header\" data-v-c1d5bbc9=\"\"><span class=\"pdp-tabs-title\" data-v-c1d5bbc9=\"\"><span dir=\"auto\">Composi\u00e7\u00e3o e Cuidados<\/span><\/span><\/div>\n<div class=\"contentContainer\" data-v-c1d5bbc9=\"\">\n<ul data-v-c1d5bbc9=\"\">\n<li tabindex=\"0\" data-v-c1d5bbc9=\"\"><span dir=\"auto\">100% algod\u00e3o<\/span><\/li>\n<li tabindex=\"0\" data-v-c1d5bbc9=\"\"><span dir=\"auto\">Jersey<\/span><\/li>\n<li tabindex=\"0\" data-v-c1d5bbc9=\"\"><span dir=\"auto\">Gola redonda<\/span><\/li>\n<li tabindex=\"0\" data-v-c1d5bbc9=\"\"><span dir=\"auto\">Manga longa<\/span><\/li>\n<li tabindex=\"0\" data-v-c1d5bbc9=\"\"><span dir=\"auto\">Feito no Paquist\u00e3o<\/span><\/li>\n<li tabindex=\"0\" data-v-c1d5bbc9=\"\"><span dir=\"auto\">Lave e seque com cores semelhantes; recomenda-se detergente l\u00edquido.<\/span><\/li>\n<\/ul>\n<\/div>\n<\/div>\n","protected":false},"excerpt":{"rendered":"<p>Jeans e camiseta de manga comprida. Diga uma dupla mais ic\u00f4nica&#8230; vamos esperar. Pegamos a camiseta cl\u00e1ssica e a deixamos ainda melhor com 100% algod\u00e3o e um dos logotipos mais ic\u00f4nicos do esporte. A camiseta essencial, aperfei\u00e7oada Feito com algod\u00e3o cultivado organicamente Embelezado com o logotipo Levi&#8217;s\u00ae no peito Como se encaixa Ajuste regular Composi\u00e7\u00e3o [&hellip;]<\/p>\n","protected":false},"featured_media":74625,"comment_status":"closed","ping_status":"closed","template":"","meta":[],"product_cat":[224,221,483],"product_tag":[],"class_list":{"0":"post-74615","1":"product","2":"type-product","3":"status-publish","4":"has-post-thumbnail","6":"product_cat-camisolas","7":"product_cat-homem","8":"product_cat-promocoes-homem","9":"ts_product_brand-levis","11":"first","12":"instock","13":"shipping-taxable","14":"purchasable","15":"product-type-variable"},"yoast_head":"<!-- This site is optimized with the Yoast SEO plugin v27.5 - https:\/\/yoast.com\/product\/yoast-seo-wordpress\/ -->\n<title>Sweat H Levi&#039;s - Guibutik<\/title>\n<meta name=\"robots\" content=\"index, follow, max-snippet:-1, max-image-preview:large, max-video-preview:-1\" \/>\n<link rel=\"canonical\" href=\"https:\/\/www.guibutik.pt\/loja\/produto\/sweat-h-levis-4\/\" \/>\n<meta property=\"og:locale\" content=\"pt_PT\" \/>\n<meta property=\"og:type\" content=\"article\" \/>\n<meta property=\"og:title\" content=\"Sweat H Levi&#039;s - Guibutik\" \/>\n<meta property=\"og:description\" content=\"Jeans e camiseta de manga comprida. Diga uma dupla mais ic\u00f4nica&#8230; vamos esperar. Pegamos a camiseta cl\u00e1ssica e a deixamos ainda melhor com 100% algod\u00e3o e um dos logotipos mais ic\u00f4nicos do esporte. A camiseta essencial, aperfei\u00e7oada Feito com algod\u00e3o cultivado organicamente Embelezado com o logotipo Levi&#8217;s\u00ae no peito Como se encaixa Ajuste regular Composi\u00e7\u00e3o [&hellip;]\" \/>\n<meta property=\"og:url\" content=\"https:\/\/www.guibutik.pt\/loja\/produto\/sweat-h-levis-4\/\" \/>\n<meta property=\"og:site_name\" content=\"Guibutik\" \/>\n<meta property=\"article:publisher\" content=\"https:\/\/www.facebook.com\/guibutik\/\" \/>\n<meta property=\"article:modified_time\" content=\"2026-03-06T18:00:39+00:00\" \/>\n<meta property=\"og:image\" content=\"https:\/\/www.guibutik.pt\/loja\/wp-content\/uploads\/2025\/09\/72848-0009.webp\" \/>\n\t<meta property=\"og:image:width\" content=\"660\" \/>\n\t<meta property=\"og:image:height\" content=\"660\" \/>\n\t<meta property=\"og:image:type\" content=\"image\/webp\" \/>\n<meta name=\"twitter:card\" content=\"summary_large_image\" \/>\n<meta name=\"twitter:label1\" content=\"Tempo estimado de leitura\" \/>\n\t<meta name=\"twitter:data1\" content=\"1 minuto\" \/>\n<script type=\"application\/ld+json\" class=\"yoast-schema-graph\">{\"@context\":\"https:\\\/\\\/schema.org\",\"@graph\":[{\"@type\":\"WebPage\",\"@id\":\"https:\\\/\\\/www.guibutik.pt\\\/loja\\\/produto\\\/sweat-h-levis-4\\\/\",\"url\":\"https:\\\/\\\/www.guibutik.pt\\\/loja\\\/produto\\\/sweat-h-levis-4\\\/\",\"name\":\"Sweat H Levi's - Guibutik\",\"isPartOf\":{\"@id\":\"https:\\\/\\\/www.guibutik.pt\\\/loja\\\/#website\"},\"primaryImageOfPage\":{\"@id\":\"https:\\\/\\\/www.guibutik.pt\\\/loja\\\/produto\\\/sweat-h-levis-4\\\/#primaryimage\"},\"image\":{\"@id\":\"https:\\\/\\\/www.guibutik.pt\\\/loja\\\/produto\\\/sweat-h-levis-4\\\/#primaryimage\"},\"thumbnailUrl\":\"https:\\\/\\\/www.guibutik.pt\\\/loja\\\/wp-content\\\/uploads\\\/2025\\\/09\\\/72848-0009.webp\",\"datePublished\":\"2025-09-08T09:19:57+00:00\",\"dateModified\":\"2026-03-06T18:00:39+00:00\",\"breadcrumb\":{\"@id\":\"https:\\\/\\\/www.guibutik.pt\\\/loja\\\/produto\\\/sweat-h-levis-4\\\/#breadcrumb\"},\"inLanguage\":\"pt-PT\",\"potentialAction\":[{\"@type\":\"ReadAction\",\"target\":[\"https:\\\/\\\/www.guibutik.pt\\\/loja\\\/produto\\\/sweat-h-levis-4\\\/\"]}]},{\"@type\":\"ImageObject\",\"inLanguage\":\"pt-PT\",\"@id\":\"https:\\\/\\\/www.guibutik.pt\\\/loja\\\/produto\\\/sweat-h-levis-4\\\/#primaryimage\",\"url\":\"https:\\\/\\\/www.guibutik.pt\\\/loja\\\/wp-content\\\/uploads\\\/2025\\\/09\\\/72848-0009.webp\",\"contentUrl\":\"https:\\\/\\\/www.guibutik.pt\\\/loja\\\/wp-content\\\/uploads\\\/2025\\\/09\\\/72848-0009.webp\",\"width\":660,\"height\":660},{\"@type\":\"BreadcrumbList\",\"@id\":\"https:\\\/\\\/www.guibutik.pt\\\/loja\\\/produto\\\/sweat-h-levis-4\\\/#breadcrumb\",\"itemListElement\":[{\"@type\":\"ListItem\",\"position\":1,\"name\":\"In\u00edcio\",\"item\":\"https:\\\/\\\/www.guibutik.pt\\\/loja\\\/\"},{\"@type\":\"ListItem\",\"position\":2,\"name\":\"Loja\",\"item\":\"https:\\\/\\\/www.guibutik.pt\\\/loja\\\/shop\\\/\"},{\"@type\":\"ListItem\",\"position\":3,\"name\":\"Sweat H Levi&#8217;s\"}]},{\"@type\":\"WebSite\",\"@id\":\"https:\\\/\\\/www.guibutik.pt\\\/loja\\\/#website\",\"url\":\"https:\\\/\\\/www.guibutik.pt\\\/loja\\\/\",\"name\":\"Guibutik\",\"description\":\"Moda e Sapataria\",\"potentialAction\":[{\"@type\":\"SearchAction\",\"target\":{\"@type\":\"EntryPoint\",\"urlTemplate\":\"https:\\\/\\\/www.guibutik.pt\\\/loja\\\/?s={search_term_string}\"},\"query-input\":{\"@type\":\"PropertyValueSpecification\",\"valueRequired\":true,\"valueName\":\"search_term_string\"}}],\"inLanguage\":\"pt-PT\"}]}<\/script>\n<!-- \/ Yoast SEO plugin. -->","yoast_head_json":{"title":"Sweat H Levi's - Guibutik","robots":{"index":"index","follow":"follow","max-snippet":"max-snippet:-1","max-image-preview":"max-image-preview:large","max-video-preview":"max-video-preview:-1"},"canonical":"https:\/\/www.guibutik.pt\/loja\/produto\/sweat-h-levis-4\/","og_locale":"pt_PT","og_type":"article","og_title":"Sweat H Levi's - Guibutik","og_description":"Jeans e camiseta de manga comprida. Diga uma dupla mais ic\u00f4nica&#8230; vamos esperar. Pegamos a camiseta cl\u00e1ssica e a deixamos ainda melhor com 100% algod\u00e3o e um dos logotipos mais ic\u00f4nicos do esporte. A camiseta essencial, aperfei\u00e7oada Feito com algod\u00e3o cultivado organicamente Embelezado com o logotipo Levi&#8217;s\u00ae no peito Como se encaixa Ajuste regular Composi\u00e7\u00e3o [&hellip;]","og_url":"https:\/\/www.guibutik.pt\/loja\/produto\/sweat-h-levis-4\/","og_site_name":"Guibutik","article_publisher":"https:\/\/www.facebook.com\/guibutik\/","article_modified_time":"2026-03-06T18:00:39+00:00","og_image":[{"width":660,"height":660,"url":"https:\/\/www.guibutik.pt\/loja\/wp-content\/uploads\/2025\/09\/72848-0009.webp","type":"image\/webp"}],"twitter_card":"summary_large_image","twitter_misc":{"Tempo estimado de leitura":"1 minuto"},"schema":{"@context":"https:\/\/schema.org","@graph":[{"@type":"WebPage","@id":"https:\/\/www.guibutik.pt\/loja\/produto\/sweat-h-levis-4\/","url":"https:\/\/www.guibutik.pt\/loja\/produto\/sweat-h-levis-4\/","name":"Sweat H Levi's - Guibutik","isPartOf":{"@id":"https:\/\/www.guibutik.pt\/loja\/#website"},"primaryImageOfPage":{"@id":"https:\/\/www.guibutik.pt\/loja\/produto\/sweat-h-levis-4\/#primaryimage"},"image":{"@id":"https:\/\/www.guibutik.pt\/loja\/produto\/sweat-h-levis-4\/#primaryimage"},"thumbnailUrl":"https:\/\/www.guibutik.pt\/loja\/wp-content\/uploads\/2025\/09\/72848-0009.webp","datePublished":"2025-09-08T09:19:57+00:00","dateModified":"2026-03-06T18:00:39+00:00","breadcrumb":{"@id":"https:\/\/www.guibutik.pt\/loja\/produto\/sweat-h-levis-4\/#breadcrumb"},"inLanguage":"pt-PT","potentialAction":[{"@type":"ReadAction","target":["https:\/\/www.guibutik.pt\/loja\/produto\/sweat-h-levis-4\/"]}]},{"@type":"ImageObject","inLanguage":"pt-PT","@id":"https:\/\/www.guibutik.pt\/loja\/produto\/sweat-h-levis-4\/#primaryimage","url":"https:\/\/www.guibutik.pt\/loja\/wp-content\/uploads\/2025\/09\/72848-0009.webp","contentUrl":"https:\/\/www.guibutik.pt\/loja\/wp-content\/uploads\/2025\/09\/72848-0009.webp","width":660,"height":660},{"@type":"BreadcrumbList","@id":"https:\/\/www.guibutik.pt\/loja\/produto\/sweat-h-levis-4\/#breadcrumb","itemListElement":[{"@type":"ListItem","position":1,"name":"In\u00edcio","item":"https:\/\/www.guibutik.pt\/loja\/"},{"@type":"ListItem","position":2,"name":"Loja","item":"https:\/\/www.guibutik.pt\/loja\/shop\/"},{"@type":"ListItem","position":3,"name":"Sweat H Levi&#8217;s"}]},{"@type":"WebSite","@id":"https:\/\/www.guibutik.pt\/loja\/#website","url":"https:\/\/www.guibutik.pt\/loja\/","name":"Guibutik","description":"Moda e Sapataria","potentialAction":[{"@type":"SearchAction","target":{"@type":"EntryPoint","urlTemplate":"https:\/\/www.guibutik.pt\/loja\/?s={search_term_string}"},"query-input":{"@type":"PropertyValueSpecification","valueRequired":true,"valueName":"search_term_string"}}],"inLanguage":"pt-PT"}]}},"_links":{"self":[{"href":"https:\/\/www.guibutik.pt\/loja\/wp-json\/wp\/v2\/product\/74615","targetHints":{"allow":["GET"]}}],"collection":[{"href":"https:\/\/www.guibutik.pt\/loja\/wp-json\/wp\/v2\/product"}],"about":[{"href":"https:\/\/www.guibutik.pt\/loja\/wp-json\/wp\/v2\/types\/product"}],"replies":[{"embeddable":true,"href":"https:\/\/www.guibutik.pt\/loja\/wp-json\/wp\/v2\/comments?post=74615"}],"wp:featuredmedia":[{"embeddable":true,"href":"https:\/\/www.guibutik.pt\/loja\/wp-json\/wp\/v2\/media\/74625"}],"wp:attachment":[{"href":"https:\/\/www.guibutik.pt\/loja\/wp-json\/wp\/v2\/media?parent=74615"}],"wp:term":[{"taxonomy":"product_cat","embeddable":true,"href":"https:\/\/www.guibutik.pt\/loja\/wp-json\/wp\/v2\/product_cat?post=74615"},{"taxonomy":"product_tag","embeddable":true,"href":"https:\/\/www.guibutik.pt\/loja\/wp-json\/wp\/v2\/product_tag?post=74615"}],"curies":[{"name":"wp","href":"https:\/\/api.w.org\/{rel}","templated":true}]}}