{"id":74590,"date":"2025-09-08T09:45:06","date_gmt":"2025-09-08T08:45:06","guid":{"rendered":"https:\/\/www.guibutik.pt\/loja\/?post_type=product&#038;p=74590"},"modified":"2026-03-19T14:21:32","modified_gmt":"2026-03-19T13:21:32","slug":"sweat-h-levis","status":"publish","type":"product","link":"https:\/\/www.guibutik.pt\/loja\/produto\/sweat-h-levis\/","title":{"rendered":"Sweat H Levi&#8217;s"},"content":{"rendered":"<ul>\n<li><span dir=\"auto\">O felpo franc\u00eas macio encontra uma silhueta cl\u00e1ssica<\/span><\/li>\n<li><span dir=\"auto\">Como n\u00e3o amar? Esta pe\u00e7a vers\u00e1til combina tanto com seus shorts cortados favoritos quanto com cal\u00e7as chino plissadas.<\/span><\/li>\n<li><span dir=\"auto\">Um item b\u00e1sico f\u00e1cil de estilizar que voc\u00ea pode usar com praticamente qualquer coisa<\/span><\/li>\n<li><span dir=\"auto\">Feito de terry franc\u00eas macio<\/span><\/li>\n<li><span dir=\"auto\">Detalhado com o logotipo ic\u00f4nico da Levi&#8217;s\u00ae<\/span><\/li>\n<\/ul>\n<div class=\"pdp-spec-feature hide-mobile\" data-v-9a871829=\"\">\n<div class=\"pdp-tabs-header\" data-v-9a871829=\"\"><span class=\"pdp-tabs-title\" data-v-9a871829=\"\"><span dir=\"auto\">Como se encaixa<\/span><\/span><\/div>\n<div class=\"contentContainer\" data-v-9a871829=\"\">\n<ul data-v-9a871829=\"\">\n<li class=\"\" tabindex=\"0\" data-v-9a871829=\"\"><span dir=\"auto\">Ajuste padr\u00e3o<\/span><\/li>\n<\/ul>\n<\/div>\n<\/div>\n<div class=\"pdp-spec-feature hide-mobile\" data-v-c1d5bbc9=\"\">\n<div class=\"pdp-tabs-header\" data-v-c1d5bbc9=\"\"><span class=\"pdp-tabs-title\" data-v-c1d5bbc9=\"\"><span dir=\"auto\">Composi\u00e7\u00e3o e Cuidados<\/span><\/span><\/div>\n<div class=\"contentContainer\" data-v-c1d5bbc9=\"\">\n<ul data-v-c1d5bbc9=\"\">\n<li tabindex=\"0\" data-v-c1d5bbc9=\"\"><span dir=\"auto\">100% algod\u00e3o<\/span><\/li>\n<li tabindex=\"0\" data-v-c1d5bbc9=\"\"><span dir=\"auto\">Gola redonda com remendo de apito<\/span><\/li>\n<li tabindex=\"0\" data-v-c1d5bbc9=\"\"><span dir=\"auto\">Mangas compridas<\/span><\/li>\n<li tabindex=\"0\" data-v-c1d5bbc9=\"\"><span dir=\"auto\">Lavar \u00e0 m\u00e1quina com \u00e1gua fria &#8211; ciclo normal. Lavar do avesso com cores semelhantes, n\u00e3o usar alvejante, secar em temperatura baixa, passar a ferro em temperatura morna se necess\u00e1rio, lavagem a seco poss\u00edvel.<\/span><\/li>\n<li tabindex=\"0\" data-v-c1d5bbc9=\"\"><span dir=\"auto\">Pa\u00eds de origem Paquist\u00e3o<\/span><\/li>\n<\/ul>\n<\/div>\n<\/div>\n","protected":false},"excerpt":{"rendered":"<p>O felpo franc\u00eas macio encontra uma silhueta cl\u00e1ssica Como n\u00e3o amar? Esta pe\u00e7a vers\u00e1til combina tanto com seus shorts cortados favoritos quanto com cal\u00e7as chino plissadas. Um item b\u00e1sico f\u00e1cil de estilizar que voc\u00ea pode usar com praticamente qualquer coisa Feito de terry franc\u00eas macio Detalhado com o logotipo ic\u00f4nico da Levi&#8217;s\u00ae Como se encaixa [&hellip;]<\/p>\n","protected":false},"featured_media":74604,"comment_status":"closed","ping_status":"closed","template":"","meta":[],"product_cat":[224,221],"product_tag":[],"class_list":{"0":"post-74590","1":"product","2":"type-product","3":"status-publish","4":"has-post-thumbnail","6":"product_cat-camisolas","7":"product_cat-homem","8":"ts_product_brand-levis","10":"first","11":"instock","12":"shipping-taxable","13":"purchasable","14":"product-type-variable"},"yoast_head":"<!-- This site is optimized with the Yoast SEO plugin v27.5 - https:\/\/yoast.com\/product\/yoast-seo-wordpress\/ -->\n<title>Sweat H Levi&#039;s - Guibutik<\/title>\n<meta name=\"robots\" content=\"index, follow, max-snippet:-1, max-image-preview:large, max-video-preview:-1\" \/>\n<link rel=\"canonical\" href=\"https:\/\/www.guibutik.pt\/loja\/produto\/sweat-h-levis\/\" \/>\n<meta property=\"og:locale\" content=\"pt_PT\" \/>\n<meta property=\"og:type\" content=\"article\" \/>\n<meta property=\"og:title\" content=\"Sweat H Levi&#039;s - Guibutik\" \/>\n<meta property=\"og:description\" content=\"O felpo franc\u00eas macio encontra uma silhueta cl\u00e1ssica Como n\u00e3o amar? Esta pe\u00e7a vers\u00e1til combina tanto com seus shorts cortados favoritos quanto com cal\u00e7as chino plissadas. Um item b\u00e1sico f\u00e1cil de estilizar que voc\u00ea pode usar com praticamente qualquer coisa Feito de terry franc\u00eas macio Detalhado com o logotipo ic\u00f4nico da Levi&#8217;s\u00ae Como se encaixa [&hellip;]\" \/>\n<meta property=\"og:url\" content=\"https:\/\/www.guibutik.pt\/loja\/produto\/sweat-h-levis\/\" \/>\n<meta property=\"og:site_name\" content=\"Guibutik\" \/>\n<meta property=\"article:publisher\" content=\"https:\/\/www.facebook.com\/guibutik\/\" \/>\n<meta property=\"article:modified_time\" content=\"2026-03-19T13:21:32+00:00\" \/>\n<meta property=\"og:image\" content=\"https:\/\/www.guibutik.pt\/loja\/wp-content\/uploads\/2025\/09\/35909-0001-3.jpg\" \/>\n\t<meta property=\"og:image:width\" content=\"1690\" \/>\n\t<meta property=\"og:image:height\" content=\"1857\" \/>\n\t<meta property=\"og:image:type\" content=\"image\/jpeg\" \/>\n<meta name=\"twitter:card\" content=\"summary_large_image\" \/>\n<meta name=\"twitter:label1\" content=\"Tempo estimado de leitura\" \/>\n\t<meta name=\"twitter:data1\" content=\"1 minuto\" \/>\n<script type=\"application\/ld+json\" class=\"yoast-schema-graph\">{\"@context\":\"https:\\\/\\\/schema.org\",\"@graph\":[{\"@type\":\"WebPage\",\"@id\":\"https:\\\/\\\/www.guibutik.pt\\\/loja\\\/produto\\\/sweat-h-levis\\\/\",\"url\":\"https:\\\/\\\/www.guibutik.pt\\\/loja\\\/produto\\\/sweat-h-levis\\\/\",\"name\":\"Sweat H Levi's - Guibutik\",\"isPartOf\":{\"@id\":\"https:\\\/\\\/www.guibutik.pt\\\/loja\\\/#website\"},\"primaryImageOfPage\":{\"@id\":\"https:\\\/\\\/www.guibutik.pt\\\/loja\\\/produto\\\/sweat-h-levis\\\/#primaryimage\"},\"image\":{\"@id\":\"https:\\\/\\\/www.guibutik.pt\\\/loja\\\/produto\\\/sweat-h-levis\\\/#primaryimage\"},\"thumbnailUrl\":\"https:\\\/\\\/www.guibutik.pt\\\/loja\\\/wp-content\\\/uploads\\\/2025\\\/09\\\/35909-0001-3.jpg\",\"datePublished\":\"2025-09-08T08:45:06+00:00\",\"dateModified\":\"2026-03-19T13:21:32+00:00\",\"breadcrumb\":{\"@id\":\"https:\\\/\\\/www.guibutik.pt\\\/loja\\\/produto\\\/sweat-h-levis\\\/#breadcrumb\"},\"inLanguage\":\"pt-PT\",\"potentialAction\":[{\"@type\":\"ReadAction\",\"target\":[\"https:\\\/\\\/www.guibutik.pt\\\/loja\\\/produto\\\/sweat-h-levis\\\/\"]}]},{\"@type\":\"ImageObject\",\"inLanguage\":\"pt-PT\",\"@id\":\"https:\\\/\\\/www.guibutik.pt\\\/loja\\\/produto\\\/sweat-h-levis\\\/#primaryimage\",\"url\":\"https:\\\/\\\/www.guibutik.pt\\\/loja\\\/wp-content\\\/uploads\\\/2025\\\/09\\\/35909-0001-3.jpg\",\"contentUrl\":\"https:\\\/\\\/www.guibutik.pt\\\/loja\\\/wp-content\\\/uploads\\\/2025\\\/09\\\/35909-0001-3.jpg\",\"width\":1690,\"height\":1857},{\"@type\":\"BreadcrumbList\",\"@id\":\"https:\\\/\\\/www.guibutik.pt\\\/loja\\\/produto\\\/sweat-h-levis\\\/#breadcrumb\",\"itemListElement\":[{\"@type\":\"ListItem\",\"position\":1,\"name\":\"In\u00edcio\",\"item\":\"https:\\\/\\\/www.guibutik.pt\\\/loja\\\/\"},{\"@type\":\"ListItem\",\"position\":2,\"name\":\"Loja\",\"item\":\"https:\\\/\\\/www.guibutik.pt\\\/loja\\\/shop\\\/\"},{\"@type\":\"ListItem\",\"position\":3,\"name\":\"Sweat H Levi&#8217;s\"}]},{\"@type\":\"WebSite\",\"@id\":\"https:\\\/\\\/www.guibutik.pt\\\/loja\\\/#website\",\"url\":\"https:\\\/\\\/www.guibutik.pt\\\/loja\\\/\",\"name\":\"Guibutik\",\"description\":\"Moda e Sapataria\",\"potentialAction\":[{\"@type\":\"SearchAction\",\"target\":{\"@type\":\"EntryPoint\",\"urlTemplate\":\"https:\\\/\\\/www.guibutik.pt\\\/loja\\\/?s={search_term_string}\"},\"query-input\":{\"@type\":\"PropertyValueSpecification\",\"valueRequired\":true,\"valueName\":\"search_term_string\"}}],\"inLanguage\":\"pt-PT\"}]}<\/script>\n<!-- \/ Yoast SEO plugin. -->","yoast_head_json":{"title":"Sweat H Levi's - Guibutik","robots":{"index":"index","follow":"follow","max-snippet":"max-snippet:-1","max-image-preview":"max-image-preview:large","max-video-preview":"max-video-preview:-1"},"canonical":"https:\/\/www.guibutik.pt\/loja\/produto\/sweat-h-levis\/","og_locale":"pt_PT","og_type":"article","og_title":"Sweat H Levi's - Guibutik","og_description":"O felpo franc\u00eas macio encontra uma silhueta cl\u00e1ssica Como n\u00e3o amar? Esta pe\u00e7a vers\u00e1til combina tanto com seus shorts cortados favoritos quanto com cal\u00e7as chino plissadas. Um item b\u00e1sico f\u00e1cil de estilizar que voc\u00ea pode usar com praticamente qualquer coisa Feito de terry franc\u00eas macio Detalhado com o logotipo ic\u00f4nico da Levi&#8217;s\u00ae Como se encaixa [&hellip;]","og_url":"https:\/\/www.guibutik.pt\/loja\/produto\/sweat-h-levis\/","og_site_name":"Guibutik","article_publisher":"https:\/\/www.facebook.com\/guibutik\/","article_modified_time":"2026-03-19T13:21:32+00:00","og_image":[{"width":1690,"height":1857,"url":"https:\/\/www.guibutik.pt\/loja\/wp-content\/uploads\/2025\/09\/35909-0001-3.jpg","type":"image\/jpeg"}],"twitter_card":"summary_large_image","twitter_misc":{"Tempo estimado de leitura":"1 minuto"},"schema":{"@context":"https:\/\/schema.org","@graph":[{"@type":"WebPage","@id":"https:\/\/www.guibutik.pt\/loja\/produto\/sweat-h-levis\/","url":"https:\/\/www.guibutik.pt\/loja\/produto\/sweat-h-levis\/","name":"Sweat H Levi's - Guibutik","isPartOf":{"@id":"https:\/\/www.guibutik.pt\/loja\/#website"},"primaryImageOfPage":{"@id":"https:\/\/www.guibutik.pt\/loja\/produto\/sweat-h-levis\/#primaryimage"},"image":{"@id":"https:\/\/www.guibutik.pt\/loja\/produto\/sweat-h-levis\/#primaryimage"},"thumbnailUrl":"https:\/\/www.guibutik.pt\/loja\/wp-content\/uploads\/2025\/09\/35909-0001-3.jpg","datePublished":"2025-09-08T08:45:06+00:00","dateModified":"2026-03-19T13:21:32+00:00","breadcrumb":{"@id":"https:\/\/www.guibutik.pt\/loja\/produto\/sweat-h-levis\/#breadcrumb"},"inLanguage":"pt-PT","potentialAction":[{"@type":"ReadAction","target":["https:\/\/www.guibutik.pt\/loja\/produto\/sweat-h-levis\/"]}]},{"@type":"ImageObject","inLanguage":"pt-PT","@id":"https:\/\/www.guibutik.pt\/loja\/produto\/sweat-h-levis\/#primaryimage","url":"https:\/\/www.guibutik.pt\/loja\/wp-content\/uploads\/2025\/09\/35909-0001-3.jpg","contentUrl":"https:\/\/www.guibutik.pt\/loja\/wp-content\/uploads\/2025\/09\/35909-0001-3.jpg","width":1690,"height":1857},{"@type":"BreadcrumbList","@id":"https:\/\/www.guibutik.pt\/loja\/produto\/sweat-h-levis\/#breadcrumb","itemListElement":[{"@type":"ListItem","position":1,"name":"In\u00edcio","item":"https:\/\/www.guibutik.pt\/loja\/"},{"@type":"ListItem","position":2,"name":"Loja","item":"https:\/\/www.guibutik.pt\/loja\/shop\/"},{"@type":"ListItem","position":3,"name":"Sweat H Levi&#8217;s"}]},{"@type":"WebSite","@id":"https:\/\/www.guibutik.pt\/loja\/#website","url":"https:\/\/www.guibutik.pt\/loja\/","name":"Guibutik","description":"Moda e Sapataria","potentialAction":[{"@type":"SearchAction","target":{"@type":"EntryPoint","urlTemplate":"https:\/\/www.guibutik.pt\/loja\/?s={search_term_string}"},"query-input":{"@type":"PropertyValueSpecification","valueRequired":true,"valueName":"search_term_string"}}],"inLanguage":"pt-PT"}]}},"_links":{"self":[{"href":"https:\/\/www.guibutik.pt\/loja\/wp-json\/wp\/v2\/product\/74590","targetHints":{"allow":["GET"]}}],"collection":[{"href":"https:\/\/www.guibutik.pt\/loja\/wp-json\/wp\/v2\/product"}],"about":[{"href":"https:\/\/www.guibutik.pt\/loja\/wp-json\/wp\/v2\/types\/product"}],"replies":[{"embeddable":true,"href":"https:\/\/www.guibutik.pt\/loja\/wp-json\/wp\/v2\/comments?post=74590"}],"wp:featuredmedia":[{"embeddable":true,"href":"https:\/\/www.guibutik.pt\/loja\/wp-json\/wp\/v2\/media\/74604"}],"wp:attachment":[{"href":"https:\/\/www.guibutik.pt\/loja\/wp-json\/wp\/v2\/media?parent=74590"}],"wp:term":[{"taxonomy":"product_cat","embeddable":true,"href":"https:\/\/www.guibutik.pt\/loja\/wp-json\/wp\/v2\/product_cat?post=74590"},{"taxonomy":"product_tag","embeddable":true,"href":"https:\/\/www.guibutik.pt\/loja\/wp-json\/wp\/v2\/product_tag?post=74590"}],"curies":[{"name":"wp","href":"https:\/\/api.w.org\/{rel}","templated":true}]}}