{"id":58727,"date":"2024-03-06T18:43:05","date_gmt":"2024-03-06T17:43:05","guid":{"rendered":"https:\/\/www.guibutik.pt\/loja\/?post_type=product&#038;p=58727"},"modified":"2026-04-30T19:10:23","modified_gmt":"2026-04-30T18:10:23","slug":"lenco-ana-sousa-4","status":"publish","type":"product","link":"https:\/\/www.guibutik.pt\/loja\/produto\/lenco-ana-sousa-4\/","title":{"rendered":"Len\u00e7o Ana Sousa"},"content":{"rendered":"<ul>\n<li>Composi\u00e7\u00e3o<\/li>\n<\/ul>\n<p>Principal: 100%Poli\u00e9ster<\/p>\n<ul>\n<li>Recomenda\u00e7\u00f5es de lavagem<\/li>\n<\/ul>\n<p>Lavar com cores similares<br \/>\nN\u00e3o usar amaciadores<br \/>\nPassar a ferro a baixa temperatura<\/p>\n<ul>\n<li>Instru\u00e7\u00f5es de lavagem<\/li>\n<\/ul>\n<p>Interdito qualquer tipo de branqueamento<\/p>\n<p>N\u00e3o secar em tambor<\/p>\n<p>Passagem a ferro, max. 110\u00baC<\/p>\n<p>Limpeza a seco com percloroetileno ou produtos petrol\u00edferos<\/p>\n<p>Lavagem, programa moderado<\/p>\n","protected":false},"excerpt":{"rendered":"<p>Composi\u00e7\u00e3o Principal: 100%Poli\u00e9ster Recomenda\u00e7\u00f5es de lavagem Lavar com cores similares N\u00e3o usar amaciadores Passar a ferro a baixa temperatura Instru\u00e7\u00f5es de lavagem Interdito qualquer tipo de branqueamento N\u00e3o secar em tambor Passagem a ferro, max. 110\u00baC Limpeza a seco com percloroetileno ou produtos petrol\u00edferos Lavagem, programa moderado<\/p>\n","protected":false},"featured_media":58737,"comment_status":"closed","ping_status":"closed","template":"","meta":[],"product_cat":[232,302],"product_tag":[],"class_list":{"0":"post-58727","1":"product","2":"type-product","3":"status-publish","4":"has-post-thumbnail","6":"product_cat-acessorios","7":"product_cat-lencos-e-cintos","8":"ts_product_brand-ana-sousa","10":"first","11":"instock","12":"shipping-taxable","13":"purchasable","14":"product-type-simple"},"yoast_head":"<!-- This site is optimized with the Yoast SEO plugin v27.6 - https:\/\/yoast.com\/product\/yoast-seo-wordpress\/ -->\n<title>Len\u00e7o Ana Sousa - Guibutik<\/title>\n<meta name=\"robots\" content=\"index, follow, max-snippet:-1, max-image-preview:large, max-video-preview:-1\" \/>\n<link rel=\"canonical\" href=\"https:\/\/www.guibutik.pt\/loja\/produto\/lenco-ana-sousa-4\/\" \/>\n<meta property=\"og:locale\" content=\"pt_PT\" \/>\n<meta property=\"og:type\" content=\"article\" \/>\n<meta property=\"og:title\" content=\"Len\u00e7o Ana Sousa - Guibutik\" \/>\n<meta property=\"og:description\" content=\"Composi\u00e7\u00e3o Principal: 100%Poli\u00e9ster Recomenda\u00e7\u00f5es de lavagem Lavar com cores similares N\u00e3o usar amaciadores Passar a ferro a baixa temperatura Instru\u00e7\u00f5es de lavagem Interdito qualquer tipo de branqueamento N\u00e3o secar em tambor Passagem a ferro, max. 110\u00baC Limpeza a seco com percloroetileno ou produtos petrol\u00edferos Lavagem, programa moderado\" \/>\n<meta property=\"og:url\" content=\"https:\/\/www.guibutik.pt\/loja\/produto\/lenco-ana-sousa-4\/\" \/>\n<meta property=\"og:site_name\" content=\"Guibutik\" \/>\n<meta property=\"article:publisher\" content=\"https:\/\/www.facebook.com\/guibutik\/\" \/>\n<meta property=\"article:modified_time\" content=\"2026-04-30T18:10:23+00:00\" \/>\n<meta property=\"og:image\" content=\"https:\/\/www.guibutik.pt\/loja\/wp-content\/uploads\/2024\/03\/C485-9798-scaled.jpg\" \/>\n\t<meta property=\"og:image:width\" content=\"1707\" \/>\n\t<meta property=\"og:image:height\" content=\"2560\" \/>\n\t<meta property=\"og:image:type\" content=\"image\/jpeg\" \/>\n<meta name=\"twitter:card\" content=\"summary_large_image\" \/>\n<meta name=\"twitter:label1\" content=\"Tempo estimado de leitura\" \/>\n\t<meta name=\"twitter:data1\" content=\"1 minuto\" \/>\n<script type=\"application\/ld+json\" class=\"yoast-schema-graph\">{\"@context\":\"https:\\\/\\\/schema.org\",\"@graph\":[{\"@type\":\"WebPage\",\"@id\":\"https:\\\/\\\/www.guibutik.pt\\\/loja\\\/produto\\\/lenco-ana-sousa-4\\\/\",\"url\":\"https:\\\/\\\/www.guibutik.pt\\\/loja\\\/produto\\\/lenco-ana-sousa-4\\\/\",\"name\":\"Len\u00e7o Ana Sousa - Guibutik\",\"isPartOf\":{\"@id\":\"https:\\\/\\\/www.guibutik.pt\\\/loja\\\/#website\"},\"primaryImageOfPage\":{\"@id\":\"https:\\\/\\\/www.guibutik.pt\\\/loja\\\/produto\\\/lenco-ana-sousa-4\\\/#primaryimage\"},\"image\":{\"@id\":\"https:\\\/\\\/www.guibutik.pt\\\/loja\\\/produto\\\/lenco-ana-sousa-4\\\/#primaryimage\"},\"thumbnailUrl\":\"https:\\\/\\\/www.guibutik.pt\\\/loja\\\/wp-content\\\/uploads\\\/2024\\\/03\\\/C485-9798-scaled.jpg\",\"datePublished\":\"2024-03-06T17:43:05+00:00\",\"dateModified\":\"2026-04-30T18:10:23+00:00\",\"breadcrumb\":{\"@id\":\"https:\\\/\\\/www.guibutik.pt\\\/loja\\\/produto\\\/lenco-ana-sousa-4\\\/#breadcrumb\"},\"inLanguage\":\"pt-PT\",\"potentialAction\":[{\"@type\":\"ReadAction\",\"target\":[\"https:\\\/\\\/www.guibutik.pt\\\/loja\\\/produto\\\/lenco-ana-sousa-4\\\/\"]}]},{\"@type\":\"ImageObject\",\"inLanguage\":\"pt-PT\",\"@id\":\"https:\\\/\\\/www.guibutik.pt\\\/loja\\\/produto\\\/lenco-ana-sousa-4\\\/#primaryimage\",\"url\":\"https:\\\/\\\/www.guibutik.pt\\\/loja\\\/wp-content\\\/uploads\\\/2024\\\/03\\\/C485-9798-scaled.jpg\",\"contentUrl\":\"https:\\\/\\\/www.guibutik.pt\\\/loja\\\/wp-content\\\/uploads\\\/2024\\\/03\\\/C485-9798-scaled.jpg\",\"width\":1707,\"height\":2560},{\"@type\":\"BreadcrumbList\",\"@id\":\"https:\\\/\\\/www.guibutik.pt\\\/loja\\\/produto\\\/lenco-ana-sousa-4\\\/#breadcrumb\",\"itemListElement\":[{\"@type\":\"ListItem\",\"position\":1,\"name\":\"In\u00edcio\",\"item\":\"https:\\\/\\\/www.guibutik.pt\\\/loja\\\/\"},{\"@type\":\"ListItem\",\"position\":2,\"name\":\"Loja\",\"item\":\"https:\\\/\\\/www.guibutik.pt\\\/loja\\\/shop\\\/\"},{\"@type\":\"ListItem\",\"position\":3,\"name\":\"Len\u00e7o Ana Sousa\"}]},{\"@type\":\"WebSite\",\"@id\":\"https:\\\/\\\/www.guibutik.pt\\\/loja\\\/#website\",\"url\":\"https:\\\/\\\/www.guibutik.pt\\\/loja\\\/\",\"name\":\"Guibutik\",\"description\":\"Moda e Sapataria\",\"potentialAction\":[{\"@type\":\"SearchAction\",\"target\":{\"@type\":\"EntryPoint\",\"urlTemplate\":\"https:\\\/\\\/www.guibutik.pt\\\/loja\\\/?s={search_term_string}\"},\"query-input\":{\"@type\":\"PropertyValueSpecification\",\"valueRequired\":true,\"valueName\":\"search_term_string\"}}],\"inLanguage\":\"pt-PT\"}]}<\/script>\n<!-- \/ Yoast SEO plugin. -->","yoast_head_json":{"title":"Len\u00e7o Ana Sousa - Guibutik","robots":{"index":"index","follow":"follow","max-snippet":"max-snippet:-1","max-image-preview":"max-image-preview:large","max-video-preview":"max-video-preview:-1"},"canonical":"https:\/\/www.guibutik.pt\/loja\/produto\/lenco-ana-sousa-4\/","og_locale":"pt_PT","og_type":"article","og_title":"Len\u00e7o Ana Sousa - Guibutik","og_description":"Composi\u00e7\u00e3o Principal: 100%Poli\u00e9ster Recomenda\u00e7\u00f5es de lavagem Lavar com cores similares N\u00e3o usar amaciadores Passar a ferro a baixa temperatura Instru\u00e7\u00f5es de lavagem Interdito qualquer tipo de branqueamento N\u00e3o secar em tambor Passagem a ferro, max. 110\u00baC Limpeza a seco com percloroetileno ou produtos petrol\u00edferos Lavagem, programa moderado","og_url":"https:\/\/www.guibutik.pt\/loja\/produto\/lenco-ana-sousa-4\/","og_site_name":"Guibutik","article_publisher":"https:\/\/www.facebook.com\/guibutik\/","article_modified_time":"2026-04-30T18:10:23+00:00","og_image":[{"width":1707,"height":2560,"url":"https:\/\/www.guibutik.pt\/loja\/wp-content\/uploads\/2024\/03\/C485-9798-scaled.jpg","type":"image\/jpeg"}],"twitter_card":"summary_large_image","twitter_misc":{"Tempo estimado de leitura":"1 minuto"},"schema":{"@context":"https:\/\/schema.org","@graph":[{"@type":"WebPage","@id":"https:\/\/www.guibutik.pt\/loja\/produto\/lenco-ana-sousa-4\/","url":"https:\/\/www.guibutik.pt\/loja\/produto\/lenco-ana-sousa-4\/","name":"Len\u00e7o Ana Sousa - Guibutik","isPartOf":{"@id":"https:\/\/www.guibutik.pt\/loja\/#website"},"primaryImageOfPage":{"@id":"https:\/\/www.guibutik.pt\/loja\/produto\/lenco-ana-sousa-4\/#primaryimage"},"image":{"@id":"https:\/\/www.guibutik.pt\/loja\/produto\/lenco-ana-sousa-4\/#primaryimage"},"thumbnailUrl":"https:\/\/www.guibutik.pt\/loja\/wp-content\/uploads\/2024\/03\/C485-9798-scaled.jpg","datePublished":"2024-03-06T17:43:05+00:00","dateModified":"2026-04-30T18:10:23+00:00","breadcrumb":{"@id":"https:\/\/www.guibutik.pt\/loja\/produto\/lenco-ana-sousa-4\/#breadcrumb"},"inLanguage":"pt-PT","potentialAction":[{"@type":"ReadAction","target":["https:\/\/www.guibutik.pt\/loja\/produto\/lenco-ana-sousa-4\/"]}]},{"@type":"ImageObject","inLanguage":"pt-PT","@id":"https:\/\/www.guibutik.pt\/loja\/produto\/lenco-ana-sousa-4\/#primaryimage","url":"https:\/\/www.guibutik.pt\/loja\/wp-content\/uploads\/2024\/03\/C485-9798-scaled.jpg","contentUrl":"https:\/\/www.guibutik.pt\/loja\/wp-content\/uploads\/2024\/03\/C485-9798-scaled.jpg","width":1707,"height":2560},{"@type":"BreadcrumbList","@id":"https:\/\/www.guibutik.pt\/loja\/produto\/lenco-ana-sousa-4\/#breadcrumb","itemListElement":[{"@type":"ListItem","position":1,"name":"In\u00edcio","item":"https:\/\/www.guibutik.pt\/loja\/"},{"@type":"ListItem","position":2,"name":"Loja","item":"https:\/\/www.guibutik.pt\/loja\/shop\/"},{"@type":"ListItem","position":3,"name":"Len\u00e7o Ana Sousa"}]},{"@type":"WebSite","@id":"https:\/\/www.guibutik.pt\/loja\/#website","url":"https:\/\/www.guibutik.pt\/loja\/","name":"Guibutik","description":"Moda e Sapataria","potentialAction":[{"@type":"SearchAction","target":{"@type":"EntryPoint","urlTemplate":"https:\/\/www.guibutik.pt\/loja\/?s={search_term_string}"},"query-input":{"@type":"PropertyValueSpecification","valueRequired":true,"valueName":"search_term_string"}}],"inLanguage":"pt-PT"}]}},"_links":{"self":[{"href":"https:\/\/www.guibutik.pt\/loja\/wp-json\/wp\/v2\/product\/58727","targetHints":{"allow":["GET"]}}],"collection":[{"href":"https:\/\/www.guibutik.pt\/loja\/wp-json\/wp\/v2\/product"}],"about":[{"href":"https:\/\/www.guibutik.pt\/loja\/wp-json\/wp\/v2\/types\/product"}],"replies":[{"embeddable":true,"href":"https:\/\/www.guibutik.pt\/loja\/wp-json\/wp\/v2\/comments?post=58727"}],"wp:featuredmedia":[{"embeddable":true,"href":"https:\/\/www.guibutik.pt\/loja\/wp-json\/wp\/v2\/media\/58737"}],"wp:attachment":[{"href":"https:\/\/www.guibutik.pt\/loja\/wp-json\/wp\/v2\/media?parent=58727"}],"wp:term":[{"taxonomy":"product_cat","embeddable":true,"href":"https:\/\/www.guibutik.pt\/loja\/wp-json\/wp\/v2\/product_cat?post=58727"},{"taxonomy":"product_tag","embeddable":true,"href":"https:\/\/www.guibutik.pt\/loja\/wp-json\/wp\/v2\/product_tag?post=58727"}],"curies":[{"name":"wp","href":"https:\/\/api.w.org\/{rel}","templated":true}]}}