{"id":57869,"date":"2024-03-01T11:13:35","date_gmt":"2024-03-01T10:13:35","guid":{"rendered":"https:\/\/www.guibutik.pt\/loja\/?post_type=product&#038;p=57869"},"modified":"2025-06-28T17:01:21","modified_gmt":"2025-06-28T16:01:21","slug":"polo-h-dockers","status":"publish","type":"product","link":"https:\/\/www.guibutik.pt\/loja\/produto\/polo-h-dockers\/","title":{"rendered":"Polo H Dockers"},"content":{"rendered":"<p>Dockers\u00ae Originals: Uma cole\u00e7\u00e3o dos estilos mais requintados.\u00a0Esses produtos atemporais, modernos e incrivelmente confort\u00e1veis \u200b\u200bapresentam ajustes e detalhes que amamos acima de tudo.\u00a0Amamos p\u00f3los por v\u00e1rios motivos.\u00a0O principal deles: sua versatilidade incompar\u00e1vel.\u00a0Voc\u00ea pode vesti-los para cima ou para baixo, us\u00e1-los por baixo ou com qualquer coisa, e eles sempre ficar\u00e3o bem.\u00a0Fizemos este com uma mistura de algod\u00e3o reciclado.\u00a0A escolha dos tops f\u00e1ceis: a polo apresenta gola sem enrolamento para um visual n\u00edtido<\/p>\n<ul>\n<li>Ajuste fino: Nosso ajuste fino \u00e9 justo sem parecer confort\u00e1vel &#8211; trouxemos tudo para um visual limpo<\/li>\n<li>Fazemos parcerias com instala\u00e7\u00f5es l\u00edderes do setor que reciclam e utilizam menos \u00e1gua;\u00a0Esta pe\u00e7a \u00e9 confeccionada de forma mais sustent\u00e1vel com nossas t\u00e9cnicas WaterLess\u00ae, que reduzem o uso de \u00e1gua no processo de fabrica\u00e7\u00e3o da pe\u00e7a;\u00a0At\u00e9 agora, a Dockers\u00ae reciclou mais de 47 milh\u00f5es de litros e contando<\/li>\n<li>Usamos algod\u00e3o reciclado para reduzir o uso de fibras virgens e ajudar a manter nosso planeta um pouco mais saud\u00e1vel. Usar fibras recicladas nos ajuda a reduzir o desperd\u00edcio de tecido e a diminuir a quantidade de res\u00edduos que vai para aterros sanit\u00e1rios<\/li>\n<li>Manga curta<\/li>\n<li>Estilo: A47660001<\/li>\n<li>Cor: Blazer Marinho<\/li>\n<li>Pa\u00eds de origem: Paquist\u00e3o<\/li>\n<li>Slim: Afilado em todo o corpo;\u00a0Gola pontuda;\u00a0Ajustado nos ombros<\/li>\n<\/ul>\n<p>Composi\u00e7\u00e3o e cuidados:<\/p>\n<ul>\n<li>Confeccionada em tecido piqu\u00ea de algod\u00e3o texturizado: 70% Algod\u00e3o, 30% Algod\u00e3o Reciclado<\/li>\n<li>M\u00e1quina de lavar frio;\u00a0N\u00e3o utilizar alvejante;\u00a0Secar em temperatura baixa;\u00a0Ferro quente, se necess\u00e1rio;\u00a0Lavagem a seco poss\u00edvel;\u00a0Lave do avesso com cores semelhantes;\u00a0N\u00e3o use amaciantes de roupas<\/li>\n<\/ul>\n","protected":false},"excerpt":{"rendered":"<p>Dockers\u00ae Originals: Uma cole\u00e7\u00e3o dos estilos mais requintados.\u00a0Esses produtos atemporais, modernos e incrivelmente confort\u00e1veis \u200b\u200bapresentam ajustes e detalhes que amamos acima de tudo.\u00a0Amamos p\u00f3los por v\u00e1rios motivos.\u00a0O principal deles: sua versatilidade incompar\u00e1vel.\u00a0Voc\u00ea pode vesti-los para cima ou para baixo, us\u00e1-los por baixo ou com qualquer coisa, e eles sempre ficar\u00e3o bem.\u00a0Fizemos este com uma mistura [&hellip;]<\/p>\n","protected":false},"featured_media":57877,"comment_status":"closed","ping_status":"closed","template":"","meta":[],"product_cat":[221,230],"product_tag":[],"class_list":{"0":"post-57869","1":"product","2":"type-product","3":"status-publish","4":"has-post-thumbnail","6":"product_cat-homem","7":"product_cat-polos","8":"ts_product_brand-dockers","10":"first","11":"instock","12":"shipping-taxable","13":"purchasable","14":"product-type-variable"},"yoast_head":"<!-- This site is optimized with the Yoast SEO plugin v27.6 - https:\/\/yoast.com\/product\/yoast-seo-wordpress\/ -->\n<title>Polo H Dockers - Guibutik<\/title>\n<meta name=\"robots\" content=\"index, follow, max-snippet:-1, max-image-preview:large, max-video-preview:-1\" \/>\n<link rel=\"canonical\" href=\"https:\/\/www.guibutik.pt\/loja\/produto\/polo-h-dockers\/\" \/>\n<meta property=\"og:locale\" content=\"pt_PT\" \/>\n<meta property=\"og:type\" content=\"article\" \/>\n<meta property=\"og:title\" content=\"Polo H Dockers - Guibutik\" \/>\n<meta property=\"og:description\" content=\"Dockers\u00ae Originals: Uma cole\u00e7\u00e3o dos estilos mais requintados.\u00a0Esses produtos atemporais, modernos e incrivelmente confort\u00e1veis \u200b\u200bapresentam ajustes e detalhes que amamos acima de tudo.\u00a0Amamos p\u00f3los por v\u00e1rios motivos.\u00a0O principal deles: sua versatilidade incompar\u00e1vel.\u00a0Voc\u00ea pode vesti-los para cima ou para baixo, us\u00e1-los por baixo ou com qualquer coisa, e eles sempre ficar\u00e3o bem.\u00a0Fizemos este com uma mistura [&hellip;]\" \/>\n<meta property=\"og:url\" content=\"https:\/\/www.guibutik.pt\/loja\/produto\/polo-h-dockers\/\" \/>\n<meta property=\"og:site_name\" content=\"Guibutik\" \/>\n<meta property=\"article:publisher\" content=\"https:\/\/www.facebook.com\/guibutik\/\" \/>\n<meta property=\"article:modified_time\" content=\"2025-06-28T16:01:21+00:00\" \/>\n<meta property=\"og:image\" content=\"https:\/\/www.guibutik.pt\/loja\/wp-content\/uploads\/2024\/02\/A4766-0001.webp\" \/>\n\t<meta property=\"og:image:width\" content=\"720\" \/>\n\t<meta property=\"og:image:height\" content=\"900\" \/>\n\t<meta property=\"og:image:type\" content=\"image\/webp\" \/>\n<meta name=\"twitter:card\" content=\"summary_large_image\" \/>\n<meta name=\"twitter:label1\" content=\"Tempo estimado de leitura\" \/>\n\t<meta name=\"twitter:data1\" content=\"2 minutos\" \/>\n<script type=\"application\/ld+json\" class=\"yoast-schema-graph\">{\"@context\":\"https:\\\/\\\/schema.org\",\"@graph\":[{\"@type\":\"WebPage\",\"@id\":\"https:\\\/\\\/www.guibutik.pt\\\/loja\\\/produto\\\/polo-h-dockers\\\/\",\"url\":\"https:\\\/\\\/www.guibutik.pt\\\/loja\\\/produto\\\/polo-h-dockers\\\/\",\"name\":\"Polo H Dockers - Guibutik\",\"isPartOf\":{\"@id\":\"https:\\\/\\\/www.guibutik.pt\\\/loja\\\/#website\"},\"primaryImageOfPage\":{\"@id\":\"https:\\\/\\\/www.guibutik.pt\\\/loja\\\/produto\\\/polo-h-dockers\\\/#primaryimage\"},\"image\":{\"@id\":\"https:\\\/\\\/www.guibutik.pt\\\/loja\\\/produto\\\/polo-h-dockers\\\/#primaryimage\"},\"thumbnailUrl\":\"https:\\\/\\\/www.guibutik.pt\\\/loja\\\/wp-content\\\/uploads\\\/2024\\\/02\\\/A4766-0001.webp\",\"datePublished\":\"2024-03-01T10:13:35+00:00\",\"dateModified\":\"2025-06-28T16:01:21+00:00\",\"breadcrumb\":{\"@id\":\"https:\\\/\\\/www.guibutik.pt\\\/loja\\\/produto\\\/polo-h-dockers\\\/#breadcrumb\"},\"inLanguage\":\"pt-PT\",\"potentialAction\":[{\"@type\":\"ReadAction\",\"target\":[\"https:\\\/\\\/www.guibutik.pt\\\/loja\\\/produto\\\/polo-h-dockers\\\/\"]}]},{\"@type\":\"ImageObject\",\"inLanguage\":\"pt-PT\",\"@id\":\"https:\\\/\\\/www.guibutik.pt\\\/loja\\\/produto\\\/polo-h-dockers\\\/#primaryimage\",\"url\":\"https:\\\/\\\/www.guibutik.pt\\\/loja\\\/wp-content\\\/uploads\\\/2024\\\/02\\\/A4766-0001.webp\",\"contentUrl\":\"https:\\\/\\\/www.guibutik.pt\\\/loja\\\/wp-content\\\/uploads\\\/2024\\\/02\\\/A4766-0001.webp\",\"width\":720,\"height\":900},{\"@type\":\"BreadcrumbList\",\"@id\":\"https:\\\/\\\/www.guibutik.pt\\\/loja\\\/produto\\\/polo-h-dockers\\\/#breadcrumb\",\"itemListElement\":[{\"@type\":\"ListItem\",\"position\":1,\"name\":\"In\u00edcio\",\"item\":\"https:\\\/\\\/www.guibutik.pt\\\/loja\\\/\"},{\"@type\":\"ListItem\",\"position\":2,\"name\":\"Loja\",\"item\":\"https:\\\/\\\/www.guibutik.pt\\\/loja\\\/shop\\\/\"},{\"@type\":\"ListItem\",\"position\":3,\"name\":\"Polo H Dockers\"}]},{\"@type\":\"WebSite\",\"@id\":\"https:\\\/\\\/www.guibutik.pt\\\/loja\\\/#website\",\"url\":\"https:\\\/\\\/www.guibutik.pt\\\/loja\\\/\",\"name\":\"Guibutik\",\"description\":\"Moda e Sapataria\",\"potentialAction\":[{\"@type\":\"SearchAction\",\"target\":{\"@type\":\"EntryPoint\",\"urlTemplate\":\"https:\\\/\\\/www.guibutik.pt\\\/loja\\\/?s={search_term_string}\"},\"query-input\":{\"@type\":\"PropertyValueSpecification\",\"valueRequired\":true,\"valueName\":\"search_term_string\"}}],\"inLanguage\":\"pt-PT\"}]}<\/script>\n<!-- \/ Yoast SEO plugin. -->","yoast_head_json":{"title":"Polo H Dockers - Guibutik","robots":{"index":"index","follow":"follow","max-snippet":"max-snippet:-1","max-image-preview":"max-image-preview:large","max-video-preview":"max-video-preview:-1"},"canonical":"https:\/\/www.guibutik.pt\/loja\/produto\/polo-h-dockers\/","og_locale":"pt_PT","og_type":"article","og_title":"Polo H Dockers - Guibutik","og_description":"Dockers\u00ae Originals: Uma cole\u00e7\u00e3o dos estilos mais requintados.\u00a0Esses produtos atemporais, modernos e incrivelmente confort\u00e1veis \u200b\u200bapresentam ajustes e detalhes que amamos acima de tudo.\u00a0Amamos p\u00f3los por v\u00e1rios motivos.\u00a0O principal deles: sua versatilidade incompar\u00e1vel.\u00a0Voc\u00ea pode vesti-los para cima ou para baixo, us\u00e1-los por baixo ou com qualquer coisa, e eles sempre ficar\u00e3o bem.\u00a0Fizemos este com uma mistura [&hellip;]","og_url":"https:\/\/www.guibutik.pt\/loja\/produto\/polo-h-dockers\/","og_site_name":"Guibutik","article_publisher":"https:\/\/www.facebook.com\/guibutik\/","article_modified_time":"2025-06-28T16:01:21+00:00","og_image":[{"width":720,"height":900,"url":"https:\/\/www.guibutik.pt\/loja\/wp-content\/uploads\/2024\/02\/A4766-0001.webp","type":"image\/webp"}],"twitter_card":"summary_large_image","twitter_misc":{"Tempo estimado de leitura":"2 minutos"},"schema":{"@context":"https:\/\/schema.org","@graph":[{"@type":"WebPage","@id":"https:\/\/www.guibutik.pt\/loja\/produto\/polo-h-dockers\/","url":"https:\/\/www.guibutik.pt\/loja\/produto\/polo-h-dockers\/","name":"Polo H Dockers - Guibutik","isPartOf":{"@id":"https:\/\/www.guibutik.pt\/loja\/#website"},"primaryImageOfPage":{"@id":"https:\/\/www.guibutik.pt\/loja\/produto\/polo-h-dockers\/#primaryimage"},"image":{"@id":"https:\/\/www.guibutik.pt\/loja\/produto\/polo-h-dockers\/#primaryimage"},"thumbnailUrl":"https:\/\/www.guibutik.pt\/loja\/wp-content\/uploads\/2024\/02\/A4766-0001.webp","datePublished":"2024-03-01T10:13:35+00:00","dateModified":"2025-06-28T16:01:21+00:00","breadcrumb":{"@id":"https:\/\/www.guibutik.pt\/loja\/produto\/polo-h-dockers\/#breadcrumb"},"inLanguage":"pt-PT","potentialAction":[{"@type":"ReadAction","target":["https:\/\/www.guibutik.pt\/loja\/produto\/polo-h-dockers\/"]}]},{"@type":"ImageObject","inLanguage":"pt-PT","@id":"https:\/\/www.guibutik.pt\/loja\/produto\/polo-h-dockers\/#primaryimage","url":"https:\/\/www.guibutik.pt\/loja\/wp-content\/uploads\/2024\/02\/A4766-0001.webp","contentUrl":"https:\/\/www.guibutik.pt\/loja\/wp-content\/uploads\/2024\/02\/A4766-0001.webp","width":720,"height":900},{"@type":"BreadcrumbList","@id":"https:\/\/www.guibutik.pt\/loja\/produto\/polo-h-dockers\/#breadcrumb","itemListElement":[{"@type":"ListItem","position":1,"name":"In\u00edcio","item":"https:\/\/www.guibutik.pt\/loja\/"},{"@type":"ListItem","position":2,"name":"Loja","item":"https:\/\/www.guibutik.pt\/loja\/shop\/"},{"@type":"ListItem","position":3,"name":"Polo H Dockers"}]},{"@type":"WebSite","@id":"https:\/\/www.guibutik.pt\/loja\/#website","url":"https:\/\/www.guibutik.pt\/loja\/","name":"Guibutik","description":"Moda e Sapataria","potentialAction":[{"@type":"SearchAction","target":{"@type":"EntryPoint","urlTemplate":"https:\/\/www.guibutik.pt\/loja\/?s={search_term_string}"},"query-input":{"@type":"PropertyValueSpecification","valueRequired":true,"valueName":"search_term_string"}}],"inLanguage":"pt-PT"}]}},"_links":{"self":[{"href":"https:\/\/www.guibutik.pt\/loja\/wp-json\/wp\/v2\/product\/57869","targetHints":{"allow":["GET"]}}],"collection":[{"href":"https:\/\/www.guibutik.pt\/loja\/wp-json\/wp\/v2\/product"}],"about":[{"href":"https:\/\/www.guibutik.pt\/loja\/wp-json\/wp\/v2\/types\/product"}],"replies":[{"embeddable":true,"href":"https:\/\/www.guibutik.pt\/loja\/wp-json\/wp\/v2\/comments?post=57869"}],"wp:featuredmedia":[{"embeddable":true,"href":"https:\/\/www.guibutik.pt\/loja\/wp-json\/wp\/v2\/media\/57877"}],"wp:attachment":[{"href":"https:\/\/www.guibutik.pt\/loja\/wp-json\/wp\/v2\/media?parent=57869"}],"wp:term":[{"taxonomy":"product_cat","embeddable":true,"href":"https:\/\/www.guibutik.pt\/loja\/wp-json\/wp\/v2\/product_cat?post=57869"},{"taxonomy":"product_tag","embeddable":true,"href":"https:\/\/www.guibutik.pt\/loja\/wp-json\/wp\/v2\/product_tag?post=57869"}],"curies":[{"name":"wp","href":"https:\/\/api.w.org\/{rel}","templated":true}]}}