{"id":55853,"date":"2023-11-02T13:13:21","date_gmt":"2023-11-02T12:13:21","guid":{"rendered":"https:\/\/www.guibutik.pt\/loja\/?post_type=product&#038;p=55853"},"modified":"2025-07-04T16:40:46","modified_gmt":"2025-07-04T15:40:46","slug":"mochila-levis-2","status":"publish","type":"product","link":"https:\/\/www.guibutik.pt\/loja\/produto\/mochila-levis-2\/","title":{"rendered":"Mochila Levi&#8217;s"},"content":{"rendered":"<p><span style=\"color: #202124;\"><span style=\"font-family: inherit;\"><span style=\"font-size: x-large;\"><span lang=\"pt-PT\">20L<\/span><\/span><\/span><\/span><\/p>\n<p>FEITO DE POLI\u00c9STER RECICLADO DUR\u00c1VEL<\/p>\n<p>FORMA DE C\u00daPULA CL\u00c1SSICA<\/p>\n<p>UM COMPARTIMENTO PRINCIPAL + UM BOLSO FRONTAL COM PUXADORES DE CORD ZPPER<\/p>\n<p>BOLSO PARA GARRAFA DE \u00c1GUA EM MALHA, PAINEL TRASEIRO ACOLCHOADO E AL\u00c7AS DE OMBRO AJUST\u00c1VEIS<\/p>\n<p>&nbsp;<\/p>\n","protected":false},"excerpt":{"rendered":"<p>20L FEITO DE POLI\u00c9STER RECICLADO DUR\u00c1VEL FORMA DE C\u00daPULA CL\u00c1SSICA UM COMPARTIMENTO PRINCIPAL + UM BOLSO FRONTAL COM PUXADORES DE CORD ZPPER BOLSO PARA GARRAFA DE \u00c1GUA EM MALHA, PAINEL TRASEIRO ACOLCHOADO E AL\u00c7AS DE OMBRO AJUST\u00c1VEIS &nbsp;<\/p>\n","protected":false},"featured_media":55859,"comment_status":"closed","ping_status":"closed","template":"","meta":[],"product_cat":[232,307],"product_tag":[503],"class_list":{"0":"post-55853","1":"product","2":"type-product","3":"status-publish","4":"has-post-thumbnail","6":"product_cat-acessorios","7":"product_cat-malas-e-mochilas","8":"product_tag-malas","9":"ts_product_brand-levis","11":"first","12":"instock","13":"shipping-taxable","14":"purchasable","15":"product-type-simple"},"yoast_head":"<!-- This site is optimized with the Yoast SEO plugin v27.5 - https:\/\/yoast.com\/product\/yoast-seo-wordpress\/ -->\n<title>Mochila Levi&#039;s - Guibutik<\/title>\n<meta name=\"robots\" content=\"index, follow, max-snippet:-1, max-image-preview:large, max-video-preview:-1\" \/>\n<link rel=\"canonical\" href=\"https:\/\/www.guibutik.pt\/loja\/produto\/mochila-levis-2\/\" \/>\n<meta property=\"og:locale\" content=\"pt_PT\" \/>\n<meta property=\"og:type\" content=\"article\" \/>\n<meta property=\"og:title\" content=\"Mochila Levi&#039;s - Guibutik\" \/>\n<meta property=\"og:description\" content=\"20L FEITO DE POLI\u00c9STER RECICLADO DUR\u00c1VEL FORMA DE C\u00daPULA CL\u00c1SSICA UM COMPARTIMENTO PRINCIPAL + UM BOLSO FRONTAL COM PUXADORES DE CORD ZPPER BOLSO PARA GARRAFA DE \u00c1GUA EM MALHA, PAINEL TRASEIRO ACOLCHOADO E AL\u00c7AS DE OMBRO AJUST\u00c1VEIS &nbsp;\" \/>\n<meta property=\"og:url\" content=\"https:\/\/www.guibutik.pt\/loja\/produto\/mochila-levis-2\/\" \/>\n<meta property=\"og:site_name\" content=\"Guibutik\" \/>\n<meta property=\"article:publisher\" content=\"https:\/\/www.facebook.com\/guibutik\/\" \/>\n<meta property=\"article:modified_time\" content=\"2025-07-04T15:40:46+00:00\" \/>\n<meta property=\"og:image\" content=\"https:\/\/www.guibutik.pt\/loja\/wp-content\/uploads\/2023\/11\/225457.jpg\" \/>\n\t<meta property=\"og:image:width\" content=\"1500\" \/>\n\t<meta property=\"og:image:height\" content=\"2000\" \/>\n\t<meta property=\"og:image:type\" content=\"image\/jpeg\" \/>\n<meta name=\"twitter:card\" content=\"summary_large_image\" \/>\n<meta name=\"twitter:label1\" content=\"Tempo estimado de leitura\" \/>\n\t<meta name=\"twitter:data1\" content=\"1 minuto\" \/>\n<script type=\"application\/ld+json\" class=\"yoast-schema-graph\">{\"@context\":\"https:\\\/\\\/schema.org\",\"@graph\":[{\"@type\":\"WebPage\",\"@id\":\"https:\\\/\\\/www.guibutik.pt\\\/loja\\\/produto\\\/mochila-levis-2\\\/\",\"url\":\"https:\\\/\\\/www.guibutik.pt\\\/loja\\\/produto\\\/mochila-levis-2\\\/\",\"name\":\"Mochila Levi's - Guibutik\",\"isPartOf\":{\"@id\":\"https:\\\/\\\/www.guibutik.pt\\\/loja\\\/#website\"},\"primaryImageOfPage\":{\"@id\":\"https:\\\/\\\/www.guibutik.pt\\\/loja\\\/produto\\\/mochila-levis-2\\\/#primaryimage\"},\"image\":{\"@id\":\"https:\\\/\\\/www.guibutik.pt\\\/loja\\\/produto\\\/mochila-levis-2\\\/#primaryimage\"},\"thumbnailUrl\":\"https:\\\/\\\/www.guibutik.pt\\\/loja\\\/wp-content\\\/uploads\\\/2023\\\/11\\\/225457.jpg\",\"datePublished\":\"2023-11-02T12:13:21+00:00\",\"dateModified\":\"2025-07-04T15:40:46+00:00\",\"breadcrumb\":{\"@id\":\"https:\\\/\\\/www.guibutik.pt\\\/loja\\\/produto\\\/mochila-levis-2\\\/#breadcrumb\"},\"inLanguage\":\"pt-PT\",\"potentialAction\":[{\"@type\":\"ReadAction\",\"target\":[\"https:\\\/\\\/www.guibutik.pt\\\/loja\\\/produto\\\/mochila-levis-2\\\/\"]}]},{\"@type\":\"ImageObject\",\"inLanguage\":\"pt-PT\",\"@id\":\"https:\\\/\\\/www.guibutik.pt\\\/loja\\\/produto\\\/mochila-levis-2\\\/#primaryimage\",\"url\":\"https:\\\/\\\/www.guibutik.pt\\\/loja\\\/wp-content\\\/uploads\\\/2023\\\/11\\\/225457.jpg\",\"contentUrl\":\"https:\\\/\\\/www.guibutik.pt\\\/loja\\\/wp-content\\\/uploads\\\/2023\\\/11\\\/225457.jpg\",\"width\":1500,\"height\":2000},{\"@type\":\"BreadcrumbList\",\"@id\":\"https:\\\/\\\/www.guibutik.pt\\\/loja\\\/produto\\\/mochila-levis-2\\\/#breadcrumb\",\"itemListElement\":[{\"@type\":\"ListItem\",\"position\":1,\"name\":\"In\u00edcio\",\"item\":\"https:\\\/\\\/www.guibutik.pt\\\/loja\\\/\"},{\"@type\":\"ListItem\",\"position\":2,\"name\":\"Loja\",\"item\":\"https:\\\/\\\/www.guibutik.pt\\\/loja\\\/shop\\\/\"},{\"@type\":\"ListItem\",\"position\":3,\"name\":\"Mochila Levi&#8217;s\"}]},{\"@type\":\"WebSite\",\"@id\":\"https:\\\/\\\/www.guibutik.pt\\\/loja\\\/#website\",\"url\":\"https:\\\/\\\/www.guibutik.pt\\\/loja\\\/\",\"name\":\"Guibutik\",\"description\":\"Moda e Sapataria\",\"potentialAction\":[{\"@type\":\"SearchAction\",\"target\":{\"@type\":\"EntryPoint\",\"urlTemplate\":\"https:\\\/\\\/www.guibutik.pt\\\/loja\\\/?s={search_term_string}\"},\"query-input\":{\"@type\":\"PropertyValueSpecification\",\"valueRequired\":true,\"valueName\":\"search_term_string\"}}],\"inLanguage\":\"pt-PT\"}]}<\/script>\n<!-- \/ Yoast SEO plugin. -->","yoast_head_json":{"title":"Mochila Levi's - Guibutik","robots":{"index":"index","follow":"follow","max-snippet":"max-snippet:-1","max-image-preview":"max-image-preview:large","max-video-preview":"max-video-preview:-1"},"canonical":"https:\/\/www.guibutik.pt\/loja\/produto\/mochila-levis-2\/","og_locale":"pt_PT","og_type":"article","og_title":"Mochila Levi's - Guibutik","og_description":"20L FEITO DE POLI\u00c9STER RECICLADO DUR\u00c1VEL FORMA DE C\u00daPULA CL\u00c1SSICA UM COMPARTIMENTO PRINCIPAL + UM BOLSO FRONTAL COM PUXADORES DE CORD ZPPER BOLSO PARA GARRAFA DE \u00c1GUA EM MALHA, PAINEL TRASEIRO ACOLCHOADO E AL\u00c7AS DE OMBRO AJUST\u00c1VEIS &nbsp;","og_url":"https:\/\/www.guibutik.pt\/loja\/produto\/mochila-levis-2\/","og_site_name":"Guibutik","article_publisher":"https:\/\/www.facebook.com\/guibutik\/","article_modified_time":"2025-07-04T15:40:46+00:00","og_image":[{"width":1500,"height":2000,"url":"https:\/\/www.guibutik.pt\/loja\/wp-content\/uploads\/2023\/11\/225457.jpg","type":"image\/jpeg"}],"twitter_card":"summary_large_image","twitter_misc":{"Tempo estimado de leitura":"1 minuto"},"schema":{"@context":"https:\/\/schema.org","@graph":[{"@type":"WebPage","@id":"https:\/\/www.guibutik.pt\/loja\/produto\/mochila-levis-2\/","url":"https:\/\/www.guibutik.pt\/loja\/produto\/mochila-levis-2\/","name":"Mochila Levi's - Guibutik","isPartOf":{"@id":"https:\/\/www.guibutik.pt\/loja\/#website"},"primaryImageOfPage":{"@id":"https:\/\/www.guibutik.pt\/loja\/produto\/mochila-levis-2\/#primaryimage"},"image":{"@id":"https:\/\/www.guibutik.pt\/loja\/produto\/mochila-levis-2\/#primaryimage"},"thumbnailUrl":"https:\/\/www.guibutik.pt\/loja\/wp-content\/uploads\/2023\/11\/225457.jpg","datePublished":"2023-11-02T12:13:21+00:00","dateModified":"2025-07-04T15:40:46+00:00","breadcrumb":{"@id":"https:\/\/www.guibutik.pt\/loja\/produto\/mochila-levis-2\/#breadcrumb"},"inLanguage":"pt-PT","potentialAction":[{"@type":"ReadAction","target":["https:\/\/www.guibutik.pt\/loja\/produto\/mochila-levis-2\/"]}]},{"@type":"ImageObject","inLanguage":"pt-PT","@id":"https:\/\/www.guibutik.pt\/loja\/produto\/mochila-levis-2\/#primaryimage","url":"https:\/\/www.guibutik.pt\/loja\/wp-content\/uploads\/2023\/11\/225457.jpg","contentUrl":"https:\/\/www.guibutik.pt\/loja\/wp-content\/uploads\/2023\/11\/225457.jpg","width":1500,"height":2000},{"@type":"BreadcrumbList","@id":"https:\/\/www.guibutik.pt\/loja\/produto\/mochila-levis-2\/#breadcrumb","itemListElement":[{"@type":"ListItem","position":1,"name":"In\u00edcio","item":"https:\/\/www.guibutik.pt\/loja\/"},{"@type":"ListItem","position":2,"name":"Loja","item":"https:\/\/www.guibutik.pt\/loja\/shop\/"},{"@type":"ListItem","position":3,"name":"Mochila Levi&#8217;s"}]},{"@type":"WebSite","@id":"https:\/\/www.guibutik.pt\/loja\/#website","url":"https:\/\/www.guibutik.pt\/loja\/","name":"Guibutik","description":"Moda e Sapataria","potentialAction":[{"@type":"SearchAction","target":{"@type":"EntryPoint","urlTemplate":"https:\/\/www.guibutik.pt\/loja\/?s={search_term_string}"},"query-input":{"@type":"PropertyValueSpecification","valueRequired":true,"valueName":"search_term_string"}}],"inLanguage":"pt-PT"}]}},"_links":{"self":[{"href":"https:\/\/www.guibutik.pt\/loja\/wp-json\/wp\/v2\/product\/55853","targetHints":{"allow":["GET"]}}],"collection":[{"href":"https:\/\/www.guibutik.pt\/loja\/wp-json\/wp\/v2\/product"}],"about":[{"href":"https:\/\/www.guibutik.pt\/loja\/wp-json\/wp\/v2\/types\/product"}],"replies":[{"embeddable":true,"href":"https:\/\/www.guibutik.pt\/loja\/wp-json\/wp\/v2\/comments?post=55853"}],"wp:featuredmedia":[{"embeddable":true,"href":"https:\/\/www.guibutik.pt\/loja\/wp-json\/wp\/v2\/media\/55859"}],"wp:attachment":[{"href":"https:\/\/www.guibutik.pt\/loja\/wp-json\/wp\/v2\/media?parent=55853"}],"wp:term":[{"taxonomy":"product_cat","embeddable":true,"href":"https:\/\/www.guibutik.pt\/loja\/wp-json\/wp\/v2\/product_cat?post=55853"},{"taxonomy":"product_tag","embeddable":true,"href":"https:\/\/www.guibutik.pt\/loja\/wp-json\/wp\/v2\/product_tag?post=55853"}],"curies":[{"name":"wp","href":"https:\/\/api.w.org\/{rel}","templated":true}]}}