{"id":55312,"date":"2023-10-25T16:34:26","date_gmt":"2023-10-25T15:34:26","guid":{"rendered":"https:\/\/www.guibutik.pt\/loja\/?post_type=product&#038;p=55312"},"modified":"2026-02-18T19:26:00","modified_gmt":"2026-02-18T18:26:00","slug":"blusao-h-levis","status":"publish","type":"product","link":"https:\/\/www.guibutik.pt\/loja\/produto\/blusao-h-levis\/","title":{"rendered":"Blus\u00e3o H Levi&#8217;s"},"content":{"rendered":"<pre id=\"tw-target-text\" class=\"tw-data-text tw-text-large tw-ta\" dir=\"ltr\" data-placeholder=\"Tradu\u00e7\u00e3o\" data-ved=\"2ahUKEwi6mpmnr6CCAxWIUaQEHSzcCS0Q3ewLegQIChAQ\"><span class=\"Y2IQFc\" lang=\"pt\">Um puffer funcional e elegante\r\n\u2022 Isolado para aquecimento extra\r\n\u2022 Com comprimento curto\r\n\u2022 Roupas melhores. melhores escolhas. fizemos esta pe\u00e7a com fibra de poli\u00e9ster reciclada.\r\nInforma\u00e7\u00f5es adicionais\r\n\u2022 Poli\u00e9ster reciclado\r\n\u2022 Lavar \u00e0 m\u00e1quina com ciclo de prensagem sint\u00e9tica\/permanente fria, secar em temperatura \r\nbaixa, n\u00e3o passar, n\u00e3o lavar a seco, n\u00e3o usar amaciantes de roupas, lavar do avesso com \r\ncores semelhantes<\/span><\/pre>\n","protected":false},"excerpt":{"rendered":"<p>Um puffer funcional e elegante \u2022 Isolado para aquecimento extra \u2022 Com comprimento curto \u2022 Roupas melhores. melhores escolhas. fizemos esta pe\u00e7a com fibra de poli\u00e9ster reciclada. Informa\u00e7\u00f5es adicionais \u2022 Poli\u00e9ster reciclado \u2022 Lavar \u00e0 m\u00e1quina com ciclo de prensagem sint\u00e9tica\/permanente fria, secar em temperatura baixa, n\u00e3o passar, n\u00e3o lavar a seco, n\u00e3o usar amaciantes [&hellip;]<\/p>\n","protected":false},"featured_media":55322,"comment_status":"closed","ping_status":"closed","template":"","meta":[],"product_cat":[223,221],"product_tag":[173],"class_list":{"0":"post-55312","1":"product","2":"type-product","3":"status-publish","4":"has-post-thumbnail","6":"product_cat-casacos","7":"product_cat-homem","8":"product_tag-levis","9":"ts_product_brand-levis","11":"first","12":"instock","13":"shipping-taxable","14":"purchasable","15":"product-type-variable"},"yoast_head":"<!-- This site is optimized with the Yoast SEO plugin v27.5 - https:\/\/yoast.com\/product\/yoast-seo-wordpress\/ -->\n<title>Blus\u00e3o H Levi&#039;s - Guibutik<\/title>\n<meta name=\"robots\" content=\"index, follow, max-snippet:-1, max-image-preview:large, max-video-preview:-1\" \/>\n<link rel=\"canonical\" href=\"https:\/\/www.guibutik.pt\/loja\/produto\/blusao-h-levis\/\" \/>\n<meta property=\"og:locale\" content=\"pt_PT\" \/>\n<meta property=\"og:type\" content=\"article\" \/>\n<meta property=\"og:title\" content=\"Blus\u00e3o H Levi&#039;s - Guibutik\" \/>\n<meta property=\"og:description\" content=\"Um puffer funcional e elegante \u2022 Isolado para aquecimento extra \u2022 Com comprimento curto \u2022 Roupas melhores. melhores escolhas. fizemos esta pe\u00e7a com fibra de poli\u00e9ster reciclada. Informa\u00e7\u00f5es adicionais \u2022 Poli\u00e9ster reciclado \u2022 Lavar \u00e0 m\u00e1quina com ciclo de prensagem sint\u00e9tica\/permanente fria, secar em temperatura baixa, n\u00e3o passar, n\u00e3o lavar a seco, n\u00e3o usar amaciantes [&hellip;]\" \/>\n<meta property=\"og:url\" content=\"https:\/\/www.guibutik.pt\/loja\/produto\/blusao-h-levis\/\" \/>\n<meta property=\"og:site_name\" content=\"Guibutik\" \/>\n<meta property=\"article:publisher\" content=\"https:\/\/www.facebook.com\/guibutik\/\" \/>\n<meta property=\"article:modified_time\" content=\"2026-02-18T18:26:00+00:00\" \/>\n<meta property=\"og:image\" content=\"https:\/\/www.guibutik.pt\/loja\/wp-content\/uploads\/2023\/10\/A5626-0000-1.jpg\" \/>\n\t<meta property=\"og:image:width\" content=\"350\" \/>\n\t<meta property=\"og:image:height\" content=\"350\" \/>\n\t<meta property=\"og:image:type\" content=\"image\/jpeg\" \/>\n<meta name=\"twitter:card\" content=\"summary_large_image\" \/>\n<meta name=\"twitter:label1\" content=\"Tempo estimado de leitura\" \/>\n\t<meta name=\"twitter:data1\" content=\"1 minuto\" \/>\n<script type=\"application\/ld+json\" class=\"yoast-schema-graph\">{\"@context\":\"https:\\\/\\\/schema.org\",\"@graph\":[{\"@type\":\"WebPage\",\"@id\":\"https:\\\/\\\/www.guibutik.pt\\\/loja\\\/produto\\\/blusao-h-levis\\\/\",\"url\":\"https:\\\/\\\/www.guibutik.pt\\\/loja\\\/produto\\\/blusao-h-levis\\\/\",\"name\":\"Blus\u00e3o H Levi's - Guibutik\",\"isPartOf\":{\"@id\":\"https:\\\/\\\/www.guibutik.pt\\\/loja\\\/#website\"},\"primaryImageOfPage\":{\"@id\":\"https:\\\/\\\/www.guibutik.pt\\\/loja\\\/produto\\\/blusao-h-levis\\\/#primaryimage\"},\"image\":{\"@id\":\"https:\\\/\\\/www.guibutik.pt\\\/loja\\\/produto\\\/blusao-h-levis\\\/#primaryimage\"},\"thumbnailUrl\":\"https:\\\/\\\/www.guibutik.pt\\\/loja\\\/wp-content\\\/uploads\\\/2023\\\/10\\\/A5626-0000-1.jpg\",\"datePublished\":\"2023-10-25T15:34:26+00:00\",\"dateModified\":\"2026-02-18T18:26:00+00:00\",\"breadcrumb\":{\"@id\":\"https:\\\/\\\/www.guibutik.pt\\\/loja\\\/produto\\\/blusao-h-levis\\\/#breadcrumb\"},\"inLanguage\":\"pt-PT\",\"potentialAction\":[{\"@type\":\"ReadAction\",\"target\":[\"https:\\\/\\\/www.guibutik.pt\\\/loja\\\/produto\\\/blusao-h-levis\\\/\"]}]},{\"@type\":\"ImageObject\",\"inLanguage\":\"pt-PT\",\"@id\":\"https:\\\/\\\/www.guibutik.pt\\\/loja\\\/produto\\\/blusao-h-levis\\\/#primaryimage\",\"url\":\"https:\\\/\\\/www.guibutik.pt\\\/loja\\\/wp-content\\\/uploads\\\/2023\\\/10\\\/A5626-0000-1.jpg\",\"contentUrl\":\"https:\\\/\\\/www.guibutik.pt\\\/loja\\\/wp-content\\\/uploads\\\/2023\\\/10\\\/A5626-0000-1.jpg\",\"width\":350,\"height\":350},{\"@type\":\"BreadcrumbList\",\"@id\":\"https:\\\/\\\/www.guibutik.pt\\\/loja\\\/produto\\\/blusao-h-levis\\\/#breadcrumb\",\"itemListElement\":[{\"@type\":\"ListItem\",\"position\":1,\"name\":\"In\u00edcio\",\"item\":\"https:\\\/\\\/www.guibutik.pt\\\/loja\\\/\"},{\"@type\":\"ListItem\",\"position\":2,\"name\":\"Loja\",\"item\":\"https:\\\/\\\/www.guibutik.pt\\\/loja\\\/shop\\\/\"},{\"@type\":\"ListItem\",\"position\":3,\"name\":\"Blus\u00e3o H Levi&#8217;s\"}]},{\"@type\":\"WebSite\",\"@id\":\"https:\\\/\\\/www.guibutik.pt\\\/loja\\\/#website\",\"url\":\"https:\\\/\\\/www.guibutik.pt\\\/loja\\\/\",\"name\":\"Guibutik\",\"description\":\"Moda e Sapataria\",\"potentialAction\":[{\"@type\":\"SearchAction\",\"target\":{\"@type\":\"EntryPoint\",\"urlTemplate\":\"https:\\\/\\\/www.guibutik.pt\\\/loja\\\/?s={search_term_string}\"},\"query-input\":{\"@type\":\"PropertyValueSpecification\",\"valueRequired\":true,\"valueName\":\"search_term_string\"}}],\"inLanguage\":\"pt-PT\"}]}<\/script>\n<!-- \/ Yoast SEO plugin. -->","yoast_head_json":{"title":"Blus\u00e3o H Levi's - Guibutik","robots":{"index":"index","follow":"follow","max-snippet":"max-snippet:-1","max-image-preview":"max-image-preview:large","max-video-preview":"max-video-preview:-1"},"canonical":"https:\/\/www.guibutik.pt\/loja\/produto\/blusao-h-levis\/","og_locale":"pt_PT","og_type":"article","og_title":"Blus\u00e3o H Levi's - Guibutik","og_description":"Um puffer funcional e elegante \u2022 Isolado para aquecimento extra \u2022 Com comprimento curto \u2022 Roupas melhores. melhores escolhas. fizemos esta pe\u00e7a com fibra de poli\u00e9ster reciclada. Informa\u00e7\u00f5es adicionais \u2022 Poli\u00e9ster reciclado \u2022 Lavar \u00e0 m\u00e1quina com ciclo de prensagem sint\u00e9tica\/permanente fria, secar em temperatura baixa, n\u00e3o passar, n\u00e3o lavar a seco, n\u00e3o usar amaciantes [&hellip;]","og_url":"https:\/\/www.guibutik.pt\/loja\/produto\/blusao-h-levis\/","og_site_name":"Guibutik","article_publisher":"https:\/\/www.facebook.com\/guibutik\/","article_modified_time":"2026-02-18T18:26:00+00:00","og_image":[{"width":350,"height":350,"url":"https:\/\/www.guibutik.pt\/loja\/wp-content\/uploads\/2023\/10\/A5626-0000-1.jpg","type":"image\/jpeg"}],"twitter_card":"summary_large_image","twitter_misc":{"Tempo estimado de leitura":"1 minuto"},"schema":{"@context":"https:\/\/schema.org","@graph":[{"@type":"WebPage","@id":"https:\/\/www.guibutik.pt\/loja\/produto\/blusao-h-levis\/","url":"https:\/\/www.guibutik.pt\/loja\/produto\/blusao-h-levis\/","name":"Blus\u00e3o H Levi's - Guibutik","isPartOf":{"@id":"https:\/\/www.guibutik.pt\/loja\/#website"},"primaryImageOfPage":{"@id":"https:\/\/www.guibutik.pt\/loja\/produto\/blusao-h-levis\/#primaryimage"},"image":{"@id":"https:\/\/www.guibutik.pt\/loja\/produto\/blusao-h-levis\/#primaryimage"},"thumbnailUrl":"https:\/\/www.guibutik.pt\/loja\/wp-content\/uploads\/2023\/10\/A5626-0000-1.jpg","datePublished":"2023-10-25T15:34:26+00:00","dateModified":"2026-02-18T18:26:00+00:00","breadcrumb":{"@id":"https:\/\/www.guibutik.pt\/loja\/produto\/blusao-h-levis\/#breadcrumb"},"inLanguage":"pt-PT","potentialAction":[{"@type":"ReadAction","target":["https:\/\/www.guibutik.pt\/loja\/produto\/blusao-h-levis\/"]}]},{"@type":"ImageObject","inLanguage":"pt-PT","@id":"https:\/\/www.guibutik.pt\/loja\/produto\/blusao-h-levis\/#primaryimage","url":"https:\/\/www.guibutik.pt\/loja\/wp-content\/uploads\/2023\/10\/A5626-0000-1.jpg","contentUrl":"https:\/\/www.guibutik.pt\/loja\/wp-content\/uploads\/2023\/10\/A5626-0000-1.jpg","width":350,"height":350},{"@type":"BreadcrumbList","@id":"https:\/\/www.guibutik.pt\/loja\/produto\/blusao-h-levis\/#breadcrumb","itemListElement":[{"@type":"ListItem","position":1,"name":"In\u00edcio","item":"https:\/\/www.guibutik.pt\/loja\/"},{"@type":"ListItem","position":2,"name":"Loja","item":"https:\/\/www.guibutik.pt\/loja\/shop\/"},{"@type":"ListItem","position":3,"name":"Blus\u00e3o H Levi&#8217;s"}]},{"@type":"WebSite","@id":"https:\/\/www.guibutik.pt\/loja\/#website","url":"https:\/\/www.guibutik.pt\/loja\/","name":"Guibutik","description":"Moda e Sapataria","potentialAction":[{"@type":"SearchAction","target":{"@type":"EntryPoint","urlTemplate":"https:\/\/www.guibutik.pt\/loja\/?s={search_term_string}"},"query-input":{"@type":"PropertyValueSpecification","valueRequired":true,"valueName":"search_term_string"}}],"inLanguage":"pt-PT"}]}},"_links":{"self":[{"href":"https:\/\/www.guibutik.pt\/loja\/wp-json\/wp\/v2\/product\/55312","targetHints":{"allow":["GET"]}}],"collection":[{"href":"https:\/\/www.guibutik.pt\/loja\/wp-json\/wp\/v2\/product"}],"about":[{"href":"https:\/\/www.guibutik.pt\/loja\/wp-json\/wp\/v2\/types\/product"}],"replies":[{"embeddable":true,"href":"https:\/\/www.guibutik.pt\/loja\/wp-json\/wp\/v2\/comments?post=55312"}],"wp:featuredmedia":[{"embeddable":true,"href":"https:\/\/www.guibutik.pt\/loja\/wp-json\/wp\/v2\/media\/55322"}],"wp:attachment":[{"href":"https:\/\/www.guibutik.pt\/loja\/wp-json\/wp\/v2\/media?parent=55312"}],"wp:term":[{"taxonomy":"product_cat","embeddable":true,"href":"https:\/\/www.guibutik.pt\/loja\/wp-json\/wp\/v2\/product_cat?post=55312"},{"taxonomy":"product_tag","embeddable":true,"href":"https:\/\/www.guibutik.pt\/loja\/wp-json\/wp\/v2\/product_tag?post=55312"}],"curies":[{"name":"wp","href":"https:\/\/api.w.org\/{rel}","templated":true}]}}