{"id":47997,"date":"2023-03-28T13:57:21","date_gmt":"2023-03-28T12:57:21","guid":{"rendered":"https:\/\/www.guibutik.pt\/loja\/?post_type=product&#038;p=47997"},"modified":"2026-03-05T19:58:32","modified_gmt":"2026-03-05T18:58:32","slug":"sandalis-giady-chicco","status":"publish","type":"product","link":"https:\/\/www.guibutik.pt\/loja\/produto\/sandalis-giady-chicco\/","title":{"rendered":"Sand\u00e1lis Giady Chicco"},"content":{"rendered":"<div class=\"row\">\n<div class=\"col custom_mb20\">\n<p>&nbsp;<\/p>\n<\/div>\n<\/div>\n<div class=\"row\">\n<div class=\"col custom_mb20\">\n<div class=\"product-container-card description-icons-section\">\n<div>\n<div class=\"product-attribute-img-wrapper\" title=\"\" data-toggle=\"popover\" data-placement=\"bottom\" data-content=\"Impronta Naturale Chicco: l\u2019esclusivo sottopiede che asseconda il naturale sviluppo dell\u2019arco plantare.\" data-original-title=\"\">\n<p><img loading=\"lazy\" decoding=\"async\" class=\"card-img\" src=\"https:\/\/www.chicco.it\/on\/demandware.static\/Sites-Chicco-Italy-Site\/-\/default\/dwaae2691d\/images\/natural_footprint_chicco.svg\" alt=\"natural_footprint_chicco\" width=\"76\" height=\"76\" \/><\/p>\n<p class=\"text-center font-xs mb-0\">Palmilha<\/p>\n<\/div>\n<\/div>\n<div>\n<div class=\"product-attribute-img-wrapper\" title=\"\" data-toggle=\"popover\" data-placement=\"bottom\" data-content=\"Studiato in collaborazione con Biomechanics Lab.\" data-original-title=\"\">\n<p><img loading=\"lazy\" decoding=\"async\" class=\"card-img\" src=\"https:\/\/www.chicco.it\/on\/demandware.static\/Sites-Chicco-Italy-Site\/-\/default\/dwf39c0fa8\/images\/biomechanical.svg\" alt=\"biomec\u00e2nico\" width=\"83\" height=\"83\" \/><\/p>\n<p class=\"text-center font-xs mb-0\">Estudou no BM LAB<\/p>\n<\/div>\n<\/div>\n<div>\n<div class=\"product-attribute-img-wrapper\" title=\"\" data-toggle=\"popover\" data-placement=\"bottom\" data-content=\"I morbidi rilievi presenti sul sottopiede permettono la costante stimolazione della pianta del piede, per il naturale sviluppo dell\u2019arco plantare.\" data-original-title=\"\">\n<p><img loading=\"lazy\" decoding=\"async\" class=\"card-img\" src=\"https:\/\/www.chicco.it\/on\/demandware.static\/Sites-Chicco-Italy-Site\/-\/default\/dwb6f7445b\/images\/plantar_stimulation.svg\" alt=\"estimula\u00e7\u00e3o_plantar\" width=\"78\" height=\"78\" \/><\/p>\n<p class=\"text-center font-xs mb-0\">Arco Plantar<\/p>\n<\/div>\n<\/div>\n<div>\n<div class=\"product-attribute-img-wrapper\" title=\"\" data-toggle=\"popover\" data-placement=\"bottom\" data-content=\"Semplici da indossare e resistenti.\" data-original-title=\"\">\n<p><img loading=\"lazy\" decoding=\"async\" class=\"card-img\" src=\"https:\/\/www.chicco.it\/on\/demandware.static\/Sites-Chicco-Italy-Site\/-\/default\/dw9d412181\/images\/practical.svg\" alt=\"pr\u00e1tico\" width=\"73\" height=\"73\" \/><\/p>\n<p class=\"text-center font-xs mb-0\">Pr\u00e1ticas<\/p>\n<\/div>\n<\/div>\n<div>\n<div class=\"product-attribute-img-wrapper\" title=\"\" data-toggle=\"popover\" data-placement=\"bottom\" data-content=\"Fanno traspirare il piedino.\" data-original-title=\"\">\n<p><img loading=\"lazy\" decoding=\"async\" class=\"card-img\" src=\"https:\/\/www.chicco.it\/on\/demandware.static\/Sites-Chicco-Italy-Site\/-\/default\/dw1e807e43\/images\/breathable.svg\" alt=\"respir\u00e1vel\" width=\"71\" height=\"71\" \/><\/p>\n<p class=\"text-center font-xs mb-0\">Respir\u00e1vel<\/p>\n<\/div>\n<\/div>\n<div>\n<div class=\"product-attribute-img-wrapper\" title=\"\" data-toggle=\"popover\" data-placement=\"bottom\" data-content=\"Comode e lasciano la libert\u00e0 di movimento al piedino.\" data-original-title=\"\">\n<p><img loading=\"lazy\" decoding=\"async\" class=\"card-img\" src=\"https:\/\/www.chicco.it\/on\/demandware.static\/Sites-Chicco-Italy-Site\/-\/default\/dw803da7c4\/images\/comfortable.svg\" alt=\"confort\u00e1vel\" width=\"80\" height=\"80\" \/><\/p>\n<p class=\"text-center font-xs mb-0\">Confort\u00e1vel<\/p>\n<\/div>\n<\/div>\n<div>\n<div class=\"product-attribute-img-wrapper\" title=\"\" data-toggle=\"popover\" data-placement=\"bottom\" data-content=\"Seguono ed assecondano i movimenti naturali del piedino.\" data-original-title=\"\">\n<p><img loading=\"lazy\" decoding=\"async\" class=\"card-img\" src=\"https:\/\/www.chicco.it\/on\/demandware.static\/Sites-Chicco-Italy-Site\/-\/default\/dw961f5591\/images\/flexible.svg\" alt=\"flex\u00edvel\" width=\"69\" height=\"69\" \/><\/p>\n<p class=\"text-center font-xs mb-0\">Flex\u00edvel<\/p>\n<\/div>\n<\/div>\n<div>\n<div class=\"product-attribute-img-wrapper\" title=\"\" data-toggle=\"popover\" data-placement=\"bottom\" data-content=\"Non affaticano la muscolatura del bambino.\" data-original-title=\"\" aria-describedby=\"popover5323\">\n<p><img loading=\"lazy\" decoding=\"async\" class=\"card-img\" src=\"https:\/\/www.chicco.it\/on\/demandware.static\/Sites-Chicco-Italy-Site\/-\/default\/dw6384d7e6\/images\/lightweight.svg\" alt=\"leve\" width=\"74\" height=\"74\" \/><\/p>\n<p class=\"text-center font-xs mb-0\">Luz<\/p>\n<\/div>\n<\/div>\n<\/div>\n<\/div>\n<\/div>\n","protected":false},"excerpt":{"rendered":"<ul class=\"list-style description-section\">\n<li>Sand\u00e1lia fechada para menina da linha &#8220;Chicco Imparo&#8221; em material laminado prata com acess\u00f3rio em forma de cora\u00e7\u00e3o.\u00a0Ajuste de velcro duplo pr\u00e1tico e confort\u00e1vel<\/li>\n<li>&#8220;Chicco Imparo&#8221; o sapato que ensina a crian\u00e7a a aprender a andar de forma mais natural<\/li>\n<li>forma arredondada<\/li>\n<li>ajust\u00e1vel com velcro<\/li>\n<li>Sola &#8220;Flex-zone&#8221; com linhas flex\u00edveis para garantir a flexibilidade natural do p\u00e9<\/li>\n<li>&#8220;Impronta Naturale Chicco&#8221; a palmilha exclusiva que favorece o desenvolvimento natural do arco plantar<\/li>\n<\/ul>\n","protected":false},"featured_media":48005,"comment_status":"closed","ping_status":"closed","template":"","meta":[],"product_cat":[296,267,236,552],"product_tag":[],"class_list":{"0":"post-47997","1":"product","2":"type-product","3":"status-publish","4":"has-post-thumbnail","6":"product_cat-calcado-menina","7":"product_cat-crianca","8":"product_cat-menina","9":"product_cat-sandalia","10":"ts_product_brand-chicco","12":"first","13":"instock","14":"shipping-taxable","15":"purchasable","16":"product-type-variable"},"yoast_head":"<!-- This site is optimized with the Yoast SEO plugin v27.5 - https:\/\/yoast.com\/product\/yoast-seo-wordpress\/ -->\n<title>Sand\u00e1lis Giady Chicco - Guibutik<\/title>\n<meta name=\"robots\" content=\"index, follow, max-snippet:-1, max-image-preview:large, max-video-preview:-1\" \/>\n<link rel=\"canonical\" href=\"https:\/\/www.guibutik.pt\/loja\/produto\/sandalis-giady-chicco\/\" \/>\n<meta property=\"og:locale\" content=\"pt_PT\" \/>\n<meta property=\"og:type\" content=\"article\" \/>\n<meta property=\"og:title\" content=\"Sand\u00e1lis Giady Chicco - Guibutik\" \/>\n<meta property=\"og:description\" content=\"Sand\u00e1lia fechada para menina da linha &quot;Chicco Imparo&quot; em material laminado prata com acess\u00f3rio em forma de cora\u00e7\u00e3o.\u00a0Ajuste de velcro duplo pr\u00e1tico e confort\u00e1vel  &quot;Chicco Imparo&quot; o sapato que ensina a crian\u00e7a a aprender a andar de forma mais natural  forma arredondada  ajust\u00e1vel com velcro  Sola &quot;Flex-zone&quot; com linhas flex\u00edveis para garantir a flexibilidade natural do p\u00e9  &quot;Impronta Naturale Chicco&quot; a palmilha exclusiva que favorece o desenvolvimento natural do arco plantar\" \/>\n<meta property=\"og:url\" content=\"https:\/\/www.guibutik.pt\/loja\/produto\/sandalis-giady-chicco\/\" \/>\n<meta property=\"og:site_name\" content=\"Guibutik\" \/>\n<meta property=\"article:publisher\" content=\"https:\/\/www.facebook.com\/guibutik\/\" \/>\n<meta property=\"article:modified_time\" content=\"2026-03-05T18:58:32+00:00\" \/>\n<meta property=\"og:image\" content=\"https:\/\/www.guibutik.pt\/loja\/wp-content\/uploads\/2023\/03\/01069063000000_020_01_06906302023010001_1280x1280.jpg\" \/>\n\t<meta property=\"og:image:width\" content=\"1280\" \/>\n\t<meta property=\"og:image:height\" content=\"1280\" \/>\n\t<meta property=\"og:image:type\" content=\"image\/jpeg\" \/>\n<meta name=\"twitter:card\" content=\"summary_large_image\" \/>\n<meta name=\"twitter:label1\" content=\"Tempo estimado de leitura\" \/>\n\t<meta name=\"twitter:data1\" content=\"2 minutos\" \/>\n<script type=\"application\/ld+json\" class=\"yoast-schema-graph\">{\"@context\":\"https:\\\/\\\/schema.org\",\"@graph\":[{\"@type\":\"WebPage\",\"@id\":\"https:\\\/\\\/www.guibutik.pt\\\/loja\\\/produto\\\/sandalis-giady-chicco\\\/\",\"url\":\"https:\\\/\\\/www.guibutik.pt\\\/loja\\\/produto\\\/sandalis-giady-chicco\\\/\",\"name\":\"Sand\u00e1lis Giady Chicco - Guibutik\",\"isPartOf\":{\"@id\":\"https:\\\/\\\/www.guibutik.pt\\\/loja\\\/#website\"},\"primaryImageOfPage\":{\"@id\":\"https:\\\/\\\/www.guibutik.pt\\\/loja\\\/produto\\\/sandalis-giady-chicco\\\/#primaryimage\"},\"image\":{\"@id\":\"https:\\\/\\\/www.guibutik.pt\\\/loja\\\/produto\\\/sandalis-giady-chicco\\\/#primaryimage\"},\"thumbnailUrl\":\"https:\\\/\\\/www.guibutik.pt\\\/loja\\\/wp-content\\\/uploads\\\/2023\\\/03\\\/01069063000000_020_01_06906302023010001_1280x1280.jpg\",\"datePublished\":\"2023-03-28T12:57:21+00:00\",\"dateModified\":\"2026-03-05T18:58:32+00:00\",\"breadcrumb\":{\"@id\":\"https:\\\/\\\/www.guibutik.pt\\\/loja\\\/produto\\\/sandalis-giady-chicco\\\/#breadcrumb\"},\"inLanguage\":\"pt-PT\",\"potentialAction\":[{\"@type\":\"ReadAction\",\"target\":[\"https:\\\/\\\/www.guibutik.pt\\\/loja\\\/produto\\\/sandalis-giady-chicco\\\/\"]}]},{\"@type\":\"ImageObject\",\"inLanguage\":\"pt-PT\",\"@id\":\"https:\\\/\\\/www.guibutik.pt\\\/loja\\\/produto\\\/sandalis-giady-chicco\\\/#primaryimage\",\"url\":\"https:\\\/\\\/www.guibutik.pt\\\/loja\\\/wp-content\\\/uploads\\\/2023\\\/03\\\/01069063000000_020_01_06906302023010001_1280x1280.jpg\",\"contentUrl\":\"https:\\\/\\\/www.guibutik.pt\\\/loja\\\/wp-content\\\/uploads\\\/2023\\\/03\\\/01069063000000_020_01_06906302023010001_1280x1280.jpg\",\"width\":1280,\"height\":1280},{\"@type\":\"BreadcrumbList\",\"@id\":\"https:\\\/\\\/www.guibutik.pt\\\/loja\\\/produto\\\/sandalis-giady-chicco\\\/#breadcrumb\",\"itemListElement\":[{\"@type\":\"ListItem\",\"position\":1,\"name\":\"In\u00edcio\",\"item\":\"https:\\\/\\\/www.guibutik.pt\\\/loja\\\/\"},{\"@type\":\"ListItem\",\"position\":2,\"name\":\"Loja\",\"item\":\"https:\\\/\\\/www.guibutik.pt\\\/loja\\\/shop\\\/\"},{\"@type\":\"ListItem\",\"position\":3,\"name\":\"Sand\u00e1lis Giady Chicco\"}]},{\"@type\":\"WebSite\",\"@id\":\"https:\\\/\\\/www.guibutik.pt\\\/loja\\\/#website\",\"url\":\"https:\\\/\\\/www.guibutik.pt\\\/loja\\\/\",\"name\":\"Guibutik\",\"description\":\"Moda e Sapataria\",\"potentialAction\":[{\"@type\":\"SearchAction\",\"target\":{\"@type\":\"EntryPoint\",\"urlTemplate\":\"https:\\\/\\\/www.guibutik.pt\\\/loja\\\/?s={search_term_string}\"},\"query-input\":{\"@type\":\"PropertyValueSpecification\",\"valueRequired\":true,\"valueName\":\"search_term_string\"}}],\"inLanguage\":\"pt-PT\"}]}<\/script>\n<!-- \/ Yoast SEO plugin. -->","yoast_head_json":{"title":"Sand\u00e1lis Giady Chicco - Guibutik","robots":{"index":"index","follow":"follow","max-snippet":"max-snippet:-1","max-image-preview":"max-image-preview:large","max-video-preview":"max-video-preview:-1"},"canonical":"https:\/\/www.guibutik.pt\/loja\/produto\/sandalis-giady-chicco\/","og_locale":"pt_PT","og_type":"article","og_title":"Sand\u00e1lis Giady Chicco - Guibutik","og_description":"Sand\u00e1lia fechada para menina da linha \"Chicco Imparo\" em material laminado prata com acess\u00f3rio em forma de cora\u00e7\u00e3o.\u00a0Ajuste de velcro duplo pr\u00e1tico e confort\u00e1vel  \"Chicco Imparo\" o sapato que ensina a crian\u00e7a a aprender a andar de forma mais natural  forma arredondada  ajust\u00e1vel com velcro  Sola \"Flex-zone\" com linhas flex\u00edveis para garantir a flexibilidade natural do p\u00e9  \"Impronta Naturale Chicco\" a palmilha exclusiva que favorece o desenvolvimento natural do arco plantar","og_url":"https:\/\/www.guibutik.pt\/loja\/produto\/sandalis-giady-chicco\/","og_site_name":"Guibutik","article_publisher":"https:\/\/www.facebook.com\/guibutik\/","article_modified_time":"2026-03-05T18:58:32+00:00","og_image":[{"width":1280,"height":1280,"url":"https:\/\/www.guibutik.pt\/loja\/wp-content\/uploads\/2023\/03\/01069063000000_020_01_06906302023010001_1280x1280.jpg","type":"image\/jpeg"}],"twitter_card":"summary_large_image","twitter_misc":{"Tempo estimado de leitura":"2 minutos"},"schema":{"@context":"https:\/\/schema.org","@graph":[{"@type":"WebPage","@id":"https:\/\/www.guibutik.pt\/loja\/produto\/sandalis-giady-chicco\/","url":"https:\/\/www.guibutik.pt\/loja\/produto\/sandalis-giady-chicco\/","name":"Sand\u00e1lis Giady Chicco - Guibutik","isPartOf":{"@id":"https:\/\/www.guibutik.pt\/loja\/#website"},"primaryImageOfPage":{"@id":"https:\/\/www.guibutik.pt\/loja\/produto\/sandalis-giady-chicco\/#primaryimage"},"image":{"@id":"https:\/\/www.guibutik.pt\/loja\/produto\/sandalis-giady-chicco\/#primaryimage"},"thumbnailUrl":"https:\/\/www.guibutik.pt\/loja\/wp-content\/uploads\/2023\/03\/01069063000000_020_01_06906302023010001_1280x1280.jpg","datePublished":"2023-03-28T12:57:21+00:00","dateModified":"2026-03-05T18:58:32+00:00","breadcrumb":{"@id":"https:\/\/www.guibutik.pt\/loja\/produto\/sandalis-giady-chicco\/#breadcrumb"},"inLanguage":"pt-PT","potentialAction":[{"@type":"ReadAction","target":["https:\/\/www.guibutik.pt\/loja\/produto\/sandalis-giady-chicco\/"]}]},{"@type":"ImageObject","inLanguage":"pt-PT","@id":"https:\/\/www.guibutik.pt\/loja\/produto\/sandalis-giady-chicco\/#primaryimage","url":"https:\/\/www.guibutik.pt\/loja\/wp-content\/uploads\/2023\/03\/01069063000000_020_01_06906302023010001_1280x1280.jpg","contentUrl":"https:\/\/www.guibutik.pt\/loja\/wp-content\/uploads\/2023\/03\/01069063000000_020_01_06906302023010001_1280x1280.jpg","width":1280,"height":1280},{"@type":"BreadcrumbList","@id":"https:\/\/www.guibutik.pt\/loja\/produto\/sandalis-giady-chicco\/#breadcrumb","itemListElement":[{"@type":"ListItem","position":1,"name":"In\u00edcio","item":"https:\/\/www.guibutik.pt\/loja\/"},{"@type":"ListItem","position":2,"name":"Loja","item":"https:\/\/www.guibutik.pt\/loja\/shop\/"},{"@type":"ListItem","position":3,"name":"Sand\u00e1lis Giady Chicco"}]},{"@type":"WebSite","@id":"https:\/\/www.guibutik.pt\/loja\/#website","url":"https:\/\/www.guibutik.pt\/loja\/","name":"Guibutik","description":"Moda e Sapataria","potentialAction":[{"@type":"SearchAction","target":{"@type":"EntryPoint","urlTemplate":"https:\/\/www.guibutik.pt\/loja\/?s={search_term_string}"},"query-input":{"@type":"PropertyValueSpecification","valueRequired":true,"valueName":"search_term_string"}}],"inLanguage":"pt-PT"}]}},"_links":{"self":[{"href":"https:\/\/www.guibutik.pt\/loja\/wp-json\/wp\/v2\/product\/47997","targetHints":{"allow":["GET"]}}],"collection":[{"href":"https:\/\/www.guibutik.pt\/loja\/wp-json\/wp\/v2\/product"}],"about":[{"href":"https:\/\/www.guibutik.pt\/loja\/wp-json\/wp\/v2\/types\/product"}],"replies":[{"embeddable":true,"href":"https:\/\/www.guibutik.pt\/loja\/wp-json\/wp\/v2\/comments?post=47997"}],"wp:featuredmedia":[{"embeddable":true,"href":"https:\/\/www.guibutik.pt\/loja\/wp-json\/wp\/v2\/media\/48005"}],"wp:attachment":[{"href":"https:\/\/www.guibutik.pt\/loja\/wp-json\/wp\/v2\/media?parent=47997"}],"wp:term":[{"taxonomy":"product_cat","embeddable":true,"href":"https:\/\/www.guibutik.pt\/loja\/wp-json\/wp\/v2\/product_cat?post=47997"},{"taxonomy":"product_tag","embeddable":true,"href":"https:\/\/www.guibutik.pt\/loja\/wp-json\/wp\/v2\/product_tag?post=47997"}],"curies":[{"name":"wp","href":"https:\/\/api.w.org\/{rel}","templated":true}]}}