{"id":47853,"date":"2023-03-27T18:00:50","date_gmt":"2023-03-27T17:00:50","guid":{"rendered":"https:\/\/www.guibutik.pt\/loja\/?post_type=product&#038;p=47853"},"modified":"2026-04-18T12:20:38","modified_gmt":"2026-04-18T11:20:38","slug":"vestido-b-young","status":"publish","type":"product","link":"https:\/\/www.guibutik.pt\/loja\/produto\/vestido-b-young\/","title":{"rendered":"Vestido B.Young"},"content":{"rendered":"<ul class=\"ng-star-inserted\">\n<li class=\"ng-star-inserted\">Ajuste: ajuste apertado<\/li>\n<li class=\"ng-star-inserted\">Comprimento: Acima do joelho<\/li>\n<li class=\"ng-star-inserted\">Comprimento: 96 cm corresponde ao tamanho 36<\/li>\n<li class=\"ng-star-inserted\">Composi\u00e7\u00e3o: 100% Algod\u00e3o (Org\u00e2nico)<\/li>\n<li class=\"ng-star-inserted\">Forro: 100% Algod\u00e3o<\/li>\n<\/ul>\n<p>&nbsp;<\/p>\n<h3>Material e cuidados:<\/h3>\n<div class=\"product-details__washicons ng-star-inserted\"><img loading=\"lazy\" decoding=\"async\" class=\"product-details__washicon ng-star-inserted\" title=\"30 graus de lavagem.\" src=\"https:\/\/www.byoung.com\/assets\/washicons\/W30.jpg\" alt=\"\" width=\"40\" height=\"36\" \/><img loading=\"lazy\" decoding=\"async\" class=\"product-details__washicon ng-star-inserted\" title=\"N\u00e3o utilizar alvejante.\" src=\"https:\/\/www.byoung.com\/assets\/washicons\/BX1.jpg\" alt=\"\" width=\"40\" height=\"36\" \/><img loading=\"lazy\" decoding=\"async\" class=\"product-details__washicon ng-star-inserted\" title=\"ferro quente m\u00e1x. 150\u00b0 C.\" src=\"https:\/\/www.byoung.com\/assets\/washicons\/I2.jpg\" alt=\"\" width=\"40\" height=\"36\" \/><img loading=\"lazy\" decoding=\"async\" class=\"product-details__washicon ng-star-inserted\" title=\"N\u00e3o lavar a seco.\" src=\"https:\/\/www.byoung.com\/assets\/washicons\/DX.jpg\" alt=\"\" width=\"40\" height=\"36\" \/><img loading=\"lazy\" decoding=\"async\" class=\"product-details__washicon ng-star-inserted\" title=\"Somente limpeza a seco.\" src=\"https:\/\/www.byoung.com\/assets\/washicons\/CP.jpg\" alt=\"\" width=\"40\" height=\"36\" \/><\/div>\n","protected":false},"excerpt":{"rendered":"<p>Ajuste: ajuste apertado Comprimento: Acima do joelho Comprimento: 96 cm corresponde ao tamanho 36 Composi\u00e7\u00e3o: 100% Algod\u00e3o (Org\u00e2nico) Forro: 100% Algod\u00e3o &nbsp; Material e cuidados:<\/p>\n","protected":false},"featured_media":47864,"comment_status":"closed","ping_status":"closed","template":"","meta":[],"product_cat":[484,222,281],"product_tag":[],"class_list":{"0":"post-47853","1":"product","2":"type-product","3":"status-publish","4":"has-post-thumbnail","6":"product_cat-promocoes-senhora","7":"product_cat-senhora","8":"product_cat-vestido","9":"ts_product_brand-b-young","11":"first","12":"instock","13":"sale","14":"shipping-taxable","15":"purchasable","16":"product-type-variable"},"yoast_head":"<!-- This site is optimized with the Yoast SEO plugin v27.5 - https:\/\/yoast.com\/product\/yoast-seo-wordpress\/ -->\n<title>Vestido B.Young - Guibutik<\/title>\n<meta name=\"robots\" content=\"index, follow, max-snippet:-1, max-image-preview:large, max-video-preview:-1\" \/>\n<link rel=\"canonical\" href=\"https:\/\/www.guibutik.pt\/loja\/produto\/vestido-b-young\/\" \/>\n<meta property=\"og:locale\" content=\"pt_PT\" \/>\n<meta property=\"og:type\" content=\"article\" \/>\n<meta property=\"og:title\" content=\"Vestido B.Young - Guibutik\" \/>\n<meta property=\"og:description\" content=\"Ajuste: ajuste apertado Comprimento: Acima do joelho Comprimento: 96 cm corresponde ao tamanho 36 Composi\u00e7\u00e3o: 100% Algod\u00e3o (Org\u00e2nico) Forro: 100% Algod\u00e3o &nbsp; Material e cuidados:\" \/>\n<meta property=\"og:url\" content=\"https:\/\/www.guibutik.pt\/loja\/produto\/vestido-b-young\/\" \/>\n<meta property=\"og:site_name\" content=\"Guibutik\" \/>\n<meta property=\"article:publisher\" content=\"https:\/\/www.facebook.com\/guibutik\/\" \/>\n<meta property=\"article:modified_time\" content=\"2026-04-18T11:20:38+00:00\" \/>\n<meta property=\"og:image\" content=\"https:\/\/www.guibutik.pt\/loja\/wp-content\/uploads\/2023\/03\/birch-mix-dress-3.jpg\" \/>\n\t<meta property=\"og:image:width\" content=\"610\" \/>\n\t<meta property=\"og:image:height\" content=\"915\" \/>\n\t<meta property=\"og:image:type\" content=\"image\/jpeg\" \/>\n<meta name=\"twitter:card\" content=\"summary_large_image\" \/>\n<meta name=\"twitter:label1\" content=\"Tempo estimado de leitura\" \/>\n\t<meta name=\"twitter:data1\" content=\"2 minutos\" \/>\n<script type=\"application\/ld+json\" class=\"yoast-schema-graph\">{\"@context\":\"https:\\\/\\\/schema.org\",\"@graph\":[{\"@type\":\"WebPage\",\"@id\":\"https:\\\/\\\/www.guibutik.pt\\\/loja\\\/produto\\\/vestido-b-young\\\/\",\"url\":\"https:\\\/\\\/www.guibutik.pt\\\/loja\\\/produto\\\/vestido-b-young\\\/\",\"name\":\"Vestido B.Young - Guibutik\",\"isPartOf\":{\"@id\":\"https:\\\/\\\/www.guibutik.pt\\\/loja\\\/#website\"},\"primaryImageOfPage\":{\"@id\":\"https:\\\/\\\/www.guibutik.pt\\\/loja\\\/produto\\\/vestido-b-young\\\/#primaryimage\"},\"image\":{\"@id\":\"https:\\\/\\\/www.guibutik.pt\\\/loja\\\/produto\\\/vestido-b-young\\\/#primaryimage\"},\"thumbnailUrl\":\"https:\\\/\\\/www.guibutik.pt\\\/loja\\\/wp-content\\\/uploads\\\/2023\\\/03\\\/birch-mix-dress-3.jpg\",\"datePublished\":\"2023-03-27T17:00:50+00:00\",\"dateModified\":\"2026-04-18T11:20:38+00:00\",\"breadcrumb\":{\"@id\":\"https:\\\/\\\/www.guibutik.pt\\\/loja\\\/produto\\\/vestido-b-young\\\/#breadcrumb\"},\"inLanguage\":\"pt-PT\",\"potentialAction\":[{\"@type\":\"ReadAction\",\"target\":[\"https:\\\/\\\/www.guibutik.pt\\\/loja\\\/produto\\\/vestido-b-young\\\/\"]}]},{\"@type\":\"ImageObject\",\"inLanguage\":\"pt-PT\",\"@id\":\"https:\\\/\\\/www.guibutik.pt\\\/loja\\\/produto\\\/vestido-b-young\\\/#primaryimage\",\"url\":\"https:\\\/\\\/www.guibutik.pt\\\/loja\\\/wp-content\\\/uploads\\\/2023\\\/03\\\/birch-mix-dress-3.jpg\",\"contentUrl\":\"https:\\\/\\\/www.guibutik.pt\\\/loja\\\/wp-content\\\/uploads\\\/2023\\\/03\\\/birch-mix-dress-3.jpg\",\"width\":610,\"height\":915},{\"@type\":\"BreadcrumbList\",\"@id\":\"https:\\\/\\\/www.guibutik.pt\\\/loja\\\/produto\\\/vestido-b-young\\\/#breadcrumb\",\"itemListElement\":[{\"@type\":\"ListItem\",\"position\":1,\"name\":\"In\u00edcio\",\"item\":\"https:\\\/\\\/www.guibutik.pt\\\/loja\\\/\"},{\"@type\":\"ListItem\",\"position\":2,\"name\":\"Loja\",\"item\":\"https:\\\/\\\/www.guibutik.pt\\\/loja\\\/shop\\\/\"},{\"@type\":\"ListItem\",\"position\":3,\"name\":\"Vestido B.Young\"}]},{\"@type\":\"WebSite\",\"@id\":\"https:\\\/\\\/www.guibutik.pt\\\/loja\\\/#website\",\"url\":\"https:\\\/\\\/www.guibutik.pt\\\/loja\\\/\",\"name\":\"Guibutik\",\"description\":\"Moda e Sapataria\",\"potentialAction\":[{\"@type\":\"SearchAction\",\"target\":{\"@type\":\"EntryPoint\",\"urlTemplate\":\"https:\\\/\\\/www.guibutik.pt\\\/loja\\\/?s={search_term_string}\"},\"query-input\":{\"@type\":\"PropertyValueSpecification\",\"valueRequired\":true,\"valueName\":\"search_term_string\"}}],\"inLanguage\":\"pt-PT\"}]}<\/script>\n<!-- \/ Yoast SEO plugin. -->","yoast_head_json":{"title":"Vestido B.Young - Guibutik","robots":{"index":"index","follow":"follow","max-snippet":"max-snippet:-1","max-image-preview":"max-image-preview:large","max-video-preview":"max-video-preview:-1"},"canonical":"https:\/\/www.guibutik.pt\/loja\/produto\/vestido-b-young\/","og_locale":"pt_PT","og_type":"article","og_title":"Vestido B.Young - Guibutik","og_description":"Ajuste: ajuste apertado Comprimento: Acima do joelho Comprimento: 96 cm corresponde ao tamanho 36 Composi\u00e7\u00e3o: 100% Algod\u00e3o (Org\u00e2nico) Forro: 100% Algod\u00e3o &nbsp; Material e cuidados:","og_url":"https:\/\/www.guibutik.pt\/loja\/produto\/vestido-b-young\/","og_site_name":"Guibutik","article_publisher":"https:\/\/www.facebook.com\/guibutik\/","article_modified_time":"2026-04-18T11:20:38+00:00","og_image":[{"width":610,"height":915,"url":"https:\/\/www.guibutik.pt\/loja\/wp-content\/uploads\/2023\/03\/birch-mix-dress-3.jpg","type":"image\/jpeg"}],"twitter_card":"summary_large_image","twitter_misc":{"Tempo estimado de leitura":"2 minutos"},"schema":{"@context":"https:\/\/schema.org","@graph":[{"@type":"WebPage","@id":"https:\/\/www.guibutik.pt\/loja\/produto\/vestido-b-young\/","url":"https:\/\/www.guibutik.pt\/loja\/produto\/vestido-b-young\/","name":"Vestido B.Young - Guibutik","isPartOf":{"@id":"https:\/\/www.guibutik.pt\/loja\/#website"},"primaryImageOfPage":{"@id":"https:\/\/www.guibutik.pt\/loja\/produto\/vestido-b-young\/#primaryimage"},"image":{"@id":"https:\/\/www.guibutik.pt\/loja\/produto\/vestido-b-young\/#primaryimage"},"thumbnailUrl":"https:\/\/www.guibutik.pt\/loja\/wp-content\/uploads\/2023\/03\/birch-mix-dress-3.jpg","datePublished":"2023-03-27T17:00:50+00:00","dateModified":"2026-04-18T11:20:38+00:00","breadcrumb":{"@id":"https:\/\/www.guibutik.pt\/loja\/produto\/vestido-b-young\/#breadcrumb"},"inLanguage":"pt-PT","potentialAction":[{"@type":"ReadAction","target":["https:\/\/www.guibutik.pt\/loja\/produto\/vestido-b-young\/"]}]},{"@type":"ImageObject","inLanguage":"pt-PT","@id":"https:\/\/www.guibutik.pt\/loja\/produto\/vestido-b-young\/#primaryimage","url":"https:\/\/www.guibutik.pt\/loja\/wp-content\/uploads\/2023\/03\/birch-mix-dress-3.jpg","contentUrl":"https:\/\/www.guibutik.pt\/loja\/wp-content\/uploads\/2023\/03\/birch-mix-dress-3.jpg","width":610,"height":915},{"@type":"BreadcrumbList","@id":"https:\/\/www.guibutik.pt\/loja\/produto\/vestido-b-young\/#breadcrumb","itemListElement":[{"@type":"ListItem","position":1,"name":"In\u00edcio","item":"https:\/\/www.guibutik.pt\/loja\/"},{"@type":"ListItem","position":2,"name":"Loja","item":"https:\/\/www.guibutik.pt\/loja\/shop\/"},{"@type":"ListItem","position":3,"name":"Vestido B.Young"}]},{"@type":"WebSite","@id":"https:\/\/www.guibutik.pt\/loja\/#website","url":"https:\/\/www.guibutik.pt\/loja\/","name":"Guibutik","description":"Moda e Sapataria","potentialAction":[{"@type":"SearchAction","target":{"@type":"EntryPoint","urlTemplate":"https:\/\/www.guibutik.pt\/loja\/?s={search_term_string}"},"query-input":{"@type":"PropertyValueSpecification","valueRequired":true,"valueName":"search_term_string"}}],"inLanguage":"pt-PT"}]}},"_links":{"self":[{"href":"https:\/\/www.guibutik.pt\/loja\/wp-json\/wp\/v2\/product\/47853","targetHints":{"allow":["GET"]}}],"collection":[{"href":"https:\/\/www.guibutik.pt\/loja\/wp-json\/wp\/v2\/product"}],"about":[{"href":"https:\/\/www.guibutik.pt\/loja\/wp-json\/wp\/v2\/types\/product"}],"replies":[{"embeddable":true,"href":"https:\/\/www.guibutik.pt\/loja\/wp-json\/wp\/v2\/comments?post=47853"}],"wp:featuredmedia":[{"embeddable":true,"href":"https:\/\/www.guibutik.pt\/loja\/wp-json\/wp\/v2\/media\/47864"}],"wp:attachment":[{"href":"https:\/\/www.guibutik.pt\/loja\/wp-json\/wp\/v2\/media?parent=47853"}],"wp:term":[{"taxonomy":"product_cat","embeddable":true,"href":"https:\/\/www.guibutik.pt\/loja\/wp-json\/wp\/v2\/product_cat?post=47853"},{"taxonomy":"product_tag","embeddable":true,"href":"https:\/\/www.guibutik.pt\/loja\/wp-json\/wp\/v2\/product_tag?post=47853"}],"curies":[{"name":"wp","href":"https:\/\/api.w.org\/{rel}","templated":true}]}}