{"id":38131,"date":"2022-04-12T10:57:31","date_gmt":"2022-04-12T09:57:31","guid":{"rendered":"https:\/\/www.guibutik.pt\/loja\/?post_type=product&#038;p=38131"},"modified":"2026-05-08T16:57:34","modified_gmt":"2026-05-08T15:57:34","slug":"jeans-721-high-rise-skinny-jeans-levis","status":"publish","type":"product","link":"https:\/\/www.guibutik.pt\/loja\/produto\/jeans-721-high-rise-skinny-jeans-levis\/","title":{"rendered":"Jeans 721 S Levi&#8217;s"},"content":{"rendered":"<div class=\"product-materials\">\n<p class=\"title\">MATERIAIS<\/p>\n<ul class=\"expandeDetalhe\">\n<li>97% Algod\u00e3o, 3% Elastano<\/li>\n<li>Ganga de elasticidade m\u00e9dia<\/li>\n<li>Braguilha com fecho de correr e bot\u00e3o<\/li>\n<li>Constru\u00e7\u00e3o cl\u00e1ssica de 5 bolsos<\/li>\n<li>Assinatura Levi&#8217;s\u00ae e costura arqueada nos bolsos traseiros<\/li>\n<li>Patch com o nosso log\u00f3tipo Two Horse Pull, representando a for\u00e7a da nossa roupa<\/li>\n<li>Recomendamos lavar e secar do avesso com cores semelhantes; Detergente l\u00edquido \u00e9 recomendado<\/li>\n<\/ul>\n<\/div>\n<div class=\"product-cut-sizes\">\n<p class=\"title\">CORTE E TAMANHO<\/p>\n<ul class=\"expandeDetalhe\">\n<li>Estreitos ao longo da anca e da coxa<\/li>\n<li>Perna justa<\/li>\n<li>Cintura subida: assentam acima da cintura<\/li>\n<\/ul>\n<\/div>\n","protected":false},"excerpt":{"rendered":"<p>Os emblem\u00e1ticos jeans &#8216;Lot 700&#8217; da Levi&#8217;s\u00ae s\u00e3o o derradeiro corte de arrasar, criados para favorecer, dar suporte e eleva\u00e7\u00e3o, todos os dias. Os 721 High Rise Skinny Jean apresentam um estilo pin-up moderno e alongam a tua silhueta. Usa com a camisa dentro das cal\u00e7as para um visual instantaneamente elegante e favorecedor. Fabricado com tecnologia Waterless\u00ae. Estabelecemos uma parceria com a Better Cotton Initiative para melhorar o cultivo de algod\u00e3o globalmente.<\/p>\n","protected":false},"featured_media":38151,"comment_status":"closed","ping_status":"closed","template":"","meta":[],"product_cat":[285,222],"product_tag":[],"class_list":{"0":"post-38131","1":"product","2":"type-product","3":"status-publish","4":"has-post-thumbnail","6":"product_cat-calcas-senhora","7":"product_cat-senhora","8":"ts_product_brand-levis","10":"first","11":"instock","12":"shipping-taxable","13":"purchasable","14":"product-type-variable"},"yoast_head":"<!-- This site is optimized with the Yoast SEO plugin v27.6 - https:\/\/yoast.com\/product\/yoast-seo-wordpress\/ -->\n<title>Jeans 721 S Levi&#039;s - Guibutik<\/title>\n<meta name=\"robots\" content=\"index, follow, max-snippet:-1, max-image-preview:large, max-video-preview:-1\" \/>\n<link rel=\"canonical\" href=\"https:\/\/www.guibutik.pt\/loja\/produto\/jeans-721-high-rise-skinny-jeans-levis\/\" \/>\n<meta property=\"og:locale\" content=\"pt_PT\" \/>\n<meta property=\"og:type\" content=\"article\" \/>\n<meta property=\"og:title\" content=\"Jeans 721 S Levi&#039;s - Guibutik\" \/>\n<meta property=\"og:description\" content=\"Os emblem\u00e1ticos jeans &#039;Lot 700&#039; da Levi&#039;s\u00ae s\u00e3o o derradeiro corte de arrasar, criados para favorecer, dar suporte e eleva\u00e7\u00e3o, todos os dias. Os 721 High Rise Skinny Jean apresentam um estilo pin-up moderno e alongam a tua silhueta. Usa com a camisa dentro das cal\u00e7as para um visual instantaneamente elegante e favorecedor. Fabricado com tecnologia Waterless\u00ae. Estabelecemos uma parceria com a Better Cotton Initiative para melhorar o cultivo de algod\u00e3o globalmente.\" \/>\n<meta property=\"og:url\" content=\"https:\/\/www.guibutik.pt\/loja\/produto\/jeans-721-high-rise-skinny-jeans-levis\/\" \/>\n<meta property=\"og:site_name\" content=\"Guibutik\" \/>\n<meta property=\"article:publisher\" content=\"https:\/\/www.facebook.com\/guibutik\/\" \/>\n<meta property=\"article:modified_time\" content=\"2026-05-08T15:57:34+00:00\" \/>\n<meta property=\"og:image\" content=\"https:\/\/www.guibutik.pt\/loja\/wp-content\/uploads\/2022\/04\/levis_jeam_feminino_721-high-rise-skinny-jeans-18882-0058_western-white_1.jpg\" \/>\n\t<meta property=\"og:image:width\" content=\"2500\" \/>\n\t<meta property=\"og:image:height\" content=\"2000\" \/>\n\t<meta property=\"og:image:type\" content=\"image\/jpeg\" \/>\n<meta name=\"twitter:card\" content=\"summary_large_image\" \/>\n<meta name=\"twitter:label1\" content=\"Tempo estimado de leitura\" \/>\n\t<meta name=\"twitter:data1\" content=\"1 minuto\" \/>\n<script type=\"application\/ld+json\" class=\"yoast-schema-graph\">{\"@context\":\"https:\\\/\\\/schema.org\",\"@graph\":[{\"@type\":\"WebPage\",\"@id\":\"https:\\\/\\\/www.guibutik.pt\\\/loja\\\/produto\\\/jeans-721-high-rise-skinny-jeans-levis\\\/\",\"url\":\"https:\\\/\\\/www.guibutik.pt\\\/loja\\\/produto\\\/jeans-721-high-rise-skinny-jeans-levis\\\/\",\"name\":\"Jeans 721 S Levi's - Guibutik\",\"isPartOf\":{\"@id\":\"https:\\\/\\\/www.guibutik.pt\\\/loja\\\/#website\"},\"primaryImageOfPage\":{\"@id\":\"https:\\\/\\\/www.guibutik.pt\\\/loja\\\/produto\\\/jeans-721-high-rise-skinny-jeans-levis\\\/#primaryimage\"},\"image\":{\"@id\":\"https:\\\/\\\/www.guibutik.pt\\\/loja\\\/produto\\\/jeans-721-high-rise-skinny-jeans-levis\\\/#primaryimage\"},\"thumbnailUrl\":\"https:\\\/\\\/www.guibutik.pt\\\/loja\\\/wp-content\\\/uploads\\\/2022\\\/04\\\/levis_jeam_feminino_721-high-rise-skinny-jeans-18882-0058_western-white_1.jpg\",\"datePublished\":\"2022-04-12T09:57:31+00:00\",\"dateModified\":\"2026-05-08T15:57:34+00:00\",\"breadcrumb\":{\"@id\":\"https:\\\/\\\/www.guibutik.pt\\\/loja\\\/produto\\\/jeans-721-high-rise-skinny-jeans-levis\\\/#breadcrumb\"},\"inLanguage\":\"pt-PT\",\"potentialAction\":[{\"@type\":\"ReadAction\",\"target\":[\"https:\\\/\\\/www.guibutik.pt\\\/loja\\\/produto\\\/jeans-721-high-rise-skinny-jeans-levis\\\/\"]}]},{\"@type\":\"ImageObject\",\"inLanguage\":\"pt-PT\",\"@id\":\"https:\\\/\\\/www.guibutik.pt\\\/loja\\\/produto\\\/jeans-721-high-rise-skinny-jeans-levis\\\/#primaryimage\",\"url\":\"https:\\\/\\\/www.guibutik.pt\\\/loja\\\/wp-content\\\/uploads\\\/2022\\\/04\\\/levis_jeam_feminino_721-high-rise-skinny-jeans-18882-0058_western-white_1.jpg\",\"contentUrl\":\"https:\\\/\\\/www.guibutik.pt\\\/loja\\\/wp-content\\\/uploads\\\/2022\\\/04\\\/levis_jeam_feminino_721-high-rise-skinny-jeans-18882-0058_western-white_1.jpg\",\"width\":2500,\"height\":2000},{\"@type\":\"BreadcrumbList\",\"@id\":\"https:\\\/\\\/www.guibutik.pt\\\/loja\\\/produto\\\/jeans-721-high-rise-skinny-jeans-levis\\\/#breadcrumb\",\"itemListElement\":[{\"@type\":\"ListItem\",\"position\":1,\"name\":\"In\u00edcio\",\"item\":\"https:\\\/\\\/www.guibutik.pt\\\/loja\\\/\"},{\"@type\":\"ListItem\",\"position\":2,\"name\":\"Loja\",\"item\":\"https:\\\/\\\/www.guibutik.pt\\\/loja\\\/shop\\\/\"},{\"@type\":\"ListItem\",\"position\":3,\"name\":\"Jeans 721 S Levi&#8217;s\"}]},{\"@type\":\"WebSite\",\"@id\":\"https:\\\/\\\/www.guibutik.pt\\\/loja\\\/#website\",\"url\":\"https:\\\/\\\/www.guibutik.pt\\\/loja\\\/\",\"name\":\"Guibutik\",\"description\":\"Moda e Sapataria\",\"potentialAction\":[{\"@type\":\"SearchAction\",\"target\":{\"@type\":\"EntryPoint\",\"urlTemplate\":\"https:\\\/\\\/www.guibutik.pt\\\/loja\\\/?s={search_term_string}\"},\"query-input\":{\"@type\":\"PropertyValueSpecification\",\"valueRequired\":true,\"valueName\":\"search_term_string\"}}],\"inLanguage\":\"pt-PT\"}]}<\/script>\n<!-- \/ Yoast SEO plugin. -->","yoast_head_json":{"title":"Jeans 721 S Levi's - Guibutik","robots":{"index":"index","follow":"follow","max-snippet":"max-snippet:-1","max-image-preview":"max-image-preview:large","max-video-preview":"max-video-preview:-1"},"canonical":"https:\/\/www.guibutik.pt\/loja\/produto\/jeans-721-high-rise-skinny-jeans-levis\/","og_locale":"pt_PT","og_type":"article","og_title":"Jeans 721 S Levi's - Guibutik","og_description":"Os emblem\u00e1ticos jeans 'Lot 700' da Levi's\u00ae s\u00e3o o derradeiro corte de arrasar, criados para favorecer, dar suporte e eleva\u00e7\u00e3o, todos os dias. Os 721 High Rise Skinny Jean apresentam um estilo pin-up moderno e alongam a tua silhueta. Usa com a camisa dentro das cal\u00e7as para um visual instantaneamente elegante e favorecedor. Fabricado com tecnologia Waterless\u00ae. Estabelecemos uma parceria com a Better Cotton Initiative para melhorar o cultivo de algod\u00e3o globalmente.","og_url":"https:\/\/www.guibutik.pt\/loja\/produto\/jeans-721-high-rise-skinny-jeans-levis\/","og_site_name":"Guibutik","article_publisher":"https:\/\/www.facebook.com\/guibutik\/","article_modified_time":"2026-05-08T15:57:34+00:00","og_image":[{"width":2500,"height":2000,"url":"https:\/\/www.guibutik.pt\/loja\/wp-content\/uploads\/2022\/04\/levis_jeam_feminino_721-high-rise-skinny-jeans-18882-0058_western-white_1.jpg","type":"image\/jpeg"}],"twitter_card":"summary_large_image","twitter_misc":{"Tempo estimado de leitura":"1 minuto"},"schema":{"@context":"https:\/\/schema.org","@graph":[{"@type":"WebPage","@id":"https:\/\/www.guibutik.pt\/loja\/produto\/jeans-721-high-rise-skinny-jeans-levis\/","url":"https:\/\/www.guibutik.pt\/loja\/produto\/jeans-721-high-rise-skinny-jeans-levis\/","name":"Jeans 721 S Levi's - Guibutik","isPartOf":{"@id":"https:\/\/www.guibutik.pt\/loja\/#website"},"primaryImageOfPage":{"@id":"https:\/\/www.guibutik.pt\/loja\/produto\/jeans-721-high-rise-skinny-jeans-levis\/#primaryimage"},"image":{"@id":"https:\/\/www.guibutik.pt\/loja\/produto\/jeans-721-high-rise-skinny-jeans-levis\/#primaryimage"},"thumbnailUrl":"https:\/\/www.guibutik.pt\/loja\/wp-content\/uploads\/2022\/04\/levis_jeam_feminino_721-high-rise-skinny-jeans-18882-0058_western-white_1.jpg","datePublished":"2022-04-12T09:57:31+00:00","dateModified":"2026-05-08T15:57:34+00:00","breadcrumb":{"@id":"https:\/\/www.guibutik.pt\/loja\/produto\/jeans-721-high-rise-skinny-jeans-levis\/#breadcrumb"},"inLanguage":"pt-PT","potentialAction":[{"@type":"ReadAction","target":["https:\/\/www.guibutik.pt\/loja\/produto\/jeans-721-high-rise-skinny-jeans-levis\/"]}]},{"@type":"ImageObject","inLanguage":"pt-PT","@id":"https:\/\/www.guibutik.pt\/loja\/produto\/jeans-721-high-rise-skinny-jeans-levis\/#primaryimage","url":"https:\/\/www.guibutik.pt\/loja\/wp-content\/uploads\/2022\/04\/levis_jeam_feminino_721-high-rise-skinny-jeans-18882-0058_western-white_1.jpg","contentUrl":"https:\/\/www.guibutik.pt\/loja\/wp-content\/uploads\/2022\/04\/levis_jeam_feminino_721-high-rise-skinny-jeans-18882-0058_western-white_1.jpg","width":2500,"height":2000},{"@type":"BreadcrumbList","@id":"https:\/\/www.guibutik.pt\/loja\/produto\/jeans-721-high-rise-skinny-jeans-levis\/#breadcrumb","itemListElement":[{"@type":"ListItem","position":1,"name":"In\u00edcio","item":"https:\/\/www.guibutik.pt\/loja\/"},{"@type":"ListItem","position":2,"name":"Loja","item":"https:\/\/www.guibutik.pt\/loja\/shop\/"},{"@type":"ListItem","position":3,"name":"Jeans 721 S Levi&#8217;s"}]},{"@type":"WebSite","@id":"https:\/\/www.guibutik.pt\/loja\/#website","url":"https:\/\/www.guibutik.pt\/loja\/","name":"Guibutik","description":"Moda e Sapataria","potentialAction":[{"@type":"SearchAction","target":{"@type":"EntryPoint","urlTemplate":"https:\/\/www.guibutik.pt\/loja\/?s={search_term_string}"},"query-input":{"@type":"PropertyValueSpecification","valueRequired":true,"valueName":"search_term_string"}}],"inLanguage":"pt-PT"}]}},"_links":{"self":[{"href":"https:\/\/www.guibutik.pt\/loja\/wp-json\/wp\/v2\/product\/38131","targetHints":{"allow":["GET"]}}],"collection":[{"href":"https:\/\/www.guibutik.pt\/loja\/wp-json\/wp\/v2\/product"}],"about":[{"href":"https:\/\/www.guibutik.pt\/loja\/wp-json\/wp\/v2\/types\/product"}],"replies":[{"embeddable":true,"href":"https:\/\/www.guibutik.pt\/loja\/wp-json\/wp\/v2\/comments?post=38131"}],"wp:featuredmedia":[{"embeddable":true,"href":"https:\/\/www.guibutik.pt\/loja\/wp-json\/wp\/v2\/media\/38151"}],"wp:attachment":[{"href":"https:\/\/www.guibutik.pt\/loja\/wp-json\/wp\/v2\/media?parent=38131"}],"wp:term":[{"taxonomy":"product_cat","embeddable":true,"href":"https:\/\/www.guibutik.pt\/loja\/wp-json\/wp\/v2\/product_cat?post=38131"},{"taxonomy":"product_tag","embeddable":true,"href":"https:\/\/www.guibutik.pt\/loja\/wp-json\/wp\/v2\/product_tag?post=38131"}],"curies":[{"name":"wp","href":"https:\/\/api.w.org\/{rel}","templated":true}]}}