{"id":29986,"date":"2021-08-13T18:43:50","date_gmt":"2021-08-13T17:43:50","guid":{"rendered":"https:\/\/www.guibutik.pt\/loja\/?post_type=product&#038;p=29986"},"modified":"2025-07-02T12:31:21","modified_gmt":"2025-07-02T11:31:21","slug":"calcao-405-levis","status":"publish","type":"product","link":"https:\/\/www.guibutik.pt\/loja\/produto\/calcao-405-levis\/","title":{"rendered":"Cal\u00e7\u00e3o 405 Levi&#8217;s"},"content":{"rendered":"<div class=\"product-materials\">\n<p class=\"title\">MATERIAIS<\/p>\n<ul class=\"expandeDetalhe\">\n<li>99% Algod\u00e3o, 1% Elastano<\/li>\n<li>Ganga com elasticidade imbutida para conforto ao longo de todo o dia<\/li>\n<li>Braguilha de correr<\/li>\n<li>5 Bolsos<\/li>\n<\/ul>\n<\/div>\n<div class=\"product-cut-sizes\">\n<p class=\"title\">CORTE E TAMANHO<\/p>\n<ul class=\"expandeDetalhe\">\n<li>Espa\u00e7o extra entre o c\u00f3s e as coxas<\/li>\n<li>Terminam acima do joelho<\/li>\n<li>Assenta na cintura<\/li>\n<\/ul>\n<\/div>\n","protected":false},"excerpt":{"rendered":"<p>Uns bons cal\u00e7\u00f5es de ganga n\u00e3o precisam de muito.<\/p>\n<p>Foi por isso que mantiv\u00e9mos simples quando os desenh\u00e1mos, apenas com os b\u00e1sicos: ganga de qualidade, os cl\u00e1ssicos 5 bolsos e um corte vers\u00e1til que acaba mesmo acima dos joelhos.<\/p>\n<p>Acabados com uma perna a direito vers\u00e1til.<\/p>\n","protected":false},"featured_media":29995,"comment_status":"closed","ping_status":"closed","template":"","meta":[],"product_cat":[293,221,483],"product_tag":[],"class_list":{"0":"post-29986","1":"product","2":"type-product","3":"status-publish","4":"has-post-thumbnail","6":"product_cat-calcao","7":"product_cat-homem","8":"product_cat-promocoes-homem","9":"ts_product_brand-levis","11":"first","12":"instock","13":"sale","14":"shipping-taxable","15":"purchasable","16":"product-type-variable"},"yoast_head":"<!-- This site is optimized with the Yoast SEO plugin v27.5 - https:\/\/yoast.com\/product\/yoast-seo-wordpress\/ -->\n<title>Cal\u00e7\u00e3o 405 Levi&#039;s - Guibutik<\/title>\n<meta name=\"robots\" content=\"index, follow, max-snippet:-1, max-image-preview:large, max-video-preview:-1\" \/>\n<link rel=\"canonical\" href=\"https:\/\/www.guibutik.pt\/loja\/produto\/calcao-405-levis\/\" \/>\n<meta property=\"og:locale\" content=\"pt_PT\" \/>\n<meta property=\"og:type\" content=\"article\" \/>\n<meta property=\"og:title\" content=\"Cal\u00e7\u00e3o 405 Levi&#039;s - Guibutik\" \/>\n<meta property=\"og:description\" content=\"Uns bons cal\u00e7\u00f5es de ganga n\u00e3o precisam de muito.  Foi por isso que mantiv\u00e9mos simples quando os desenh\u00e1mos, apenas com os b\u00e1sicos: ganga de qualidade, os cl\u00e1ssicos 5 bolsos e um corte vers\u00e1til que acaba mesmo acima dos joelhos.  Acabados com uma perna a direito vers\u00e1til.\" \/>\n<meta property=\"og:url\" content=\"https:\/\/www.guibutik.pt\/loja\/produto\/calcao-405-levis\/\" \/>\n<meta property=\"og:site_name\" content=\"Guibutik\" \/>\n<meta property=\"article:publisher\" content=\"https:\/\/www.facebook.com\/guibutik\/\" \/>\n<meta property=\"article:modified_time\" content=\"2025-07-02T11:31:21+00:00\" \/>\n<meta property=\"og:image\" content=\"https:\/\/www.guibutik.pt\/loja\/wp-content\/uploads\/2021\/08\/levis_calcao_masculino_405-standard-shorts-39864-0022_dance-floor_1.jpg\" \/>\n\t<meta property=\"og:image:width\" content=\"2500\" \/>\n\t<meta property=\"og:image:height\" content=\"2000\" \/>\n\t<meta property=\"og:image:type\" content=\"image\/jpeg\" \/>\n<meta name=\"twitter:card\" content=\"summary_large_image\" \/>\n<meta name=\"twitter:label1\" content=\"Tempo estimado de leitura\" \/>\n\t<meta name=\"twitter:data1\" content=\"1 minuto\" \/>\n<script type=\"application\/ld+json\" class=\"yoast-schema-graph\">{\"@context\":\"https:\\\/\\\/schema.org\",\"@graph\":[{\"@type\":\"WebPage\",\"@id\":\"https:\\\/\\\/www.guibutik.pt\\\/loja\\\/produto\\\/calcao-405-levis\\\/\",\"url\":\"https:\\\/\\\/www.guibutik.pt\\\/loja\\\/produto\\\/calcao-405-levis\\\/\",\"name\":\"Cal\u00e7\u00e3o 405 Levi's - Guibutik\",\"isPartOf\":{\"@id\":\"https:\\\/\\\/www.guibutik.pt\\\/loja\\\/#website\"},\"primaryImageOfPage\":{\"@id\":\"https:\\\/\\\/www.guibutik.pt\\\/loja\\\/produto\\\/calcao-405-levis\\\/#primaryimage\"},\"image\":{\"@id\":\"https:\\\/\\\/www.guibutik.pt\\\/loja\\\/produto\\\/calcao-405-levis\\\/#primaryimage\"},\"thumbnailUrl\":\"https:\\\/\\\/www.guibutik.pt\\\/loja\\\/wp-content\\\/uploads\\\/2021\\\/08\\\/levis_calcao_masculino_405-standard-shorts-39864-0022_dance-floor_1.jpg\",\"datePublished\":\"2021-08-13T17:43:50+00:00\",\"dateModified\":\"2025-07-02T11:31:21+00:00\",\"breadcrumb\":{\"@id\":\"https:\\\/\\\/www.guibutik.pt\\\/loja\\\/produto\\\/calcao-405-levis\\\/#breadcrumb\"},\"inLanguage\":\"pt-PT\",\"potentialAction\":[{\"@type\":\"ReadAction\",\"target\":[\"https:\\\/\\\/www.guibutik.pt\\\/loja\\\/produto\\\/calcao-405-levis\\\/\"]}]},{\"@type\":\"ImageObject\",\"inLanguage\":\"pt-PT\",\"@id\":\"https:\\\/\\\/www.guibutik.pt\\\/loja\\\/produto\\\/calcao-405-levis\\\/#primaryimage\",\"url\":\"https:\\\/\\\/www.guibutik.pt\\\/loja\\\/wp-content\\\/uploads\\\/2021\\\/08\\\/levis_calcao_masculino_405-standard-shorts-39864-0022_dance-floor_1.jpg\",\"contentUrl\":\"https:\\\/\\\/www.guibutik.pt\\\/loja\\\/wp-content\\\/uploads\\\/2021\\\/08\\\/levis_calcao_masculino_405-standard-shorts-39864-0022_dance-floor_1.jpg\",\"width\":2500,\"height\":2000},{\"@type\":\"BreadcrumbList\",\"@id\":\"https:\\\/\\\/www.guibutik.pt\\\/loja\\\/produto\\\/calcao-405-levis\\\/#breadcrumb\",\"itemListElement\":[{\"@type\":\"ListItem\",\"position\":1,\"name\":\"In\u00edcio\",\"item\":\"https:\\\/\\\/www.guibutik.pt\\\/loja\\\/\"},{\"@type\":\"ListItem\",\"position\":2,\"name\":\"Loja\",\"item\":\"https:\\\/\\\/www.guibutik.pt\\\/loja\\\/shop\\\/\"},{\"@type\":\"ListItem\",\"position\":3,\"name\":\"Cal\u00e7\u00e3o 405 Levi&#8217;s\"}]},{\"@type\":\"WebSite\",\"@id\":\"https:\\\/\\\/www.guibutik.pt\\\/loja\\\/#website\",\"url\":\"https:\\\/\\\/www.guibutik.pt\\\/loja\\\/\",\"name\":\"Guibutik\",\"description\":\"Moda e Sapataria\",\"potentialAction\":[{\"@type\":\"SearchAction\",\"target\":{\"@type\":\"EntryPoint\",\"urlTemplate\":\"https:\\\/\\\/www.guibutik.pt\\\/loja\\\/?s={search_term_string}\"},\"query-input\":{\"@type\":\"PropertyValueSpecification\",\"valueRequired\":true,\"valueName\":\"search_term_string\"}}],\"inLanguage\":\"pt-PT\"}]}<\/script>\n<!-- \/ Yoast SEO plugin. -->","yoast_head_json":{"title":"Cal\u00e7\u00e3o 405 Levi's - Guibutik","robots":{"index":"index","follow":"follow","max-snippet":"max-snippet:-1","max-image-preview":"max-image-preview:large","max-video-preview":"max-video-preview:-1"},"canonical":"https:\/\/www.guibutik.pt\/loja\/produto\/calcao-405-levis\/","og_locale":"pt_PT","og_type":"article","og_title":"Cal\u00e7\u00e3o 405 Levi's - Guibutik","og_description":"Uns bons cal\u00e7\u00f5es de ganga n\u00e3o precisam de muito.  Foi por isso que mantiv\u00e9mos simples quando os desenh\u00e1mos, apenas com os b\u00e1sicos: ganga de qualidade, os cl\u00e1ssicos 5 bolsos e um corte vers\u00e1til que acaba mesmo acima dos joelhos.  Acabados com uma perna a direito vers\u00e1til.","og_url":"https:\/\/www.guibutik.pt\/loja\/produto\/calcao-405-levis\/","og_site_name":"Guibutik","article_publisher":"https:\/\/www.facebook.com\/guibutik\/","article_modified_time":"2025-07-02T11:31:21+00:00","og_image":[{"width":2500,"height":2000,"url":"https:\/\/www.guibutik.pt\/loja\/wp-content\/uploads\/2021\/08\/levis_calcao_masculino_405-standard-shorts-39864-0022_dance-floor_1.jpg","type":"image\/jpeg"}],"twitter_card":"summary_large_image","twitter_misc":{"Tempo estimado de leitura":"1 minuto"},"schema":{"@context":"https:\/\/schema.org","@graph":[{"@type":"WebPage","@id":"https:\/\/www.guibutik.pt\/loja\/produto\/calcao-405-levis\/","url":"https:\/\/www.guibutik.pt\/loja\/produto\/calcao-405-levis\/","name":"Cal\u00e7\u00e3o 405 Levi's - Guibutik","isPartOf":{"@id":"https:\/\/www.guibutik.pt\/loja\/#website"},"primaryImageOfPage":{"@id":"https:\/\/www.guibutik.pt\/loja\/produto\/calcao-405-levis\/#primaryimage"},"image":{"@id":"https:\/\/www.guibutik.pt\/loja\/produto\/calcao-405-levis\/#primaryimage"},"thumbnailUrl":"https:\/\/www.guibutik.pt\/loja\/wp-content\/uploads\/2021\/08\/levis_calcao_masculino_405-standard-shorts-39864-0022_dance-floor_1.jpg","datePublished":"2021-08-13T17:43:50+00:00","dateModified":"2025-07-02T11:31:21+00:00","breadcrumb":{"@id":"https:\/\/www.guibutik.pt\/loja\/produto\/calcao-405-levis\/#breadcrumb"},"inLanguage":"pt-PT","potentialAction":[{"@type":"ReadAction","target":["https:\/\/www.guibutik.pt\/loja\/produto\/calcao-405-levis\/"]}]},{"@type":"ImageObject","inLanguage":"pt-PT","@id":"https:\/\/www.guibutik.pt\/loja\/produto\/calcao-405-levis\/#primaryimage","url":"https:\/\/www.guibutik.pt\/loja\/wp-content\/uploads\/2021\/08\/levis_calcao_masculino_405-standard-shorts-39864-0022_dance-floor_1.jpg","contentUrl":"https:\/\/www.guibutik.pt\/loja\/wp-content\/uploads\/2021\/08\/levis_calcao_masculino_405-standard-shorts-39864-0022_dance-floor_1.jpg","width":2500,"height":2000},{"@type":"BreadcrumbList","@id":"https:\/\/www.guibutik.pt\/loja\/produto\/calcao-405-levis\/#breadcrumb","itemListElement":[{"@type":"ListItem","position":1,"name":"In\u00edcio","item":"https:\/\/www.guibutik.pt\/loja\/"},{"@type":"ListItem","position":2,"name":"Loja","item":"https:\/\/www.guibutik.pt\/loja\/shop\/"},{"@type":"ListItem","position":3,"name":"Cal\u00e7\u00e3o 405 Levi&#8217;s"}]},{"@type":"WebSite","@id":"https:\/\/www.guibutik.pt\/loja\/#website","url":"https:\/\/www.guibutik.pt\/loja\/","name":"Guibutik","description":"Moda e Sapataria","potentialAction":[{"@type":"SearchAction","target":{"@type":"EntryPoint","urlTemplate":"https:\/\/www.guibutik.pt\/loja\/?s={search_term_string}"},"query-input":{"@type":"PropertyValueSpecification","valueRequired":true,"valueName":"search_term_string"}}],"inLanguage":"pt-PT"}]}},"_links":{"self":[{"href":"https:\/\/www.guibutik.pt\/loja\/wp-json\/wp\/v2\/product\/29986","targetHints":{"allow":["GET"]}}],"collection":[{"href":"https:\/\/www.guibutik.pt\/loja\/wp-json\/wp\/v2\/product"}],"about":[{"href":"https:\/\/www.guibutik.pt\/loja\/wp-json\/wp\/v2\/types\/product"}],"replies":[{"embeddable":true,"href":"https:\/\/www.guibutik.pt\/loja\/wp-json\/wp\/v2\/comments?post=29986"}],"wp:featuredmedia":[{"embeddable":true,"href":"https:\/\/www.guibutik.pt\/loja\/wp-json\/wp\/v2\/media\/29995"}],"wp:attachment":[{"href":"https:\/\/www.guibutik.pt\/loja\/wp-json\/wp\/v2\/media?parent=29986"}],"wp:term":[{"taxonomy":"product_cat","embeddable":true,"href":"https:\/\/www.guibutik.pt\/loja\/wp-json\/wp\/v2\/product_cat?post=29986"},{"taxonomy":"product_tag","embeddable":true,"href":"https:\/\/www.guibutik.pt\/loja\/wp-json\/wp\/v2\/product_tag?post=29986"}],"curies":[{"name":"wp","href":"https:\/\/api.w.org\/{rel}","templated":true}]}}