{"id":12568,"date":"2020-04-06T13:40:36","date_gmt":"2020-04-06T13:40:36","guid":{"rendered":"https:\/\/www.guibutik.pt\/loja\/?page_id=12568"},"modified":"2023-05-25T14:46:31","modified_gmt":"2023-05-25T13:46:31","slug":"termos-e-condicoes","status":"publish","type":"page","link":"https:\/\/www.guibutik.pt\/loja\/termos-e-condicoes\/","title":{"rendered":"Termos e Condi\u00e7\u00f5es"},"content":{"rendered":"\n<p>TERMOS E CONDI\u00c7\u00d5ES<\/p>\n\n\n\n<p>OBJETO, \u00c2MBITO E DEFINI\u00c7\u00d5ES<\/p>\n\n\n\n<p>As presentes condi\u00e7\u00f5es gerais regulam a venda, incluindo o registo, a encomenda e o acesso aos produtos&nbsp; oferecidos pela GUIBUTIK Unipessoal Lda com sede na Travessa do Zacarias n\u00ba2 3105-089 Guia, concelho de Pombal e distrito do Leiria, matriculada na Conservat\u00f3ria do Registo Comercial do Porto sob o n\u00famero \u00fanico de matr\u00edcula e NIPC 514324732, no s\u00edtio da internet <a href=\"https:\/\/www.guibutik.pt\/loja\">www.guibutik.pt<\/a>&nbsp; aplicam-se a todos os contratos de compra e venda de produtos celebrados entre a GUIBUTIK e qualquer utilizador que efetue encomendas atrav\u00e9s do referido s\u00edtio (site) da Internet.<\/p>\n\n\n\n<p>2. Para os efeitos das presentes condi\u00e7\u00f5es gerais entende-se por:<\/p>\n\n\n\n<p>2.1 &nbsp; \u201cGUIBUTIK\u201d &#8211; Os produtos comercializados pela GUIBUTIK, detentora de todos os direitos de autor ou direito conexos, bem como de outros direitos que possam estar sujeitos a prote\u00e7\u00e3o prevista no C\u00f3digo da Propriedade Industrial, sobre a p\u00e1gina\/s\u00edtio de Internet com o endere\u00e7o supra e fornecedora dos bens dispon\u00edveis para encomenda no mesmo s\u00edtio;<\/p>\n\n\n\n<p>2.2 &nbsp; \u201cUTILIZADOR\u201d &#8211; Toda a pessoa singular, n\u00e3o comerciante, que efetue uma encomenda atrav\u00e9s da p\u00e1gina\/s\u00edtio de Internet <a href=\"https:\/\/www.guibutik.pt\/loja\">www.guibutik.pt<\/a>;<\/p>\n\n\n\n<p>2.3 &nbsp; As presentes condi\u00e7\u00f5es gerais n\u00e3o afastam os direitos e garantias do Utilizador constantes da legisla\u00e7\u00e3o em vigor para os contratos desta natureza.<\/p>\n\n\n\n<p>ACEITA\u00c7\u00c3O<\/p>\n\n\n\n<p>A celebra\u00e7\u00e3o de contratos de compra e venda de produtos GUIBUTIK, pressup\u00f5e o conhecimento e aceita\u00e7\u00e3o das Condi\u00e7\u00f5es Gerais pelo Utilizador.<\/p>\n\n\n\n<p>Mediante a aceita\u00e7\u00e3o das Condi\u00e7\u00f5es Gerais, o Utilizador confirma ter lido as Condi\u00e7\u00f5es Gerais, ter capacidade jur\u00eddica para as aceitar e para celebrar o contrato de compra e venda de produtos Marques Soares.<\/p>\n\n\n\n<p>REGISTO<\/p>\n\n\n\n<p>Para realizar uma encomenda, o Utilizador ter\u00e1 que previamente registar-se, mediante o preenchimento dos campos constantes do formul\u00e1rio existente no s\u00edtio <a href=\"https:\/\/www.guibutik.pt\/loja\">www.guibutik.pt<\/a><\/p>\n\n\n\n<p>Ap\u00f3s efetuar o registo como cliente, o Utilizador pode aceder \u00e0 sua conta pessoal online, fazendo login, ap\u00f3s, a introdu\u00e7\u00e3o de uma palavra-chave pessoal e intransmiss\u00edvel, por si escolhida, no momento da realiza\u00e7\u00e3o do seu registo.<\/p>\n\n\n\n<p>A partir do momento em que aceder \u00e0 sua conta pessoal online, o Utilizador encontra-se submetido \u00e0s presentes condi\u00e7\u00f5es gerais, bem como \u00e0s normas legais e regulamentares que disciplinam o respetivo funcionamento e utiliza\u00e7\u00e3o.<\/p>\n\n\n\n<p>ENCOMENDA<\/p>\n\n\n\n<p>O Utilizador poder\u00e1 efectuar a sua encomenda on-line, no s\u00edtio da internet <a href=\"https:\/\/www.guibutik.pt\/loja\">www.guibutik.pt<\/a><\/p>\n\n\n\n<p>O Utilizador poder\u00e1 proceder \u00e0 sua encomenda, nas modalidades de utilizador registado ou de utilizador n\u00e3o registado.<\/p>\n\n\n\n<p>Para finalizar a sua encomenda, como Utilizador registado, o Utilizador dever\u00e1 facultar os dados pessoais, tais como o seu nome, morada, etc. Para isso, o Utilizador dever\u00e1 preencher todos os campos obrigat\u00f3rios no momento de identifica\u00e7\u00e3o.<\/p>\n\n\n\n<p>No caso de utilizador n\u00e3o registado, dever\u00e1 este em qualquer caso, facultar um endere\u00e7o de e-mail, ou os dados relativos a outra forma de contacto, que sejam corretos e completos, aceitando expressamente que a GUIBUTIK o possa contactar usando esses dados, caso julgue necess\u00e1rio, designadamente, para lhe enviar confirma\u00e7\u00e3o da encomenda e um link para a consultar.<\/p>\n\n\n\n<p>Em qualquer das modalidades de encomenda, ao efetuar o seu pedidoo Utilizador manifesta a sua aceita\u00e7\u00e3o, plena e completa, das condi\u00e7\u00f5es gerais de venda, dos pre\u00e7os e da descri\u00e7\u00e3o dos produtos contemplados nesta transa\u00e7\u00e3o, as quais ser\u00e3o as \u00fanicas aplic\u00e1veis entre as duas partes.<\/p>\n\n\n\n<p>Qualquer lit\u00edgio sobre este \u00faltimo ponto ser\u00e1 resolvido atrav\u00e9s de uma troca de informa\u00e7\u00f5es e com as garantias abaixo mencionadas.<\/p>\n\n\n\n<p>Na falta de disponibilidade do produto a GUIBUTIK compromete-se a informar o Utilizador e a reembols\u00e1-lo dos montantes que eventualmente tenha pago no prazo m\u00e1ximo de (15) dias a contar da data do conhecimento dessa indisponibilidade.<\/p>\n\n\n\n<p>Todas as encomendas estar\u00e3o sujeitas a uma aceita\u00e7\u00e3o pr\u00e9via. A n\u00e3o aceita\u00e7\u00e3o do seu pedido pode ser devido a um ou mais dos seguintes motivos:<\/p>\n\n\n\n<p>\u2013 O produto que encomendou est\u00e1 esgotado;<\/p>\n\n\n\n<p>&#8211; O plafond de compras foi excedido;<\/p>\n\n\n\n<p>\u2013 Falha na valida\u00e7\u00e3o dos dados pessoais do utilizador;<\/p>\n\n\n\n<p>\u2013 Dificuldade na legibilidade do pedido.<\/p>\n\n\n\n<p>PEDIDO DE CANCELAMENTO DE ENCOMENDAS<\/p>\n\n\n\n<p>Se, por algum motivo, desejar cancelar uma encomenda antes do momento da expedi\u00e7\u00e3o, por favor contacte o Apoio ao Cliente pelo telefone 236950103 <span style=\"font-size: 10px;\"> (Chamada para a rede fixa nacional)<\/span> das 10h \u00e0s 19h de segunda-feira a s\u00e1bado ou por e-mail info.guibutik@gmail.com<\/p>\n\n\n\n<p>QUEST\u00d5ES T\u00c9CNICAS<\/p>\n\n\n\n<p>Concentramos todos os esfor\u00e7os para que as fotografias do produto sejam o mais fi\u00e9is poss\u00edvel ao produto real. Em alguns casos os produtos s\u00e3o exibidos em diferentes perspetivas e ter\u00e1 a possibilidade de ampliar a imagem. Apesar dos esfor\u00e7os efetuados para conseguirmos esta aproxima\u00e7\u00e3o ao produto real, dever\u00e1 considerar a hip\u00f3tese da exist\u00eancia de diferen\u00e7as de cor, apar\u00eancia ou tamanho\/forma, que poder\u00e3o dever-se ao monitor ou ao browser de internet utilizados pelo utilizador. Deste modo, aconselhamos a consulta cuidadosa e detalhada do produto e das suas respetivas caracter\u00edsticas com a finalidade de se certificar das mesmas no momento da compra.<\/p>\n\n\n\n<p>A loja online GUIBUTIK est\u00e1 otimizada para ser visualizada em v\u00e1rios navegadores da internet: Microsoft Internet Explorer, Microsoft Edge, Mozilla Firefox, Google Chrome, Safari, Opera. Est\u00e1 ainda otimizada para visualiza\u00e7\u00e3o em dispositivos m\u00f3veis.<\/p>\n\n\n\n<p>A GUIBUTIK n\u00e3o garante stock de encomendas que tenham sido originadas por cortes de rede, avarias t\u00e9cnicas ou erros inform\u00e1ticos.<\/p>\n\n\n\n<p>ENTREGAS<\/p>\n\n\n\n<p>Portugal Continental<\/p>\n\n\n\n<p>Portes de envio gratuitos para compras superiores a 50\u20ac, e 4.99\u20ac para compras inferiores a 50\u20ac<\/p>\n\n\n\n<p>Tempo de entrega:&nbsp; 2 a 5 dias \u00fateis&nbsp;<\/p>\n\n\n\n<p>Portugal Ilhas (Madeira e A\u00e7ores)<\/p>\n\n\n\n<p>Envios para&nbsp;Ilhas (Madeira e A\u00e7ores)&nbsp;e resto dos pa\u00edses do mundo, custos de envios ser\u00e3o calculados atrav\u00e9s do c\u00f3digo postal e enviados posteriormente.<\/p>\n\n\n\n<p>DEVOLU\u00c7\u00d5ES\/TROCAS<\/p>\n\n\n\n<p>As despesas relacionadas com as devolu\u00e7\u00f5es s\u00e3o a cargo do cliente.<\/p>\n\n\n\n<p>Em caso de insatisfa\u00e7\u00e3o, reembolsamos ou procedemos \u00e0 devolu\u00e7\u00e3o e troca de qualquer produto dentro do prazo estabelecido para o efeito (15 dias).<\/p>\n\n\n\n<p>PAGAMENTO<\/p>\n\n\n\n<p>A GUIBUTIK disp\u00f5e de v\u00e1rios m\u00e9todos de pagamento:<\/p>\n\n\n\n<p>&#8211; Cart\u00e3o de Cr\u00e9dito (Visa\/Mastercard)<\/p>\n\n\n\n<p>Os dados da encomenda e do seu cart\u00e3o ser\u00e3o enviados, devidamente encriptados, para a entidade banc\u00e1ria na data da sua encomenda. Ap\u00f3s valida\u00e7\u00e3o e comunica\u00e7\u00e3o do seu banco, a encomenda ser\u00e1 processada. Em caso de recusa, a sua encomenda ser\u00e1 anulada.<\/p>\n\n\n\n<p>&#8211; Multibanco<\/p>\n\n\n\n<p>Se optar por este m\u00e9todo de pagamento, receber\u00e1 um e-mail com os dados para efetuar o pagamento numa caixa Multibanco ou servi\u00e7o de Homebanking na internet. As encomendas Multibanco s\u00f3 ser\u00e3o tratadas ap\u00f3s confirma\u00e7\u00e3o de pagamento. Sugerimos que, caso queira reservar stock para a sua encomenda, efetue o pagamento logo que poss\u00edvel, caso contr\u00e1rio n\u00e3o alocaremos stock \u00e0 sua encomenda.<\/p>\n\n\n\n<p>&#8211; MBWay<\/p>\n\n\n\n<p>Com o MB WAY pode efetuar o pagamento da sua encomenda de forma r\u00e1pida e c\u00f3moda atrav\u00e9s do seu smartphone, bastando para isso ter uma conta MB WAY. As encomendas MB WAY s\u00f3 ser\u00e3o tratadas ap\u00f3s confirma\u00e7\u00e3o do pagamento. Para mais informa\u00e7\u00f5es ou para saber como criar uma conta, consulte esta p\u00e1gina: <a href=\"https:\/\/www.mbway.pt\">https:\/\/www.mbway.pt<\/a><\/p>\n\n\n\n<p>PRE\u00c7OS<\/p>\n\n\n\n<p>Os pre\u00e7os devem entender-se em euros, com taxas e impostos inclu\u00eddos. Os pre\u00e7os apresentados t\u00eam em conta o IVA aplic\u00e1vel \u00e0 data da fatura. Qualquer modifica\u00e7\u00e3o do tipo de IVA aplic\u00e1vel ser\u00e1 refletida nos pre\u00e7os dos produtos. Ap\u00f3s esta data os pre\u00e7os poder\u00e3o ser modificados a qualquer momento.<\/p>\n\n\n\n<p>Os pre\u00e7os e especifica\u00e7\u00f5es est\u00e3o sujeitos a altera\u00e7\u00e3o sem aviso pr\u00e9vio. No tratamento da sua encomenda todo e qualquer erro de pre\u00e7os que eventualmente possa estar a ser apresentado no website devido a anomalias t\u00e9cnicas ser\u00e1 detetado no momento de fatura\u00e7\u00e3o. Nesta situa\u00e7\u00e3o o cliente ser\u00e1 contactado. Se o pre\u00e7o do produto apresentado no website for, na realidade mais baixo, a diferen\u00e7a \u00e9 devolvida. Se o pre\u00e7o for superior o cliente ser\u00e1 contactado e poder\u00e1 aceitar ou cancelar a encomenda.<\/p>\n\n\n\n<p>DISPONIBILIDADE DE PRODUTO<\/p>\n\n\n\n<p>As mercadorias s\u00e3o sujeitas a verifica\u00e7\u00e3o disponibilidade.<\/p>\n\n\n\n<p>Dado que existe um tempo entre o momento em que o seu pedido \u00e9 feito, e a encomenda \u00e9 aceite, alertamos que a disponibilidade do produto pode alterar.<\/p>\n\n\n\n<p>Se, devido a circunst\u00e2ncias imprevistas \u00e9 necess\u00e1rio substituir um produto, ser\u00e1 contactado com uma sugest\u00e3o de valor igual ou equiparado ao substitu\u00eddo, no caso de aceitar a sugest\u00e3o expediremos o produto.<\/p>\n\n\n\n<p>CONDI\u00c7\u00d5ES DE DEVOLU\u00c7\u00c3O<\/p>\n\n\n\n<p>O cliente beneficia de um prazo de 15(quinze) dias, a contar da data da rece\u00e7\u00e3o dos artigos para experimentar os seus artigos e se algum n\u00e3o lhe agradar, ou se n\u00e3o estiver conforme o que visualizou no website, pode devolver e receber o seu reembolso por transfer\u00eancia banc\u00e1ria ou cheque. A troca de artigos \u00e9 apenas poss\u00edvel caso o cliente pretenda outro tamanho e\/ou cor dos mesmos artigos que pretende trocar, ou se os artigos em quest\u00e3o apresentarem algum defeito ou n\u00e3o estiverem em conformidade. Todos os artigos podem ser devolvidos, existem, no entanto, algumas exce\u00e7\u00f5es:<\/p>\n\n\n\n<p>\u2022 Roupa interior e &#8220;acess\u00f3rios \u00edntimos&#8221; n\u00e3o s\u00e3o eleg\u00edveis para troca ou devolu\u00e7\u00e3o.<\/p>\n\n\n\n<p>\u2022 Os acess\u00f3rios devem ser devolvidos na sua embalagem original completa.<\/p>\n\n\n\n<p>No caso de devolver a totalidade dos artigos, caso a mesma contenha uma oferta, este dever\u00e1 ser igualmente devolvido.<\/p>\n\n\n\n<p>No caso de um pedido de reembolso de um artigo comprado com pre\u00e7o reduzido, devido a uma oferta especial, a GUIBUTIK reembolsar\u00e1 o valor efetivamente pago pelo utilizador.<\/p>\n\n\n\n<p>A devolu\u00e7\u00e3o de artigos poder\u00e1 ser efetuada de forma gratuita, atrav\u00e9s da loja f\u00edsica, em embalagem devidamente fechada (utilizando a embalagem original), contendo no interior o tal\u00e3o de devolu\u00e7\u00e3o devidamente preenchido. Poder\u00e1 tamb\u00e9m optar por efetuar a sua devolu\u00e7\u00e3o atrav\u00e9s de via postal para a morada que consta na guia de devolu\u00e7\u00e3o.&nbsp;<\/p>\n\n\n\n<p>PROVA<\/p>\n\n\n\n<p>Os registos informatizados, conservados nos sistemas inform\u00e1ticos da sociedade GUIBUTIK em condi\u00e7\u00f5es de seguran\u00e7a consideram-se como uma prova das comunica\u00e7\u00f5es, das encomendas e dos pagamentos produzidos entre as partes.<\/p>\n\n\n\n<p>CONSERVA\u00c7\u00c3O E ARQUIVO DAS TRANSA\u00c7\u00d5ES<\/p>\n\n\n\n<p>O arquivo das encomendas e das faturas ser\u00e1 efetuado num suporte fi\u00e1vel e seguro pelo per\u00edodo necess\u00e1rio \u00e0 sua finalidade.<\/p>\n\n\n\n<p>LEI APLIC\u00c1VEL E COMPET\u00caNCIA<\/p>\n\n\n\n<p>\u00c0s condi\u00e7\u00f5es de venda apresentadas \u00e9 aplic\u00e1vel a lei portuguesa.<\/p>\n\n\n\n<p>Para a resolu\u00e7\u00e3o de qualquer lit\u00edgio existe sempre a possibilidade de recorrer a uma entidade de arbitragem.<\/p>\n","protected":false},"excerpt":{"rendered":"<p>TERMOS E CONDI\u00c7\u00d5ES OBJETO, \u00c2MBITO E DEFINI\u00c7\u00d5ES As presentes condi\u00e7\u00f5es gerais regulam a venda, incluindo o registo, a encomenda e o acesso aos produtos&nbsp; oferecidos pela GUIBUTIK Unipessoal Lda com sede na Travessa do Zacarias n\u00ba2 3105-089 Guia, concelho de Pombal e distrito do Leiria, matriculada na Conservat\u00f3ria do Registo Comercial do Porto sob o [&hellip;]<\/p>\n","protected":false},"author":2,"featured_media":0,"parent":0,"menu_order":0,"comment_status":"closed","ping_status":"closed","template":"","meta":{"footnotes":""},"class_list":["post-12568","page","type-page","status-publish","hentry"],"yoast_head":"<!-- This site is optimized with the Yoast SEO plugin v27.6 - https:\/\/yoast.com\/product\/yoast-seo-wordpress\/ -->\n<title>Termos e Condi\u00e7\u00f5es - Guibutik<\/title>\n<meta name=\"robots\" content=\"index, follow, max-snippet:-1, max-image-preview:large, max-video-preview:-1\" \/>\n<link rel=\"canonical\" href=\"https:\/\/www.guibutik.pt\/loja\/termos-e-condicoes\/\" \/>\n<meta property=\"og:locale\" content=\"pt_PT\" \/>\n<meta property=\"og:type\" content=\"article\" \/>\n<meta property=\"og:title\" content=\"Termos e Condi\u00e7\u00f5es - Guibutik\" \/>\n<meta property=\"og:description\" content=\"TERMOS E CONDI\u00c7\u00d5ES OBJETO, \u00c2MBITO E DEFINI\u00c7\u00d5ES As presentes condi\u00e7\u00f5es gerais regulam a venda, incluindo o registo, a encomenda e o acesso aos produtos&nbsp; oferecidos pela GUIBUTIK Unipessoal Lda com sede na Travessa do Zacarias n\u00ba2 3105-089 Guia, concelho de Pombal e distrito do Leiria, matriculada na Conservat\u00f3ria do Registo Comercial do Porto sob o [&hellip;]\" \/>\n<meta property=\"og:url\" content=\"https:\/\/www.guibutik.pt\/loja\/termos-e-condicoes\/\" \/>\n<meta property=\"og:site_name\" content=\"Guibutik\" \/>\n<meta property=\"article:publisher\" content=\"https:\/\/www.facebook.com\/guibutik\/\" \/>\n<meta property=\"article:modified_time\" content=\"2023-05-25T13:46:31+00:00\" \/>\n<meta name=\"twitter:card\" content=\"summary_large_image\" \/>\n<meta name=\"twitter:label1\" content=\"Tempo estimado de leitura\" \/>\n\t<meta name=\"twitter:data1\" content=\"9 minutos\" \/>\n<script type=\"application\/ld+json\" class=\"yoast-schema-graph\">{\"@context\":\"https:\\\/\\\/schema.org\",\"@graph\":[{\"@type\":\"WebPage\",\"@id\":\"https:\\\/\\\/www.guibutik.pt\\\/loja\\\/termos-e-condicoes\\\/\",\"url\":\"https:\\\/\\\/www.guibutik.pt\\\/loja\\\/termos-e-condicoes\\\/\",\"name\":\"Termos e Condi\u00e7\u00f5es - Guibutik\",\"isPartOf\":{\"@id\":\"https:\\\/\\\/www.guibutik.pt\\\/loja\\\/#website\"},\"datePublished\":\"2020-04-06T13:40:36+00:00\",\"dateModified\":\"2023-05-25T13:46:31+00:00\",\"breadcrumb\":{\"@id\":\"https:\\\/\\\/www.guibutik.pt\\\/loja\\\/termos-e-condicoes\\\/#breadcrumb\"},\"inLanguage\":\"pt-PT\",\"potentialAction\":[{\"@type\":\"ReadAction\",\"target\":[\"https:\\\/\\\/www.guibutik.pt\\\/loja\\\/termos-e-condicoes\\\/\"]}]},{\"@type\":\"BreadcrumbList\",\"@id\":\"https:\\\/\\\/www.guibutik.pt\\\/loja\\\/termos-e-condicoes\\\/#breadcrumb\",\"itemListElement\":[{\"@type\":\"ListItem\",\"position\":1,\"name\":\"In\u00edcio\",\"item\":\"https:\\\/\\\/www.guibutik.pt\\\/loja\\\/\"},{\"@type\":\"ListItem\",\"position\":2,\"name\":\"Termos e Condi\u00e7\u00f5es\"}]},{\"@type\":\"WebSite\",\"@id\":\"https:\\\/\\\/www.guibutik.pt\\\/loja\\\/#website\",\"url\":\"https:\\\/\\\/www.guibutik.pt\\\/loja\\\/\",\"name\":\"Guibutik\",\"description\":\"Moda e Sapataria\",\"potentialAction\":[{\"@type\":\"SearchAction\",\"target\":{\"@type\":\"EntryPoint\",\"urlTemplate\":\"https:\\\/\\\/www.guibutik.pt\\\/loja\\\/?s={search_term_string}\"},\"query-input\":{\"@type\":\"PropertyValueSpecification\",\"valueRequired\":true,\"valueName\":\"search_term_string\"}}],\"inLanguage\":\"pt-PT\"}]}<\/script>\n<!-- \/ Yoast SEO plugin. -->","yoast_head_json":{"title":"Termos e Condi\u00e7\u00f5es - Guibutik","robots":{"index":"index","follow":"follow","max-snippet":"max-snippet:-1","max-image-preview":"max-image-preview:large","max-video-preview":"max-video-preview:-1"},"canonical":"https:\/\/www.guibutik.pt\/loja\/termos-e-condicoes\/","og_locale":"pt_PT","og_type":"article","og_title":"Termos e Condi\u00e7\u00f5es - Guibutik","og_description":"TERMOS E CONDI\u00c7\u00d5ES OBJETO, \u00c2MBITO E DEFINI\u00c7\u00d5ES As presentes condi\u00e7\u00f5es gerais regulam a venda, incluindo o registo, a encomenda e o acesso aos produtos&nbsp; oferecidos pela GUIBUTIK Unipessoal Lda com sede na Travessa do Zacarias n\u00ba2 3105-089 Guia, concelho de Pombal e distrito do Leiria, matriculada na Conservat\u00f3ria do Registo Comercial do Porto sob o [&hellip;]","og_url":"https:\/\/www.guibutik.pt\/loja\/termos-e-condicoes\/","og_site_name":"Guibutik","article_publisher":"https:\/\/www.facebook.com\/guibutik\/","article_modified_time":"2023-05-25T13:46:31+00:00","twitter_card":"summary_large_image","twitter_misc":{"Tempo estimado de leitura":"9 minutos"},"schema":{"@context":"https:\/\/schema.org","@graph":[{"@type":"WebPage","@id":"https:\/\/www.guibutik.pt\/loja\/termos-e-condicoes\/","url":"https:\/\/www.guibutik.pt\/loja\/termos-e-condicoes\/","name":"Termos e Condi\u00e7\u00f5es - Guibutik","isPartOf":{"@id":"https:\/\/www.guibutik.pt\/loja\/#website"},"datePublished":"2020-04-06T13:40:36+00:00","dateModified":"2023-05-25T13:46:31+00:00","breadcrumb":{"@id":"https:\/\/www.guibutik.pt\/loja\/termos-e-condicoes\/#breadcrumb"},"inLanguage":"pt-PT","potentialAction":[{"@type":"ReadAction","target":["https:\/\/www.guibutik.pt\/loja\/termos-e-condicoes\/"]}]},{"@type":"BreadcrumbList","@id":"https:\/\/www.guibutik.pt\/loja\/termos-e-condicoes\/#breadcrumb","itemListElement":[{"@type":"ListItem","position":1,"name":"In\u00edcio","item":"https:\/\/www.guibutik.pt\/loja\/"},{"@type":"ListItem","position":2,"name":"Termos e Condi\u00e7\u00f5es"}]},{"@type":"WebSite","@id":"https:\/\/www.guibutik.pt\/loja\/#website","url":"https:\/\/www.guibutik.pt\/loja\/","name":"Guibutik","description":"Moda e Sapataria","potentialAction":[{"@type":"SearchAction","target":{"@type":"EntryPoint","urlTemplate":"https:\/\/www.guibutik.pt\/loja\/?s={search_term_string}"},"query-input":{"@type":"PropertyValueSpecification","valueRequired":true,"valueName":"search_term_string"}}],"inLanguage":"pt-PT"}]}},"_links":{"self":[{"href":"https:\/\/www.guibutik.pt\/loja\/wp-json\/wp\/v2\/pages\/12568","targetHints":{"allow":["GET"]}}],"collection":[{"href":"https:\/\/www.guibutik.pt\/loja\/wp-json\/wp\/v2\/pages"}],"about":[{"href":"https:\/\/www.guibutik.pt\/loja\/wp-json\/wp\/v2\/types\/page"}],"author":[{"embeddable":true,"href":"https:\/\/www.guibutik.pt\/loja\/wp-json\/wp\/v2\/users\/2"}],"replies":[{"embeddable":true,"href":"https:\/\/www.guibutik.pt\/loja\/wp-json\/wp\/v2\/comments?post=12568"}],"version-history":[{"count":6,"href":"https:\/\/www.guibutik.pt\/loja\/wp-json\/wp\/v2\/pages\/12568\/revisions"}],"predecessor-version":[{"id":46821,"href":"https:\/\/www.guibutik.pt\/loja\/wp-json\/wp\/v2\/pages\/12568\/revisions\/46821"}],"wp:attachment":[{"href":"https:\/\/www.guibutik.pt\/loja\/wp-json\/wp\/v2\/media?parent=12568"}],"curies":[{"name":"wp","href":"https:\/\/api.w.org\/{rel}","templated":true}]}}